000
CXUS55 KRIW 011010
CF6JAC
PRELIMINARY LOCAL CLIMATOLOGICAL DATA (WS FORM: F-6)
STATION: JACKSON WY
MONTH: AUGUST
YEAR: 2023
LATITUDE: 43 35 N
LONGITUDE: 110 44 W
TEMPERATURE IN F: :PCPN: SNOW: WIND :SUNSHINE: SKY :PK WND
================================================================================
1 2 3 4 5 6A 6B 7 8 9 10 11 12 13 14 15 16 17 18
12Z AVG MX 2MIN
DY MAX MIN AVG DEP HDD CDD WTR SNW DPTH SPD SPD DIR MIN PSBL S-S WX SPD DR
================================================================================
1 84 46 65 2 0 0 0.00 M M 4.2 8 310 M M 0 1 M M
2 65 56 61 -2 4 0 T M M 6.5 13 30 M M 8 M M
3 68 54 61 -2 4 0 M M M 3.8 15 230 M M 10 13 M M
4 58 53 56 -6 9 0 0.32 M M 4.7 15 10 M M 10 1 M M
5 72 48 60 -2 5 0 M M M 4.6 22 280 M M 5 12 32 280
6 69 43 56 -6 9 0 M M M 5.7 22 300 M M 3 38 31 290
7 64 39 52 -10 13 0 M M M 3.1 10 30 M M 6 123 M M
8 63 44 54 -8 11 0 M M M 6.6 13 180 M M 6 M M
9 73 39 56 -6 9 0 M M M 4.2 14 210 M M 2 20 200
10 78 49 64 2 1 0 M M M 8.1 21 240 M M 4 36 200
11 79 42 61 -1 4 0 0.00 M M 6.2 12 250 M M 0 22 230
12 79 41 60 -1 5 0 0.00 M M 6.7 18 250 M M 0 25 250
13 77 43 60 -1 5 0 0.00 M M 7.8 15 10 M M 0 8 M M
14 80 43 62 1 3 0 0.00 M M 5.6 12 360 M M 0 M M
15 86 44 65 4 0 0 0.00 M M 4.4 10 10 M M 0 M M
16 87 45 66 5 0 1 0.00 M M 4.1 12 290 M M 0 M M
17 89 46 68 8 0 3 T M M 5.3 24 290 M M 1 33 280
18 66 57 62 2 3 0 T M M 9.0 25 200 M M 3 35 200
19 76 54 65 5 0 0 T M M 3.8 9 190 M M 5 M M
20 61 49 55 -5 10 0 M M M 3.3 7 30 M M 8 12 M M
21 78 53 66 6 0 1 T M M 3.6 12 230 M M 8 13 30 230
22 73 49 61 2 4 0 M M M 6.0 17 250 M M 4 17 190
23 77 46 62 3 3 0 0.00 M M 7.5 21 190 M M 3 1 28 190
24 79 41 60 1 5 0 0.00 M M 3.8 9 190 M M 2 M M
25 65 57 61 3 4 0 T M M 5.3 16 100 M M 5 M M
26 76 46 61 3 4 0 M M M 4.6 13 230 M M 2 3 30 99
27 73 45 59 1 6 0 T M M 5.9 24 20 M M 2 3 38 20
28 80 41 61 3 4 0 0.00 M M 3.2 8 130 M M 2 M M
29 83 39 61 4 4 0 0.00 M M 5.9 17 230 M M 2 29 190
30 72 47 60 3 5 0 0.00 M M 14.4 24 200 M M 0 33 240
31 78 33 56 -1 9 0 T M M 7.4 17 210 M M 0 22 210
================================================================================
SM 2308 1432 143 5 0.32 M 175.3 M 101
================================================================================
AV 74.5 46.2 5.7 FASTST M M 3 MAX(MPH)
MISC ----> 25 200 38 20
================================================================================
NOTES:
# LAST OF SEVERAL OCCURRENCES
COLUMN 17 PEAK WIND IN M.P.H.
PRELIMINARY LOCAL CLIMATOLOGICAL DATA (WS FORM: F-6) , PAGE 2
STATION: JACKSON WY
MONTH: AUGUST
YEAR: 2023
LATITUDE: 43 35 N
LONGITUDE: 110 44 W
[TEMPERATURE DATA] [PRECIPITATION DATA] SYMBOLS USED IN COLUMN 16
AVERAGE MONTHLY: 60.3 TOTAL FOR MONTH: 0.32 1 = FOG OR MIST
DPTR FM NORMAL: 0.0 DPTR FM NORMAL: -0.97 2 = FOG REDUCING VISIBILITY
HIGHEST: 89 ON 17 GRTST 24HR 0.33 ON 4- 5 TO 1/4 MILE OR LESS
LOWEST: 33 ON 31 3 = THUNDER
SNOW, ICE PELLETS, HAIL 4 = ICE PELLETS
TOTAL MONTH: M 5 = HAIL
GRTST 24HR M ON M 6 = FREEZING RAIN OR DRIZZLE
GRTST DEPTH: M ON M 7 = DUSTSTORM OR SANDSTORM:
VSBY 1/2 MILE OR LESS
8 = SMOKE OR HAZE
[NO. OF DAYS WITH] [WEATHER - DAYS WITH] 9 = BLOWING SNOW
X = TORNADO
MAX 32 OR BELOW: 0 0.01 INCH OR MORE: 1
MAX 90 OR ABOVE: 0 0.10 INCH OR MORE: 1
MIN 32 OR BELOW: 0 0.50 INCH OR MORE: 0
MIN 0 OR BELOW: 0 1.00 INCH OR MORE: 0
[HDD (BASE 65) ]
TOTAL THIS MO. 143 CLEAR (SCALE 0-3) 18
DPTR FM NORMAL -16 PTCLDY (SCALE 4-7) 9
TOTAL FM JUL 1 205 CLOUDY (SCALE 8-10) 4
DPTR FM NORMAL -78
[CDD (BASE 65) ]
TOTAL THIS MO. 5
DPTR FM NORMAL -9 [PRESSURE DATA]
TOTAL FM JAN 1 23 HIGHEST SLP 30.35 ON 28
DPTR FM NORMAL -20 LOWEST SLP 29.88 ON 29
[REMARKS]
#FINAL-08-23#