000
CXUS52 KJAX 011502
CF6JAX
PRELIMINARY LOCAL CLIMATOLOGICAL DATA (WS FORM: F-6)
STATION: JACKSONVILLE
MONTH: JUNE
YEAR: 2022
LATITUDE: 30 30 N
LONGITUDE: 81 42 W
TEMPERATURE IN F: :PCPN: SNOW: WIND :SUNSHINE: SKY :PK WND
================================================================================
1 2 3 4 5 6A 6B 7 8 9 10 11 12 13 14 15 16 17 18
12Z AVG MX 2MIN
DY MAX MIN AVG DEP HDD CDD WTR SNW DPTH SPD SPD DIR MIN PSBL S-S WX SPD DR
================================================================================
1 87 66 77 -1 0 12 0.00 0.0 0 5.0 15 80 M M 3 20 80
2 92 64 78 0 0 13 0.00 0.0 0 4.7 14 120 M M 2 1 19 130
3 92 68 80 1 0 15 0.00 0.0 0 6.6 18 130 M M 3 23 140
4 87 68 78 -1 0 13 0.00 0.0 0 7.3 20 60 M M 4 27 60
5 86 70 78 -1 0 13 0.37 0.0 0 7.8 17 90 M M 7 13 22 60
6 86 70 78 -1 0 13 0.16 0.0 0 5.0 18 60 M M 8 13 22 60
7 91 68 80 1 0 15 0.00 0.0 0 4.0 14 70 M M 5 1 18 70
8 94 71 83 4 0 18 T 0.0 0 5.5 18 170 M M 5 3 23 180
9 94 73 84 4 0 19 0.08 0.0 0 9.0 30 290 M M 7 13 45 300
10 93 71 82 2 0 17 0.00 0.0 0 6.4 16 140 M M 7 21 150
11 88 72 80 0 0 15 0.37 0.0 0 7.7 26 250 M M 8 13 36 210
12 89 70 80 0 0 15 T 0.0 0 8.2 20 200 M M 5 3 26 200
13 93 75 84 4 0 19 0.01 0.0 0 6.4 14 260 M M 6 13 20 150
14 96 74 85 5 0 20 0.00 0.0 0 6.5 26 30 M M 6 3 36 30
15 94 72 83 3 0 18 0.00 0.0 0 4.2 13 60 M M 6 12 17 80
16 91 74 83 2 0 18 0.00 0.0 0 7.4 20 70 M M 5 25 100
17 94 71 83 2 0 18 0.00 0.0 0 4.4 16 360 M M 6 27 10
18 94 71 83 2 0 18 0.18 0.0 0 5.1 16 350 M M 7 13 25 340
19 90 75 83 2 0 18 0.00 0.0 0 10.1 22 60 M M 6 3 31 70
20 86 68 77 -4 0 12 0.00 0.0 0 7.8 18 70 M M 5 25 70
21 90 63 77 -4 0 12 0.00 0.0 0 4.7 13 120 M M 6 16 130
22 93 69 81 0 0 16 0.00 0.0 0 5.2 14 110 M M 6 19 70
23 100 74 87 6 0 22 0.00 0.0 0 8.6 17 270 M M 5 28 270
24 90 74 82 1 0 17 0.00 0.0 0 7.4 23 60 M M 6 3 31 60
25 89 75 82 1 0 17 0.00 0.0 0 9.1 20 70 M M 7 25 60
26 88 68 78 -4 0 13 0.00 0.0 0 7.6 20 70 M M 4 29 70
27 89 65 77 -5 0 12 0.00 0.0 0 4.4 15 120 M M 6 22 100
28 91 71 81 -1 0 16 T 0.0 0 6.0 16 130 M M 6 3 25 110
29 92 73 83 1 0 18 T 0.0 0 6.3 17 130 M M 7 3 25 120
30 90 71 81 -1 0 16 T 0.0 0 6.6 22 60 M M 6 1 26 70
================================================================================
SM 2729 2114 0 478 1.17 0.0 195.0 M 170
================================================================================
AV 91.0 70.5 6.5 FASTST M M 6 MAX(MPH)
MISC ----> 30 290 45 300
================================================================================
NOTES:
# LAST OF SEVERAL OCCURRENCES
COLUMN 17 PEAK WIND IN M.P.H.
PRELIMINARY LOCAL CLIMATOLOGICAL DATA (WS FORM: F-6) , PAGE 2
STATION: JACKSONVILLE
MONTH: JUNE
YEAR: 2022
LATITUDE: 30 30 N
LONGITUDE: 81 42 W
[TEMPERATURE DATA] [PRECIPITATION DATA] SYMBOLS USED IN COLUMN 16
AVERAGE MONTHLY: 80.7 TOTAL FOR MONTH: 1.17 1 = FOG OR MIST
DPTR FM NORMAL: 0.4 DPTR FM NORMAL: -6.43 2 = FOG REDUCING VISIBILITY
HIGHEST: 100 ON 23 GRTST 24HR 0.37 ON 11-11 TO 1/4 MILE OR LESS
LOWEST: 63 ON 21 3 = THUNDER
SNOW, ICE PELLETS, HAIL 4 = ICE PELLETS
TOTAL MONTH: 0.0 INCH 5 = HAIL
GRTST 24HR 0.0 6 = FREEZING RAIN OR DRIZZLE
GRTST DEPTH: 0 7 = DUSTSTORM OR SANDSTORM:
VSBY 1/2 MILE OR LESS
8 = SMOKE OR HAZE
[NO. OF DAYS WITH] [WEATHER - DAYS WITH] 9 = BLOWING SNOW
X = TORNADO
MAX 32 OR BELOW: 0 0.01 INCH OR MORE: 6
MAX 90 OR ABOVE: 20 0.10 INCH OR MORE: 4
MIN 32 OR BELOW: 0 0.50 INCH OR MORE: 0
MIN 0 OR BELOW: 0 1.00 INCH OR MORE: 0
[HDD (BASE 65) ]
TOTAL THIS MO. 0 CLEAR (SCALE 0-3) 2
DPTR FM NORMAL 0 PTCLDY (SCALE 4-7) 28
TOTAL FM JUL 1 1069 CLOUDY (SCALE 8-10) 0
DPTR FM NORMAL -159
[CDD (BASE 65) ]
TOTAL THIS MO. 478
DPTR FM NORMAL 19 [PRESSURE DATA]
TOTAL FM JAN 1 1088 HIGHEST SLP 30.22 ON 21
DPTR FM NORMAL 79 LOWEST SLP 29.71 ON 5
[REMARKS]
#FINAL-06-22#