000
CXUS53 KLSX 011500
CF6JEF
PRELIMINARY LOCAL CLIMATOLOGICAL DATA (WS FORM: F-6)
STATION: JEFFERSON CITY
MONTH: NOVEMBER
YEAR: 2020
LATITUDE: 38 35 N
LONGITUDE: 92 10 W
TEMPERATURE IN F: :PCPN: SNOW: WIND :SUNSHINE: SKY :PK WND
================================================================================
1 2 3 4 5 6A 6B 7 8 9 10 11 12 13 14 15 16 17 18
12Z AVG MX 2MIN
DY MAX MIN AVG DEP HDD CDD WTR SNW DPTH SPD SPD DIR MIN PSBL S-S WX SPD DR
================================================================================
1 53 29 41 -11 24 0 0.00 0.0 0 7.9 20 310 M M 0 8 28 320
2 64 26 45 -7 20 0 0.00 0.0 0 3.7 15 210 M M 0 21 220
3 78 35 57 6 8 0 0.00 0.0 0 2.9 13 210 M M 0 8 16 180
4 79 44 62 11 3 0 0.00 0.0 0 6.8 18 240 M M 0 8 26 240
5 78 49 64 14 1 0 0.00 0.0 0 3.4 10 210 M M 0 8 15 270
6 77 45 61 11 4 0 0.00 0.0 0 4.7 13 170 M M 0 8 17 170
7 76 42 59 9 6 0 0.00 0.0 0 6.8 16 180 M M 2 1 23 200
8 78 55 67 18 0 2 0.00 0.0 0 9.2 20 170 M M 3 30 160
9 75 63 69 20 0 4 0.00 0.0 0 9.7 22 170 M M 6 32 150
10 79 39 59 11 6 0 0.55 0.0 0 14.7 35 270 M M 8 8 54 270
11 54 31 43 -5 22 0 0.00 0.0 0 1.8 8 300 M M 0 8 10 310
12 61 31 46 -1 19 0 0.00 0.0 0 6.6 20 320 M M 3 18 31 330
13 49 31 40 -7 25 0 0.00 0.0 0 5.1 21 320 M M 1 29 320
14 63 41 52 6 13 0 0.37 M M 12.5 29 160 M M 9 3 39 160
15 58 35 47 1 18 0 0.00 0.0 0 15.9 32 280 M M 2 46 300
16 67 31 49 3 16 0 0.00 0.0 0 6.7 23 260 M M 0 36 250
17 54 33 44 -1 21 0 0.00 0.0 0 5.2 10 110 M M 1 14 120
18 67 38 53 9 12 0 0.00 0.0 0 11.2 22 170 M M 0 30 170
19 76 56 66 22 0 1 0.00 0.0 0 12.1 26 200 M M 0 41 190
20 64 49 57 13 8 0 0.29 0.0 0 4.5 14 190 M M 9 23 70
21 50 44 47 4 18 0 0.66 0.0 0 5.5 14 80 M M 10 18 21 80
22 50 36 43 0 22 0 T 0.0 0 5.4 14 340 M M 7 18 19 330
23 45 28 37 -5 28 0 0.01 0.0 0 4.8 16 110 M M 8 128 24 100
24 60 44 52 10 13 0 0.91 0.0 0 10.0 15 140 M M 10 1 23 150
25 54 44 49 8 16 0 0.12 0.0 0 10.1 21 290 M M 9 18 29 100
26 56 38 47 6 18 0 0.00 0.0 0 5.2 10 230 M M 5 14 230
27 55 33 44 4 21 0 0.00 0.0 0 4.5 16 340 M M 3 21 310
28 57 28 43 3 22 0 0.00 0.0 0 1.7 12 220 M M 1 128 14 230
29 50 33 42 2 23 0 0.00 0.0 0 8.2 25 330 M M 7 40 330
30 38 22 30 -9 35 0 0.00 0.0 M 10.1 21 330 M M 3 32 330
================================================================================
SM 1865 1153 442 7 2.91 0.0 216.9 M 107
================================================================================
AV 62.2 38.4 7.2 FASTST M M 4 MAX(MPH)
MISC ----> 35 270 54 270
================================================================================
NOTES:
# LAST OF SEVERAL OCCURRENCES
COLUMN 17 PEAK WIND IN M.P.H.
PRELIMINARY LOCAL CLIMATOLOGICAL DATA (WS FORM: F-6) , PAGE 2
STATION: JEFFERSON CITY
MONTH: NOVEMBER
YEAR: 2020
LATITUDE: 38 35 N
LONGITUDE: 92 10 W
[TEMPERATURE DATA] [PRECIPITATION DATA] SYMBOLS USED IN COLUMN 16
AVERAGE MONTHLY: 50.3 TOTAL FOR MONTH: 2.91 1 = FOG OR MIST
DPTR FM NORMAL: 4.7 DPTR FM NORMAL: -0.89 2 = FOG REDUCING VISIBILITY
HIGHEST: 79 ON 10, 4 GRTST 24HR 1.03 ON 24-25 TO 1/4 MILE OR LESS
LOWEST: 22 ON 30 3 = THUNDER
SNOW, ICE PELLETS, HAIL 4 = ICE PELLETS
TOTAL MONTH: 0.0 INCH 5 = HAIL
GRTST 24HR 0.0 6 = FREEZING RAIN OR DRIZZLE
GRTST DEPTH: 0 7 = DUSTSTORM OR SANDSTORM:
VSBY 1/2 MILE OR LESS
8 = SMOKE OR HAZE
[NO. OF DAYS WITH] [WEATHER - DAYS WITH] 9 = BLOWING SNOW
X = TORNADO
MAX 32 OR BELOW: 0 0.01 INCH OR MORE: 7
MAX 90 OR ABOVE: 0 0.10 INCH OR MORE: 6
MIN 32 OR BELOW: 9 0.50 INCH OR MORE: 3
MIN 0 OR BELOW: 0 1.00 INCH OR MORE: 0
[HDD (BASE 65) ]
TOTAL THIS MO. 442 CLEAR (SCALE 0-3) 19
DPTR FM NORMAL -141 PTCLDY (SCALE 4-7) 5
TOTAL FM JUL 1 819 CLOUDY (SCALE 8-10) 6
DPTR FM NORMAL -76
[CDD (BASE 65) ]
TOTAL THIS MO. 7
DPTR FM NORMAL 5 [PRESSURE DATA]
TOTAL FM JAN 1 1538 HIGHEST SLP 30.58 ON 17
DPTR FM NORMAL 182 LOWEST SLP 29.45 ON 14
[REMARKS]
#FINAL-11-20#