000
CXUS51 KOKX 022259
CLSJFK
CLIMATE REPORT
NATIONAL WEATHER SERVICE NEW YORK, NY
659 PM EDT FRI SEP 02 2022
...................................
...THE KENNEDY NY CLIMATE SUMMARY FOR THE SEASON, FROM
6/1/2022 TO 8/31/2022...
CLIMATE NORMAL PERIOD 1991 TO 2020
CLIMATE RECORD PERIOD 1948 TO 2022
WEATHER OBSERVED NORMAL DEPART LAST YEAR`S
VALUE DATE(S) VALUE FROM VALUE
NORMAL
..............................................................
TEMPERATURE (F)
RECORD
HIGH 104 07/03/1966
LOW 45 06/01/1967
HIGHEST 96 07/23 MM MM
07/24
LOWEST 55 06/19 MM MM
AVG. MAXIMUM 83.8 81.2 2.6
AVG. MINIMUM 68.4 66.3 2.1
MEAN 76.1 73.8 2.3
DAYS MAX >= 90 15 10.0 5.0
DAYS MAX <= 32 0 0.0 0.0
DAYS MIN <= 32 0 0.0 0.0
DAYS MIN <= 0 0 0.0 0.0
PRECIPITATION (INCHES)
RECORD
MAXIMUM 22.04 2011
MINIMUM 3.89 1966
TOTALS 5.20 11.82 -6.62 14.85
DAILY AVG. 0.06 0.13 -0.07
DAYS >= .01 23 29.0 -6.0
DAYS >= .10 14 17.7 -3.7
DAYS >= .50 2 7.7 -5.7
DAYS >= 1.00 1 3.3 -2.3
GREATEST
24 HR. TOTAL 1.66 06/01 TO 06/02
STORM TOTAL 1.36
(MM/DD(HH))
SNOWFALL (INCHES)
RECORDS
TOTAL T 2009
1997
24 HR TOTAL T
TOTALS 0.0 0.0 0.0
LIQUID EQUIV 0.00 0.00 0.00
SINCE 7/1 0.0 0.0 0.0
LIQUID 7/1 0.00
DAYS >= TRACE 0 0.0 0.0
DAYS >= 1.0 0 0.0 0.0
GREATEST
SNOW DEPTH 0
24 HR TOTAL 0.0
STORM TOTAL 0.0
(MM/DD(HH))
DEGREE DAYS
HEATING TOTAL 3 22 -19
SINCE 7/1 0 0 0
COOLING TOTAL 1050 833 217
SINCE 1/1 1104 866 238
..............................................................
WIND (MPH)
AVERAGE WIND SPEED 10.4
HIGHEST WIND SPEED/DIRECTION 35/330 DATE 06/18
HIGHEST GUST SPEED/DIRECTION 44/330 DATE 06/18
SKY COVER
POSSIBLE SUNSHINE (PERCENT) MM
AVERAGE SKY COVER 0.61
NUMBER OF DAYS FAIR 12
NUMBER OF DAYS PC 51
NUMBER OF DAYS CLOUDY 29
AVERAGE RH (PERCENT) 68
WEATHER CONDITIONS. NUMBER OF DAYS WITH
THUNDERSTORM 13 MIXED PRECIP 0
HEAVY RAIN 7 RAIN 9
LIGHT RAIN 30 FREEZING RAIN 0
LT FREEZING RAIN 0 HAIL 0
HEAVY SNOW 0 SNOW 0
LIGHT SNOW 0 SLEET 0
FOG 16 FOG W/VIS <= 1/4 MILE 2
HAZE 2
- INDICATES NEGATIVE NUMBERS.
R INDICATES RECORD WAS SET OR TIED.
MM INDICATES DATA IS MISSING.
T INDICATES TRACE AMOUNT.
$$