000
CXUS53 KSGF 012042
CF6JLN
PRELIMINARY LOCAL CLIMATOLOGICAL DATA (WS FORM: F-6)
STATION: JOPLIN MO
MONTH: DECEMBER
YEAR: 2020
LATITUDE: 37 10 N
LONGITUDE: 94 30 W
TEMPERATURE IN F: :PCPN: SNOW: WIND :SUNSHINE: SKY :PK WND
================================================================================
1 2 3 4 5 6A 6B 7 8 9 10 11 12 13 14 15 16 17 18
12Z AVG MX 2MIN
DY MAX MIN AVG DEP HDD CDD WTR SNW DPTH SPD SPD DIR MIN PSBL S-S WX SPD DR
================================================================================
1 57 21 39 -2 26 0 0.00 M M 9.1 16 160 M M 0 23 200
2 50 34 42 1 23 0 0.39 M M 6.9 13 80 M M 7 1 18 110
3 41 33 37 -4 28 0 0.27 M M 4.6 10 110 M M 10 1 14 130
4 51 29 40 0 25 0 0.00 M M 8.2 16 230 M M 2 1 19 240
5 56 30 43 3 22 0 0.00 M M 5.5 15 280 M M 0 18 280
6 51 27 39 -1 26 0 0.00 M M 4.6 15 350 M M 1 1 23 360
7 55 27 41 2 24 0 0.00 M M 5.4 15 230 M M 0 18 19 220
8 57 29 43 4 22 0 0.00 M M 4.0 12 250 M M 0 15 280
9 66 39 53 15 12 0 0.00 M M 6.4 14 220 M M 0 18 220
10 75 35 55 17 10 0 0.00 M M 9.2 18 200 M M 0 24 220
11 61 39 50 12 15 0 0.05 M M 11.8 18 210 M M 8 1 27 210
12 37 36 37 -1 28 0 M M M 10.1 15 260 M M 9 22 270
13 36 27 32 -5 33 0 M M M 7.2 12 10 M M 8 1 M M
14 39 19 29 -8 36 0 0.00 M M 2.8 16 360 M M 1 1 22 360
15 34 24 29 -8 36 0 0.01 M M 6.2 15 100 M M 5 1 21 110
16 32 27 30 -7 35 0 T M M 5.8 12 290 M M 10 18 16 290
17 48 23 36 -1 29 0 0.00 M M 7.6 15 230 M M 1 18 20 230
18 55 34 45 9 20 0 0.00 M M 16.1 33 200 M M 3 46 190
19 49 28 39 3 26 0 0.00 M M 6.2 13 330 M M 3 18 18 230
20 50 27 39 3 26 0 0.00 M M 7.6 17 250 M M 0 1 23 250
21 60 34 47 11 18 0 0.00 M M 7.8 21 220 M M 0 32 220
22 67 33 50 14 15 0 0.00 M M 15.0 32 180 M M 0 44 170
23 60 26 43 7 22 0 0.00 M M 22.1 35 190 M M 5 50 180
24 35 19 27 -9 38 0 0.00 M M 13.2 24 310 M M 1 33 310
25 38 12 25 -10 40 0 0.00 M M 7.4 13 200 M M 0 17 250
26 65 38 52 17 13 0 0.00 M M 13.8 22 180 M M 0 30 180
27 61 33 47 12 18 0 0.00 M M 16.2 30 230 M M 0 41 220
28 39 26 33 -2 32 0 0.00 M M 5.4 14 30 M M 1 18 10
29 55 35 45 10 20 0 0.09 M M 12.6 24 300 M M 10 18 36 140
30 50 27 39 4 26 0 0.65 M M 5.1 18 340 M M 7 12 25 340
31 33 23 28 -7 37 0 0.34 M M 9.8 20 40 M M 3 16 32 40
================================================================================
SM 1563 894 781 0 1.80 M 273.7 M 95
================================================================================
AV 50.4 28.8 8.8 FASTST M M 3 MAX(MPH)
MISC ----> 35 190 50 180
================================================================================
NOTES:
# LAST OF SEVERAL OCCURRENCES
COLUMN 17 PEAK WIND IN M.P.H.
PRELIMINARY LOCAL CLIMATOLOGICAL DATA (WS FORM: F-6) , PAGE 2
STATION: JOPLIN MO
MONTH: DECEMBER
YEAR: 2020
LATITUDE: 37 10 N
LONGITUDE: 94 30 W
[TEMPERATURE DATA] [PRECIPITATION DATA] SYMBOLS USED IN COLUMN 16
AVERAGE MONTHLY: 39.6 TOTAL FOR MONTH: 1.80 1 = FOG OR MIST
DPTR FM NORMAL: 2.4 DPTR FM NORMAL: -1.02 2 = FOG REDUCING VISIBILITY
HIGHEST: 75 ON 10 GRTST 24HR 0.69 ON 29-30 TO 1/4 MILE OR LESS
LOWEST: 12 ON 25 3 = THUNDER
SNOW, ICE PELLETS, HAIL 4 = ICE PELLETS
TOTAL MONTH: M 5 = HAIL
GRTST 24HR M ON M 6 = FREEZING RAIN OR DRIZZLE
GRTST DEPTH: M ON M 7 = DUSTSTORM OR SANDSTORM:
VSBY 1/2 MILE OR LESS
8 = SMOKE OR HAZE
[NO. OF DAYS WITH] [WEATHER - DAYS WITH] 9 = BLOWING SNOW
X = TORNADO
MAX 32 OR BELOW: 1 0.01 INCH OR MORE: 7
MAX 90 OR ABOVE: 0 0.10 INCH OR MORE: 4
MIN 32 OR BELOW: 19 0.50 INCH OR MORE: 1
MIN 0 OR BELOW: 0 1.00 INCH OR MORE: 0
[HDD (BASE 65) ]
TOTAL THIS MO. 781 CLEAR (SCALE 0-3) 21
DPTR FM NORMAL -79 PTCLDY (SCALE 4-7) 6
TOTAL FM JUL 1 1481 CLOUDY (SCALE 8-10) 4
DPTR FM NORMAL -137
[CDD (BASE 65) ]
TOTAL THIS MO. 0
DPTR FM NORMAL 0 [PRESSURE DATA]
TOTAL FM JAN 1 1660 HIGHEST SLP 30.45 ON 28
DPTR FM NORMAL -38 LOWEST SLP 29.59 ON 23
[REMARKS]
#FINAL-12-20#