000
CXUS53 KBIS 010930
CF6JMS
PRELIMINARY LOCAL CLIMATOLOGICAL DATA (WS FORM: F-6)
STATION: JAMESTOWN ND
MONTH: DECEMBER
YEAR: 2022
LATITUDE: 46 55 N
LONGITUDE: 98 40 W
TEMPERATURE IN F: :PCPN: SNOW: WIND :SUNSHINE: SKY :PK WND
================================================================================
1 2 3 4 5 6A 6B 7 8 9 10 11 12 13 14 15 16 17 18
12Z AVG MX 2MIN
DY MAX MIN AVG DEP HDD CDD WTR SNW DPTH SPD SPD DIR MIN PSBL S-S WX SPD DR
================================================================================
1 30 5 18 -3 47 0 0.00 M M 10.6 20 110 M M 0 26 110
2 27 0 14 -7 51 0 0.05 M M 20.3 33 320 M M 7 189 44 320
3 18 -7 6 -14 59 0 0.00 M M 7.3 21 290 M M 2 27 300
4 37 1 19 -1 46 0 0.00 M M 14.6 25 250 M M 0 37 250
5 23 7 15 -5 50 0 0.09 M M 11.3 20 340 M M 7 24 350
6 16 -1 8 -11 57 0 0.06 M M 10.0 18 120 M M 8 18 24 110
7 0 -17 -8 -27 73 0 0.00 M M 8.3 17 180 M M 3 8 22 170
8 16 -7 5 -13 60 0 0.00 M M 3.8 12 170 M M 2 18 13 170
9 31 -9 11 -7 54 0 0.00 M M 7.3 23 150 M M 8 128 29 160
10 31 1 16 -2 49 0 0.00 M M 7.3 18 170 M M 5 18 28 170
11 27 14 21 4 44 0 0.00 M M 17.1 26 120 M M 6 12 35 100
12 30 24 27 10 38 0 0.00 M M 18.5 24 140 M M 8 1 33 120
13 32 29 31 15 34 0 0.60 M M 18.4 26 50 M M 10 126 35 50
14 32 28 30 14 35 0 0.10 M M 14.1 21 60 M M 10 1 25 60
15 28 19 24 8 41 0 0.10 M M 30.2 40 320 M M 10 1269 54 320
16 20 11 16 1 49 0 0.11 M M 24.8 33 330 M M 10 189 46 320
17 11 -9 1 -14 64 0 T M M 17.7 26 320 M M 4 18 34 320
18 -5 -15 -10 -25 75 0 T M M 9.6 16 320 M M 6 8 19 330
19 -1 -18 -9 -23 74 0 0.02 M M 8.0 15 310 M M 7 18 310
20 -10 -18 -14 -28 79 0 T M M 12.2 22 300 M M 3 8 30 300
21 -13 -19 -16 -30 81 0 0.06 M M 11.0 22 310 M M 10 8 29 320
22 -10 -19 -14 -28 79 0 T M M 22.7 29 320 M M 6 8 38 310
23 -6 -12 -9 -22 74 0 0.00 M M 25.3 36 320 M M 6 8 46 330
24 -3 -16 -9 -22 74 0 0.00 M M 12.8 23 310 M M 0 29 310
25 2 -20 -9 -22 74 0 0.15 M M 11.9 20 110 M M 7 18 26 130
26 9 -14 -2 -15 67 0 0.00 M M 10.8 21 180 M M 2 25 170
27 28 9 19 7 46 0 0.00 M M 11.2 22 180 M M 3 18 28 190
28 27 9 18 6 47 0 0.00 M M 4.0 16 120 M M 2 18 20 120
29 23 7 15 3 50 0 0.00 M M 14.1 26 320 M M 5 1 33 320
30 20 11 16 4 49 0 0.00 M M 8.8 17 150 M M 9 18 22 150
31 22 7 15 3 50 0 0.00 M M 5.4 14 140 M M 10 12 16 140
================================================================================
SM 492 -19 1770 0 1.34 M 409.4 M 176
================================================================================
AV 15.9 -0.6 13.2 FASTST M M 6 MAX(MPH)
MISC ----> 40 320 54 320
================================================================================
NOTES:
# LAST OF SEVERAL OCCURRENCES
COLUMN 17 PEAK WIND IN M.P.H.
PRELIMINARY LOCAL CLIMATOLOGICAL DATA (WS FORM: F-6) , PAGE 2
STATION: JAMESTOWN ND
MONTH: DECEMBER
YEAR: 2022
LATITUDE: 46 55 N
LONGITUDE: 98 40 W
[TEMPERATURE DATA] [PRECIPITATION DATA] SYMBOLS USED IN COLUMN 16
AVERAGE MONTHLY: 7.6 TOTAL FOR MONTH: 1.34 1 = FOG OR MIST
DPTR FM NORMAL: -8.2 DPTR FM NORMAL: 1.00 2 = FOG REDUCING VISIBILITY
HIGHEST: 37 ON 4 GRTST 24HR 0.60 ON 13-13 TO 1/4 MILE OR LESS
LOWEST: -20 ON 25 3 = THUNDER
SNOW, ICE PELLETS, HAIL 4 = ICE PELLETS
TOTAL MONTH: M 5 = HAIL
GRTST 24HR M ON M 6 = FREEZING RAIN OR DRIZZLE
GRTST DEPTH: M ON M 7 = DUSTSTORM OR SANDSTORM:
VSBY 1/2 MILE OR LESS
8 = SMOKE OR HAZE
[NO. OF DAYS WITH] [WEATHER - DAYS WITH] 9 = BLOWING SNOW
X = TORNADO
MAX 32 OR BELOW: 30 0.01 INCH OR MORE: 10
MAX 90 OR ABOVE: 0 0.10 INCH OR MORE: 5
MIN 32 OR BELOW: 31 0.50 INCH OR MORE: 1
MIN 0 OR BELOW: 16 1.00 INCH OR MORE: 0
[HDD (BASE 65) ]
TOTAL THIS MO. 1770 CLEAR (SCALE 0-3) 8
DPTR FM NORMAL 243 PTCLDY (SCALE 4-7) 16
TOTAL FM JUL 1 3665 CLOUDY (SCALE 8-10) 7
DPTR FM NORMAL 86
[CDD (BASE 65) ]
TOTAL THIS MO. 0
DPTR FM NORMAL 0 [PRESSURE DATA]
TOTAL FM JAN 1 566 HIGHEST SLP 30.72 ON 20
DPTR FM NORMAL 145 LOWEST SLP 29.26 ON 28
[REMARKS]
#FINAL-12-22#