000
CXUS53 KBIS 010830
CF6JMS
PRELIMINARY LOCAL CLIMATOLOGICAL DATA (WS FORM: F-6)
STATION: JAMESTOWN ND
MONTH: MAY
YEAR: 2021
LATITUDE: 46 55 N
LONGITUDE: 98 40 W
TEMPERATURE IN F: :PCPN: SNOW: WIND :SUNSHINE: SKY :PK WND
================================================================================
1 2 3 4 5 6A 6B 7 8 9 10 11 12 13 14 15 16 17 18
12Z AVG MX 2MIN
DY MAX MIN AVG DEP HDD CDD WTR SNW DPTH SPD SPD DIR MIN PSBL S-S WX SPD DR
================================================================================
1 84 50 67 19 0 2 0.00 M M 13.7 31 300 M M 0 43 300
2 71 46 59 10 6 0 0.04 M M 15.3 30 360 M M 5 39 350
3 56 26 41 -8 24 0 0.00 M M 17.7 30 340 M M 6 42 350
4 57 22 40 -10 25 0 0.00 M M 7.1 15 340 M M 2 22 340
5 55 34 45 -5 20 0 0.20 M M 7.4 23 350 M M 8 1 28 350
6 67 31 49 -1 16 0 0.00 M M 12.7 32 310 M M 2 1 47 330
7 58 26 42 -9 23 0 0.00 M M 8.7 16 70 M M 0 27 20
8 52 33 43 -8 22 0 0.00 M M 10.0 17 100 M M 2 23 100
9 60 28 44 -8 21 0 0.00 M M 10.6 18 20 M M 0 27 50
10 58 24 41 -11 24 0 0.00 M M 6.5 14 40 M M 1 8 20 20
11 66 27 47 -6 18 0 0.00 M M 5.2 16 200 M M 0 8 25 180
12 72 35 54 1 11 0 0.00 M M 10.3 21 180 M M 2 32 240
13 73 41 57 3 8 0 0.11 M M 12.8 32 190 M M 4 13 43 190
14 75 38 57 3 8 0 0.00 M M 6.2 20 30 M M 2 1 28 20
15 78 37 58 4 7 0 0.00 M M 4.7 15 200 M M 3 128 19 190
16 83 48 66 11 0 1 0.00 M M 11.0 22 240 M M 1 30 230
17 82 55 69 14 0 4 0.00 M M 13.0 24 170 M M 0 8 35 170
18 77 52 65 9 0 0 0.00 M M 15.2 28 170 M M 7 38 170
19 87 58 73 17 0 8 0.84 M M 13.7 26 320 M M 6 138 36 330
20 75 54 65 9 0 0 0.12 M M 8.6 20 90 M M 7 1238 27 80
21 80 54 67 10 0 2 0.00 M M 11.8 21 180 M M 10 12 26 340
22 55 47 51 -6 14 0 0.01 M M 12.7 18 340 M M 10 13 22 50
23 72 47 60 2 5 0 0.33 M M 11.9 22 120 M M 8 138 33 130
24 83 59 71 13 0 6 0.00 M M 15.8 35 230 M M 1 48 220
25 68 50 59 1 6 0 0.01 M M 20.1 38 300 M M 5 8 53 320
26 55 41 48 -11 17 0 0.00 M M 11.5 22 340 M M 6 29 330
27 53 35 44 -15 21 0 0.00 M M 11.1 21 70 M M 6 28 60
28 65 30 48 -12 17 0 0.00 M M 11.6 24 180 M M 0 33 140
29 57 46 52 -8 13 0 0.14 M M 14.5 23 200 M M 6 1 30 150
30 76 40 58 -2 7 0 T M M 11.5 28 300 M M 1 12 38 310
31 76 40 58 -3 7 0 0.00 M M 5.0 12 340 M M 0 15 340
================================================================================
SM 2126 1254 340 23 1.80 M 347.9 M 111
================================================================================
AV 68.6 40.5 11.2 FASTST M M 4 MAX(MPH)
MISC ----> 38 300 53 320
================================================================================
NOTES:
# LAST OF SEVERAL OCCURRENCES
COLUMN 17 PEAK WIND IN M.P.H.
PRELIMINARY LOCAL CLIMATOLOGICAL DATA (WS FORM: F-6) , PAGE 2
STATION: JAMESTOWN ND
MONTH: MAY
YEAR: 2021
LATITUDE: 46 55 N
LONGITUDE: 98 40 W
[TEMPERATURE DATA] [PRECIPITATION DATA] SYMBOLS USED IN COLUMN 16
AVERAGE MONTHLY: 54.5 TOTAL FOR MONTH: 1.80 1 = FOG OR MIST
DPTR FM NORMAL: -0.2 DPTR FM NORMAL: -1.46 2 = FOG REDUCING VISIBILITY
HIGHEST: 87 ON 19 GRTST 24HR 0.96 ON 19-20 TO 1/4 MILE OR LESS
LOWEST: 22 ON 4 3 = THUNDER
SNOW, ICE PELLETS, HAIL 4 = ICE PELLETS
TOTAL MONTH: M 5 = HAIL
GRTST 24HR M ON M 6 = FREEZING RAIN OR DRIZZLE
GRTST DEPTH: M ON M 7 = DUSTSTORM OR SANDSTORM:
VSBY 1/2 MILE OR LESS
8 = SMOKE OR HAZE
[NO. OF DAYS WITH] [WEATHER - DAYS WITH] 9 = BLOWING SNOW
X = TORNADO
MAX 32 OR BELOW: 0 0.01 INCH OR MORE: 9
MAX 90 OR ABOVE: 0 0.10 INCH OR MORE: 6
MIN 32 OR BELOW: 8 0.50 INCH OR MORE: 1
MIN 0 OR BELOW: 0 1.00 INCH OR MORE: 0
[HDD (BASE 65) ]
TOTAL THIS MO. 340 CLEAR (SCALE 0-3) 17
DPTR FM NORMAL 5 PTCLDY (SCALE 4-7) 12
TOTAL FM JUL 1 7912 CLOUDY (SCALE 8-10) 2
DPTR FM NORMAL -1017
[CDD (BASE 65) ]
TOTAL THIS MO. 23
DPTR FM NORMAL 7 [PRESSURE DATA]
TOTAL FM JAN 1 23 HIGHEST SLP 30.38 ON 11
DPTR FM NORMAL 7 LOWEST SLP 29.48 ON 1
[REMARKS]
#FINAL-05-21#