000
CXUS51 KCTP 010900
CF6JST
PRELIMINARY LOCAL CLIMATOLOGICAL DATA (WS FORM: F-6)
STATION: JOHNSTOWN
MONTH: NOVEMBER
YEAR: 2021
LATITUDE: 40 18 N
LONGITUDE: 78 50 W
TEMPERATURE IN F: :PCPN: SNOW: WIND :SUNSHINE: SKY :PK WND
================================================================================
1 2 3 4 5 6A 6B 7 8 9 10 11 12 13 14 15 16 17 18
12Z AVG MX 2MIN
DY MAX MIN AVG DEP HDD CDD WTR SNW DPTH SPD SPD DIR MIN PSBL S-S WX SPD DR
================================================================================
1 49 38 44 -1 21 0 0.01 M M 11.2 28 300 M M 5 35 310
2 42 30 36 -9 29 0 T M M 7.5 15 280 M M 8 19 290
3 42 29 36 -9 29 0 0.00 M M 7.1 16 290 M M 3 22 290
4 43 26 35 -9 30 0 0.00 M M 3.7 9 210 M M 4 8 13 180
5 44 25 35 -9 30 0 0.00 M M 3.3 10 40 M M 0 17 220
6 48 30 39 -5 26 0 0.00 M M 5.7 13 160 M M 0 15 170
7 54 29 42 -1 23 0 0.00 M M 6.3 14 280 M M 0 17 270
8 61 37 49 6 16 0 0.00 M M 7.4 13 300 M M 0 17 280
9 65 49 57 15 8 0 0.00 M M 9.3 15 270 M M 0 21 250
10 60 47 54 12 11 0 0.00 M M 7.3 17 290 M M 3 8 23 290
11 57 47 52 10 13 0 T M M 13.3 23 160 M M 2 33 160
12 55 43 49 8 16 0 0.23 M M 10.0 24 260 M M 5 1 32 260
13 48 30 39 -2 26 0 T M M 13.5 25 260 M M 9 1 34 270
14 36 30 33 -7 32 0 0.11 M M 10.6 23 240 M M 10 1 30 240
15 33 30 32 -8 33 0 0.02 M M 16.0 26 270 M M 10 18 37 270
16 37 29 33 -7 32 0 0.00 M M 5.9 15 280 M M 7 20 270
17 65 34 50 10 15 0 T M M 8.4 17 200 M M 3 23 200
18 60 33 47 8 18 0 0.07 M M 13.5 25 270 M M 8 1 39 260
19 33 26 30 -9 35 0 T M M 11.8 28 290 M M 9 39 310
20 38 24 31 -7 34 0 0.00 M M 8.8 20 170 M M 2 25 180
21 46 34 40 2 25 0 0.13 M M 8.4 23 180 M M 6 128 34 180
22 41 26 34 -4 31 0 0.01 M M 14.4 24 310 M M 9 1 32 310
23 32 22 27 -10 38 0 T M M 10.4 17 310 M M 5 23 280
24 44 22 33 -4 32 0 0.00 M M 6.2 13 250 M M 0 18 240
25 47 40 44 7 21 0 0.08 M M 10.6 20 260 M M 9 1 26 250
26 40 23 32 -4 33 0 0.12 M M 19.3 29 260 M M 10 1 36 300
27 31 22 27 -9 38 0 0.06 M M 10.2 22 280 M M 9 1 30 280
28 37 27 32 -4 33 0 0.02 M M 14.8 28 270 M M 10 18 36 270
29 33 27 30 -6 35 0 T M M 11.9 22 290 M M 8 1 29 300
30 41 27 34 -1 31 0 0.01 M M 11.2 25 270 M M 9 1 36 260
================================================================================
SM 1362 936 794 0 0.87 M 298.0 M 163
================================================================================
AV 45.4 31.2 9.9 FASTST M M 5 MAX(MPH)
MISC ----> 29 260 # 39 260
================================================================================
NOTES:
# LAST OF SEVERAL OCCURRENCES
COLUMN 17 PEAK WIND IN M.P.H.
PRELIMINARY LOCAL CLIMATOLOGICAL DATA (WS FORM: F-6) , PAGE 2
STATION: JOHNSTOWN
MONTH: NOVEMBER
YEAR: 2021
LATITUDE: 40 18 N
LONGITUDE: 78 50 W
[TEMPERATURE DATA] [PRECIPITATION DATA] SYMBOLS USED IN COLUMN 16
AVERAGE MONTHLY: 38.3 TOTAL FOR MONTH: 0.87 1 = FOG OR MIST
DPTR FM NORMAL: -1.8 DPTR FM NORMAL: -2.24 2 = FOG REDUCING VISIBILITY
HIGHEST: 65 ON 17, 9 GRTST 24HR 0.23 ON 11-12 TO 1/4 MILE OR LESS
LOWEST: 22 ON 27,24 3 = THUNDER
SNOW, ICE PELLETS, HAIL 4 = ICE PELLETS
TOTAL MONTH: M 5 = HAIL
GRTST 24HR M ON M 6 = FREEZING RAIN OR DRIZZLE
GRTST DEPTH: M ON M 7 = DUSTSTORM OR SANDSTORM:
VSBY 1/2 MILE OR LESS
8 = SMOKE OR HAZE
[NO. OF DAYS WITH] [WEATHER - DAYS WITH] 9 = BLOWING SNOW
X = TORNADO
MAX 32 OR BELOW: 2 0.01 INCH OR MORE: 12
MAX 90 OR ABOVE: 0 0.10 INCH OR MORE: 4
MIN 32 OR BELOW: 20 0.50 INCH OR MORE: 0
MIN 0 OR BELOW: 0 1.00 INCH OR MORE: 0
[HDD (BASE 65) ]
TOTAL THIS MO. 794 CLEAR (SCALE 0-3) 10
DPTR FM NORMAL 47 PTCLDY (SCALE 4-7) 7
TOTAL FM JUL 1 1158 CLOUDY (SCALE 8-10) 13
DPTR FM NORMAL -212
[CDD (BASE 65) ]
TOTAL THIS MO. 0
DPTR FM NORMAL 0 [PRESSURE DATA]
TOTAL FM JAN 1 638 HIGHEST SLP 30.53 ON 19
DPTR FM NORMAL 158 LOWEST SLP 29.73 ON 14
[REMARKS]
#FINAL-11-21#