000
CXUS51 KCTP 010646
CLSJST
CLIMATE REPORT
NATIONAL WEATHER SERVICE STATE COLLEGE PA
246 AM EDT THU SEP 01 2022
...................................
...THE JOHNSTOWN CLIMATE SUMMARY FOR THE SEASON, FROM
6/1/2022 TO 8/31/2022...
CLIMATE NORMAL PERIOD 1991 TO 2020
CLIMATE RECORD PERIOD 1892 TO 2022
WEATHER OBSERVED NORMAL DEPART LAST YEAR`S
VALUE DATE(S) VALUE FROM VALUE DATE(S)
NORMAL
................................................................
TEMPERATURE (F)
RECORD
HIGH 104 07/09/1936
LOW 32 08/31/1894
HIGHEST 88 06/22 89 06/29
LOWEST 45 06/19 44 06/17
AVG. MAXIMUM 77.4 76.9 0.5 78.3
AVG. MINIMUM 60.7 59.4 1.3 61.6
MEAN 69.0 68.2 0.8 70.0
DAYS MAX >= 90 0 0.4 -0.4 0
DAYS MAX <= 32 0 0.0 0.0 0
DAYS MIN <= 32 0 0.0 0.0 0
DAYS MIN <= 0 0 0.0 0.0 0
PRECIPITATION (INCHES)
RECORD
MAXIMUM 26.89 1980
MINIMUM 6.25 1894
TOTALS 12.52 12.57 -0.05 13.99
DAILY AVG. 0.13 0.14 -0.01 0.15
DAYS >= .01 40 42.7 -2.7 40
DAYS >= .10 26 25.9 0.1 29
DAYS >= .50 10 8.9 1.1 7
DAYS >= 1.00 2 3.1 -1.1 4
GREATEST
24 HR. TOTAL 1.23 2.01 08/18 TO 08/18
STORM TOTAL 1.11 2.01
(MM/DD(HH)) MM
DEGREE DAYS
HEATING TOTAL 67 96 -29 58
SINCE 7/1 8 37 -29 MM
COOLING TOTAL 458 390 68 542
SINCE 1/1 502 428 74 MM
FREEZE DATES
RECORD
EARLIEST 08/31/1894
LATEST 05/27/1915
EARLIEST MM
LATEST 04/29
................................................................
WIND (MPH)
AVERAGE WIND SPEED 7.1
RESULTANT WIND SPEED/DIRECTION 4/250
HIGHEST WIND SPEED/DIRECTION 37/320 DATE 06/22
HIGHEST GUST SPEED/DIRECTION 48/320 DATE 06/22
SKY COVER
POSSIBLE SUNSHINE (PERCENT) MM
AVERAGE SKY COVER 0.43
NUMBER OF DAYS FAIR 40
NUMBER OF DAYS PC 36
NUMBER OF DAYS CLOUDY 16
WEATHER CONDITIONS. NUMBER OF DAYS WITH
THUNDERSTORM 14 MIXED PRECIP 0
HEAVY RAIN 23 RAIN 22
LIGHT RAIN 53 FREEZING RAIN 0
LT FREEZING RAIN 0 HAIL 0
HEAVY SNOW 0 SNOW 0
LIGHT SNOW 0 SLEET 0
FOG 53 FOG W/VIS <= 1/4 MILE 10
HAZE 9
- INDICATES NEGATIVE NUMBERS.
R INDICATES RECORD WAS SET OR TIED.
MM INDICATES DATA IS MISSING.
T INDICATES TRACE AMOUNT.
$$