000
CXUS53 KGRR 021125
CF6JXN
PRELIMINARY LOCAL CLIMATOLOGICAL DATA (WS FORM: F-6)
STATION: JACKSON
MONTH: JULY
YEAR: 2020
LATITUDE: 42 16 N
LONGITUDE: 84 28 W
TEMPERATURE IN F: :PCPN: SNOW: WIND :SUNSHINE: SKY :PK WND
================================================================================
1 2 3 4 5 6A 6B 7 8 9 10 11 12 13 14 15 16 17 18
12Z AVG MX 2MIN
DY MAX MIN AVG DEP HDD CDD WTR SNW DPTH SPD SPD DIR MIN PSBL S-S WX SPD DR
================================================================================
1 86 60 73 2 0 8 0.00 M M 4.5 12 80 M M 1 17 70
2 89 60 75 4 0 10 0.00 M M 2.7 9 30 M M 1 1 16 330
3 91 63 77 6 0 12 0.00 M M 5.0 12 340 M M 1 16 350
4 89 66 78 7 0 13 0.00 M M 4.4 12 20 M M 0 18 17 50
5 88 61 75 4 0 10 0.00 M M 2.2 9 240 M M 1 1 14 260
6 89 64 77 6 0 12 0.00 M M 3.3 13 240 M M 1 1 17 220
7 91 62 77 6 0 12 0.00 M M 3.9 13 220 M M 0 16 230
8 90 66 78 7 0 13 T M M 2.8 12 130 M M 1 1 16 110
9 93 69 81 10 0 16 0.05 M M 3.4 28 150 M M 1 3 39 110
10 78 68 73 2 0 8 1.08 M M 6.4 16 240 M M 6 13 24 240
11 83 62 73 2 0 8 0.00 M M 7.6 17 240 M M 1 27 240
12 79 55 67 -4 0 2 0.00 M M 4.4 12 310 M M 1 18 320
13 78 54 66 -5 0 1 0.00 M M 4.1 13 290 M M 2 16 340
14 81 54 68 -3 0 3 0.00 M M 3.8 12 160 M M 1 1 16 140
15 84 63 74 3 0 9 0.00 M M 7.2 15 150 M M 1 20 210
16 73 62 68 -3 0 3 0.47 M M 3.4 10 80 M M 8 18 15 90
17 79 57 68 -3 0 3 0.00 M M 4.6 14 210 M M 1 128 18 210
18 90 59 75 4 0 10 0.00 M M 7.3 17 200 M M 1 25 190
19 83 65 74 3 0 9 0.06 M M 9.5 28 230 M M 3 13 42 230
20 81 59 70 -1 0 5 0.00 M M 5.7 12 260 M M 1 17 240
21 83 59 71 0 0 6 0.00 M M 2.9 10 180 M M 2 15 250
22 84 66 75 4 0 10 0.00 M M 7.0 15 210 M M 7 22 220
23 85 64 75 4 0 10 0.00 M M 4.5 13 20 M M 5 18 10
24 84 60 72 1 0 7 0.00 M M 4.1 10 20 M M 1 14 10
25 87 57 72 1 0 7 0.00 M M 2.8 10 240 M M 1 1 16 240
26 91 63 77 6 0 12 0.00 M M 8.4 16 200 M M 1 23 210
27 84 64 74 3 0 9 0.00 M M 8.4 17 220 M M 3 26 180
28 85 61 73 2 0 8 0.00 M M 6.3 18 240 M M 2 35 250
29 86 67 77 6 0 12 0.00 M M 7.9 18 240 M M 4 26 250
30 83 63 73 2 0 8 0.00 M M 4.9 12 30 M M 2 17 40
31 84 55 70 -1 0 5 0.00 M M 5.5 14 40 M M 2 1 22 20
================================================================================
SM 2631 1908 0 261 1.66 M 158.9 M 63
================================================================================
AV 84.9 61.6 5.1 FASTST M M 2 MAX(MPH)
MISC ----> # 28 150 # 42 230
================================================================================
NOTES:
# LAST OF SEVERAL OCCURRENCES
COLUMN 17 PEAK WIND IN M.P.H.
PRELIMINARY LOCAL CLIMATOLOGICAL DATA (WS FORM: F-6) , PAGE 2
STATION: JACKSON
MONTH: JULY
YEAR: 2020
LATITUDE: 42 16 N
LONGITUDE: 84 28 W
[TEMPERATURE DATA] [PRECIPITATION DATA] SYMBOLS USED IN COLUMN 16
AVERAGE MONTHLY: 73.2 TOTAL FOR MONTH: 1.66 1 = FOG OR MIST
DPTR FM NORMAL: 2.1 DPTR FM NORMAL: -1.92 2 = FOG REDUCING VISIBILITY
HIGHEST: 93 ON 9 GRTST 24HR 1.08 ON 10-10 TO 1/4 MILE OR LESS
LOWEST: 54 ON 14,13 3 = THUNDER
SNOW, ICE PELLETS, HAIL 4 = ICE PELLETS
TOTAL MONTH: M 5 = HAIL
GRTST 24HR M ON M 6 = FREEZING RAIN OR DRIZZLE
GRTST DEPTH: M ON M 7 = DUSTSTORM OR SANDSTORM:
VSBY 1/2 MILE OR LESS
8 = SMOKE OR HAZE
[NO. OF DAYS WITH] [WEATHER - DAYS WITH] 9 = BLOWING SNOW
X = TORNADO
MAX 32 OR BELOW: 0 0.01 INCH OR MORE: 4
MAX 90 OR ABOVE: 6 0.10 INCH OR MORE: 2
MIN 32 OR BELOW: 0 0.50 INCH OR MORE: 1
MIN 0 OR BELOW: 0 1.00 INCH OR MORE: 1
[HDD (BASE 65) ]
TOTAL THIS MO. 0 CLEAR (SCALE 0-3) 24
DPTR FM NORMAL -11 PTCLDY (SCALE 4-7) 7
TOTAL FM JUL 1 0 CLOUDY (SCALE 8-10) 0
DPTR FM NORMAL -11
[CDD (BASE 65) ]
TOTAL THIS MO. 261
DPTR FM NORMAL 59 [PRESSURE DATA]
TOTAL FM JAN 1 430 HIGHEST SLP 30.19 ON 24
DPTR FM NORMAL 65 LOWEST SLP 29.71 ON 10
[REMARKS]
#FINAL-07-20#