000
CXUS53 KGRR 011525 RRA
CLSJXN
WRKCLSJXN 000
TTAA00 GRR 011521
CLIMATE REPORT
NATIONAL WEATHER SERVICE GRAND RAPIDS, MICHIGAN
1111 AM EDT WED JUN 01 2022
...................................
...THE JACKSON CLIMATE SUMMARY FOR THE SEASON, FROM
3/1/2022 TO 5/31/2022...
CLIMATE NORMAL PERIOD: 1991 TO 2020
CLIMATE RECORD PERIOD: 1944 TO 2022
WEATHER OBSERVED NORMAL DEPART LAST YEAR`S
VALUE DATE(S) VALUE FROM VALUE DATE(S)
NORMAL
................................................................
TEMPERATURE (F)
HIGHEST 88 05/31 MM MM 88 05/20
LOWEST 10 03/12 MM MM 13 03/02
AVG. MAXIMUM 57.7 57.9 -0.2 61.6
AVG. MINIMUM 37.7 37.2 0.5 36.9
MEAN 47.7 47.5 0.2 49.2
DAYS MAX >= 90 0 0.2 -0.2 0
DAYS MAX <= 32 5 5.0 0.0 0
DAYS MIN <= 32 36 34.6 1.4 37
DAYS MIN <= 0 0 0.3 -0.3 0
PRECIPITATION (INCHES)
TOTALS 9.84 8.27 1.57 5.54
DAILY AVG. 0.11 0.09 0.02 0.06
DAYS >= .01 43 36.2 6.8 29
DAYS >= .10 23 19.5 3.5 18
DAYS >= .50 6 5.2 0.8 3
DAYS >= 1.00 0 1.1 -1.1 0
GREATEST
24 HR. TOTAL 0.98 05/25 TO 05/26
STORM TOTAL 0.89 MM
(MM/DD(HH)) MM
DEGREE DAYS
HEATING TOTAL 1649 1654 -5 1492
SINCE 7/1 6210 6424 -214 MM
COOLING TOTAL 87 45 42 64
SINCE 1/1 87 45 42 MM
FREEZE DATES
EARLIEST 10/24
LATEST 05/14
................................................................
WIND (MPH)
AVERAGE WIND SPEED 8.8
RESULTANT WIND SPEED/DIRECTION 3/190
HIGHEST WIND SPEED/DIRECTION 39/210 DATE 03/31
HIGHEST GUST SPEED/DIRECTION 54/220 DATE 03/31
SKY COVER
POSSIBLE SUNSHINE (PERCENT) MM
AVERAGE SKY COVER 0.52
NUMBER OF DAYS FAIR 34
NUMBER OF DAYS PC 28
NUMBER OF DAYS CLOUDY 30
AVERAGE RH (PERCENT) 66
WEATHER CONDITIONS. NUMBER OF DAYS WITH
THUNDERSTORM 8 MIXED PRECIP 0
HEAVY RAIN 5 RAIN 16
LIGHT RAIN 37 FREEZING RAIN 1
LT FREEZING RAIN 3 HAIL 1
HEAVY SNOW 0 SNOW 3
LIGHT SNOW 15 SLEET 0
FOG 45 FOG W/VIS <= 1/4 MILE 2
HAZE 15
- INDICATES NEGATIVE NUMBERS.
R INDICATES RECORD WAS SET OR TIED.
MM INDICATES DATA IS MISSING.
T INDICATES TRACE AMOUNT.
$$