000
CXUS53 KGID 010844
CF6JYR
PRELIMINARY LOCAL CLIMATOLOGICAL DATA (WS FORM: F-6)
STATION: YORK
MONTH: MAY
YEAR: 2020
LATITUDE: 40 54 N
LONGITUDE: 97 37 W
TEMPERATURE IN F: :PCPN: SNOW: WIND :SUNSHINE: SKY :PK WND
================================================================================
1 2 3 4 5 6A 6B 7 8 9 10 11 12 13 14 15 16 17 18
12Z AVG MX 2MIN
DY MAX MIN AVG DEP HDD CDD WTR SNW DPTH SPD SPD DIR MIN PSBL S-S WX SPD DR
================================================================================
1 86 57 72 M 0 7 0.00 M M 8.8 15 210 M M 0 24 200
2 70 54 62 M 3 0 T M M 12.0 22 20 M M 4 29 10
3 75 54 65 M 0 0 0.00 M M 6.2 13 80 M M 5 15 80
4 63 48 56 M 9 0 0.23 M M 9.8 24 110 M M 7 1 32 110
5 68 41 55 M 10 0 0.00 M M 16.9 32 310 M M 2 3 45 310
6 59 41 50 M 15 0 0.00 M M 8.4 18 360 M M 3 3 24 360
7 59 37 48 M 17 0 0.43 M M 8.7 23 30 M M 7 13 20 120
8 57 37 47 M 18 0 T M M 11.3 22 40 M M 1 32 360
9 64 36 50 M 15 0 0.02 M M 10.3 25 290 M M 2 36 320
10 55 32 44 M 21 0 0.00 M M 13.5 22 320 M M 2 3 35 340
11 46 37 42 M 23 0 0.00 M M 1.0 6 20 M M 9 12 20
12 59 41 50 M 15 0 0.00 M M 6.1 16 140 M M 8 3 25 130
13 54 46 50 M 15 0 0.06 M M 7.9 16 140 M M 10 13 21 160
14 72 52 62 M 3 0 0.00 M M 3.6 12 360 M M 6 123 M M
15 75 50 63 M 2 0 0.00 M M 8.8 14 90 M M 1 20 120
16 68 50 59 M 6 0 0.16 M M 5.4 14 360 M M 7 1 25 360
17 63 52 58 M 7 0 0.00 M M 13.5 27 310 M M 9 33 310
18 72 52 62 M 3 0 0.00 M M 12.7 25 360 M M 6 25 360
19 68 54 61 M 4 0 0.00 M M 6.0 15 100 M M 6 14 90
20 73 48 61 M 4 0 0.00 M M 12.0 21 130 M M 4 1 24 110
21 70 61 66 M 0 1 0.36 M M 9.7 17 140 M M 10 13 22 140
22 64 61 63 M 2 0 2.05 M M 8.9 18 10 M M 10 123 22 360
23 75 59 67 M 0 2 0.00 M M 9.1 14 110 M M 9 12 18 120
24 72 59 66 M 0 1 0.38 M M 10.7 17 160 M M 8 13 23 340
25 64 57 61 M 4 0 0.62 M M 10.5 16 360 M M 10 13 27 350
26 68 57 63 M 2 0 0.19 M M 7.7 14 350 M M 7 1 23 350
27 75 54 65 M 0 0 0.00 M M 6.6 14 20 M M 3 20 10
28 79 55 67 M 0 2 0.00 M M 13.8 25 360 M M 1 35 10
29 77 48 63 M 2 0 0.00 M M 3.6 10 360 M M 2 17 360
30 66 55 61 M 4 0 T M M 11.2 20 90 M M 8 20 80
31 81 57 69 M 0 4 0.01 M M 16.7 25 160 M M 2 32 160
================================================================================
SM 2097 1542 204 17 4.51 M 291.4 M 169
================================================================================
AV 67.7 49.7 9.4 FASTST M M 5 MAX(MPH)
MISC ----> # 32 310 # M M
================================================================================
NOTES:
# LAST OF SEVERAL OCCURRENCES
COLUMN 17 PEAK WIND IN M.P.H.
PRELIMINARY LOCAL CLIMATOLOGICAL DATA (WS FORM: F-6) , PAGE 2
STATION: YORK
MONTH: MAY
YEAR: 2020
LATITUDE: 40 54 N
LONGITUDE: 97 37 W
[TEMPERATURE DATA] [PRECIPITATION DATA] SYMBOLS USED IN COLUMN 16
AVERAGE MONTHLY: 58.7 TOTAL FOR MONTH: 4.51 1 = FOG OR MIST
DPTR FM NORMAL: M DPTR FM NORMAL: M 2 = FOG REDUCING VISIBILITY
HIGHEST: 86 ON 1 GRTST 24HR 2.05 ON 22-22 TO 1/4 MILE OR LESS
LOWEST: 32 ON 10 3 = THUNDER
SNOW, ICE PELLETS, HAIL 4 = ICE PELLETS
TOTAL MONTH: M 5 = HAIL
GRTST 24HR M ON M 6 = FREEZING RAIN OR DRIZZLE
GRTST DEPTH: M ON M 7 = DUSTSTORM OR SANDSTORM:
VSBY 1/2 MILE OR LESS
8 = SMOKE OR HAZE
[NO. OF DAYS WITH] [WEATHER - DAYS WITH] 9 = BLOWING SNOW
X = TORNADO
MAX 32 OR BELOW: 0 0.01 INCH OR MORE: 11
MAX 90 OR ABOVE: 0 0.10 INCH OR MORE: 8
MIN 32 OR BELOW: 1 0.50 INCH OR MORE: 2
MIN 0 OR BELOW: 0 1.00 INCH OR MORE: 1
[HDD (BASE 65) ]
TOTAL THIS MO. 204 CLEAR (SCALE 0-3) 11
DPTR FM NORMAL M PTCLDY (SCALE 4-7) 11
TOTAL FM JUL 1 6092 CLOUDY (SCALE 8-10) 9
DPTR FM NORMAL M
[CDD (BASE 65) ]
TOTAL THIS MO. 17
DPTR FM NORMAL M [PRESSURE DATA]
TOTAL FM JAN 1 19 HIGHEST SLP M ON M
DPTR FM NORMAL M LOWEST SLP M ON M
[REMARKS]
#FINAL-05-20#