000
CXUS55 KPUB 011310
CF6LAA
PRELIMINARY LOCAL CLIMATOLOGICAL DATA (WS FORM: F-6)
STATION: LAMAR CO
MONTH: NOVEMBER
YEAR: 2022
LATITUDE: 38 4 N
LONGITUDE: 102 41 W
TEMPERATURE IN F: :PCPN: SNOW: WIND :SUNSHINE: SKY :PK WND
================================================================================
1 2 3 4 5 6A 6B 7 8 9 10 11 12 13 14 15 16 17 18
12Z AVG MX 2MIN
DY MAX MIN AVG DEP HDD CDD WTR SNW DPTH SPD SPD DIR MIN PSBL S-S WX SPD DR
================================================================================
1 78 23 51 4 14 0 0.00 M M 10.4 24 180 M M 0 31 170
2 81 43 62 16 3 0 0.00 M M 13.3 26 200 M M 0 39 200
3 72 34 53 7 12 0 T M M 11.5 26 10 M M 2 37 30
4 48 19 34 -12 31 0 T M M 8.1 16 360 M M 5 22 10
5 71 15 43 -2 22 0 0.00 M M 8.8 24 250 M M 0 33 240
6 60 30 45 0 20 0 0.00 M M 7.0 15 90 M M 0 21 70
7 65 26 46 2 19 0 0.00 M M 13.9 29 190 M M 2 39 180
8 79 54 67 23 0 2 0.00 M M 25.1 36 190 M M 0 52 200
9 80 42 61 17 4 0 0.00 M M 24.2 38 200 M M 0 52 190
10 57 23 40 -3 25 0 0.00 M M 6.7 23 360 M M 1 34 360
11 41 15 28 -15 37 0 0.00 M M 7.3 15 60 M M 6 21 330
12 50 6 28 -15 37 0 0.00 M M 5.8 12 140 M M 0 17 130
13 58 9 34 -8 31 0 0.00 M M 7.9 21 20 M M 0 28 50
14 42 14 28 -14 37 0 0.01 M M 8.7 21 10 M M 5 1 28 360
15 44 10 27 -15 38 0 0.00 M M 7.3 16 20 M M 4 23 350
16 47 10 29 -12 36 0 0.00 M M 7.6 22 330 M M 3 29 350
17 44 7 26 -15 39 0 T M M 8.2 25 30 M M 5 1 34 40
18 26 3 15 -25 50 0 T M M 6.3 13 220 M M 7 16 40
19 44 7 26 -14 39 0 0.00 M M 10.4 18 280 M M 0 24 280
20 56 2 29 -10 36 0 0.00 M M 6.8 14 290 M M 0 19 280
21 58 4 31 -8 34 0 0.00 M M 7.2 14 160 M M 0 19 160
22 63 10 37 -2 28 0 0.00 M M 6.6 13 270 M M 0 18 20
23 61 13 37 -1 28 0 0.00 M M 8.3 30 10 M M 0 8 39 360
24 46 18 32 -6 33 0 0.00 M M 14.6 30 10 M M 4 43 10
25 55 17 36 -1 29 0 0.00 M M 7.2 15 300 M M 0 22 300
26 60 17 39 2 26 0 0.00 M M 7.3 18 20 M M 0 8 29 20
27 46 21 34 -2 31 0 T M M 6.2 16 350 M M 5 1 21 350
28 63 11 37 1 28 0 0.00 M M 6.5 20 260 M M 0 12 29 270
29 35 2 19 -17 46 0 T M M 10.5 23 30 M M 5 1 33 40
30 48 -2 23 -12 42 0 0.00 M M 7.9 22 170 M M 0 28 160
================================================================================
SM 1678 503 855 2 0.01 M 287.6 M 54
================================================================================
AV 55.9 16.8 9.6 FASTST M M 2 MAX(MPH)
MISC ----> 38 200 # 52 200
================================================================================
NOTES:
# LAST OF SEVERAL OCCURRENCES
COLUMN 17 PEAK WIND IN M.P.H.
PRELIMINARY LOCAL CLIMATOLOGICAL DATA (WS FORM: F-6) , PAGE 2
STATION: LAMAR CO
MONTH: NOVEMBER
YEAR: 2022
LATITUDE: 38 4 N
LONGITUDE: 102 41 W
[TEMPERATURE DATA] [PRECIPITATION DATA] SYMBOLS USED IN COLUMN 16
AVERAGE MONTHLY: 36.4 TOTAL FOR MONTH: 0.01 1 = FOG OR MIST
DPTR FM NORMAL: -4.7 DPTR FM NORMAL: -0.37 2 = FOG REDUCING VISIBILITY
HIGHEST: 81 ON 2 GRTST 24HR 0.01 ON 14-14 TO 1/4 MILE OR LESS
LOWEST: -2 ON 30 3 = THUNDER
SNOW, ICE PELLETS, HAIL 4 = ICE PELLETS
TOTAL MONTH: M 5 = HAIL
GRTST 24HR M ON M 6 = FREEZING RAIN OR DRIZZLE
GRTST DEPTH: M ON M 7 = DUSTSTORM OR SANDSTORM:
VSBY 1/2 MILE OR LESS
8 = SMOKE OR HAZE
[NO. OF DAYS WITH] [WEATHER - DAYS WITH] 9 = BLOWING SNOW
X = TORNADO
MAX 32 OR BELOW: 1 0.01 INCH OR MORE: 1
MAX 90 OR ABOVE: 0 0.10 INCH OR MORE: 0
MIN 32 OR BELOW: 26 0.50 INCH OR MORE: 0
MIN 0 OR BELOW: 1 1.00 INCH OR MORE: 0
[HDD (BASE 65) ]
TOTAL THIS MO. 855 CLEAR (SCALE 0-3) 21
DPTR FM NORMAL 139 PTCLDY (SCALE 4-7) 9
TOTAL FM JUL 1 1206 CLOUDY (SCALE 8-10) 0
DPTR FM NORMAL 62
[CDD (BASE 65) ]
TOTAL THIS MO. 2
DPTR FM NORMAL 2 [PRESSURE DATA]
TOTAL FM JAN 1 1456 HIGHEST SLP 30.58 ON 19
DPTR FM NORMAL 141 LOWEST SLP 29.35 ON 28
[REMARKS]
#FINAL-11-22#