000
CXUS53 KGRR 010910
CF6LAN
PRELIMINARY LOCAL CLIMATOLOGICAL DATA (WS FORM: F-6)
STATION: LANSING
MONTH: MARCH
YEAR: 2023
LATITUDE: 42 46 N
LONGITUDE: 84 36 W
TEMPERATURE IN F: :PCPN: SNOW: WIND :SUNSHINE: SKY :PK WND
================================================================================
1 2 3 4 5 6A 6B 7 8 9 10 11 12 13 14 15 16 17 18
12Z AVG MX 2MIN
DY MAX MIN AVG DEP HDD CDD WTR SNW DPTH SPD SPD DIR MIN PSBL S-S WX SPD DR
================================================================================
1 52 30 41 11 24 0 0.01 T 0 5.4 17 120 M M 7 1 22 130
2 39 29 34 4 31 0 0.00 0.0 0 6.4 17 270 M M 8 18 23 270
3 35 27 31 1 34 0 0.44 6.5 0 11.6 28 50 M M 6 128 38 50
4 45 26 36 5 29 0 T T 7 9.5 20 330 M M 4 18 32 320
5 51 34 43 12 22 0 0.00 0.0 2 7.0 15 280 M M 3 18 21 290
6 40 33 37 5 28 0 0.27 0.7 1 10.5 22 110 M M 10 1 29 110
7 42 25 34 2 31 0 0.06 0.3 1 8.8 20 30 M M 3 1 28 50
8 44 24 34 2 31 0 0.00 0.0 0 7.7 18 30 M M 0 24 40
9 44 28 36 3 29 0 0.00 0.0 0 8.6 17 60 M M 5 25 40
10 35 30 33 0 32 0 0.26 4.1 4 11.5 24 20 M M 10 128 33 360
11 41 24 33 0 32 0 0.00 0.0 4 5.1 14 60 M M 2 17 70
12 33 25 29 -5 36 0 0.12 1.3 2 6.1 14 70 M M 10 18 19 70
13 30 22 26 -8 39 0 0.19 2.7 3 7.8 16 340 M M 10 18 23 330
14 36 18 27 -7 38 0 0.00 0.0 2 9.2 20 330 M M 2 29 330
15 45 19 32 -3 33 0 0.00 0.0 T 7.6 17 200 M M 0 22 210
16 55 35 45 10 20 0 0.04 0.0 0 11.5 24 190 M M 4 1 34 190
17 50 29 40 4 25 0 0.23 0.1 0 18.7 32 260 M M 10 18 41 260
18 29 18 24 -12 41 0 0.02 M T 19.1 30 260 M M 8 128 41 270
19 37 20 29 -7 36 0 0.00 0.0 T 14.3 25 250 M M 3 34 270
20 50 28 39 2 26 0 0.00 0.0 0 15.5 28 210 M M 1 37 240
21 55 35 45 8 20 0 0.00 0.0 0 8.8 18 200 M M 5 27 220
22 50 40 45 8 20 0 0.06 0.0 0 10.3 20 220 M M 10 18 27 200
23 48 36 42 4 23 0 0.24 0.0 0 6.9 16 320 M M 8 18 21 310
24 45 31 38 0 27 0 0.00 0.0 0 8.9 15 80 M M 1 21 90
25 43 33 38 0 27 0 0.37 T 0 14.4 33 260 M M 10 16 45 280
26 52 29 41 2 24 0 0.36 0.0 0 7.3 18 200 M M 4 1 23 210
27 50 34 42 3 23 0 0.06 0.0 0 9.2 18 340 M M 5 1 25 340
28 50 26 38 -2 27 0 0.00 0.0 0 4.7 18 260 M M 1 1 24 280
29 43 24 34 -6 31 0 0.01 T 0 11.9 30 290 M M 2 1 39 290
30 48 18 33 -7 32 0 0.05 0.0 0 5.5 18 210 M M 3 25 200
31 58 39 49 8 16 0 1.73 0.0 0 11.9 25 240 M M 10 13 40 210
================================================================================
SM 1375 869 887 0 4.52 15.7 301.7 M 165
================================================================================
AV 44.4 28.0 9.7 FASTST M M 5 MAX(MPH)
MISC ----> 33 260 45 280
================================================================================
NOTES:
# LAST OF SEVERAL OCCURRENCES
COLUMN 17 PEAK WIND IN M.P.H.
PRELIMINARY LOCAL CLIMATOLOGICAL DATA (WS FORM: F-6) , PAGE 2
STATION: LANSING
MONTH: MARCH
YEAR: 2023
LATITUDE: 42 46 N
LONGITUDE: 84 36 W
[TEMPERATURE DATA] [PRECIPITATION DATA] SYMBOLS USED IN COLUMN 16
AVERAGE MONTHLY: 36.2 TOTAL FOR MONTH: 4.52 1 = FOG OR MIST
DPTR FM NORMAL: 1.0 DPTR FM NORMAL: 2.39 2 = FOG REDUCING VISIBILITY
HIGHEST: 58 ON 31 GRTST 24HR 1.73 ON 31-31 TO 1/4 MILE OR LESS
LOWEST: 18 ON 30,18 3 = THUNDER
SNOW, ICE PELLETS, HAIL 4 = ICE PELLETS
TOTAL MONTH: 15.7 INCHES 5 = HAIL
GRTST 24HR 6.5 ON 3- 3 6 = FREEZING RAIN OR DRIZZLE
GRTST DEPTH: 7 ON 4 7 = DUSTSTORM OR SANDSTORM:
VSBY 1/2 MILE OR LESS
8 = SMOKE OR HAZE
[NO. OF DAYS WITH] [WEATHER - DAYS WITH] 9 = BLOWING SNOW
X = TORNADO
MAX 32 OR BELOW: 2 0.01 INCH OR MORE: 18
MAX 90 OR ABOVE: 0 0.10 INCH OR MORE: 10
MIN 32 OR BELOW: 22 0.50 INCH OR MORE: 1
MIN 0 OR BELOW: 0 1.00 INCH OR MORE: 1
[HDD (BASE 65) ]
TOTAL THIS MO. 887 CLEAR (SCALE 0-3) 12
DPTR FM NORMAL -38 PTCLDY (SCALE 4-7) 10
TOTAL FM JUL 1 5055 CLOUDY (SCALE 8-10) 9
DPTR FM NORMAL -721
[CDD (BASE 65) ]
TOTAL THIS MO. 0
DPTR FM NORMAL -1 [PRESSURE DATA]
TOTAL FM JAN 1 0 HIGHEST SLP 30.61 ON 8
DPTR FM NORMAL -1 LOWEST SLP 29.27 ON 25
[REMARKS]
#FINAL-03-23#