000
CXUS53 KGRR 011844 RRA
CLSLAN
WRKCLSLAN 000
TTAA00 GRR 011835
CLIMATE REPORT
NATIONAL WEATHER SERVICE GRAND RAPIDS, MICHIGAN
229 PM EDT THU SEP 01 2022
...................................
...THE LANSING CLIMATE SUMMARY FOR THE SEASON, FROM
6/1/2022 TO 8/31/2022...
CLIMATE NORMAL PERIOD: 1991 TO 2020
CLIMATE RECORD PERIOD: 1864 TO 2022
WEATHER OBSERVED NORMAL DEPART LAST YEAR`S
VALUE DATE(S) VALUE FROM VALUE DATE(S)
NORMAL
................................................................
TEMPERATURE (F)
RECORD
HIGH 103 07/06/2012
LOW 26 08/29/1863
HIGHEST 98 06/21 93 5 94 06/11
LOWEST 48 06/04 39 9 42 06/22
AVG. MAXIMUM 83.3 80.8 2.5 83.6
AVG. MINIMUM 61.2 59.2 2.0 62.8
MEAN 72.2 70.0 2.2 73.2
DAYS MAX >= 90 16 8.1 7.9 11
DAYS MAX <= 32 0 0.0 0.0 0
DAYS MIN <= 32 0 0.0 0.0 0
DAYS MIN <= 0 0 0.0 0.0 0
PRECIPITATION (INCHES)
RECORD
MAXIMUM 22.78 1883
MINIMUM 2.16 1884
TOTALS 9.83 10.18 -0.35 14.97
DAILY AVG. 0.10 0.11 -0.01 0.17
DAYS >= .01 30 29.7 0.3 37
DAYS >= .10 19 18.0 1.0 22
DAYS >= .50 6 6.8 -0.8 7
DAYS >= 1.00 2 2.6 -0.6 3
GREATEST
24 HR. TOTAL 1.91 08/07 TO 08/08
SNOWFALL (INCHES)
RECORDS
TOTAL MM MM
SNOW DEPTH MM MM
TOTALS 0.0 0.0 0.0 0.0
SINCE 7/1 0.0 0.0 0.0 MM
SNOWDEPTH AVG. 0 0
DAYS >= TRACE 0 0.0 0.0 0
DAYS >= 1.0 0 0.0 0.0 0
GREATEST
SNOW DEPTH 0 0 MM
DEGREE DAYS
HEATING TOTAL 14 79 -65 24
SINCE 7/1 4 28 -24 MM
COOLING TOTAL 706 537 169 804
SINCE 1/1 823 583 240 MM
FREEZE DATES
RECORD
EARLIEST 08/03/1894
LATEST 07/15/1863
EARLIEST MM
LATEST 04/28
................................................................
WIND (MPH)
AVERAGE WIND SPEED 7.2
RESULTANT WIND SPEED/DIRECTION 3/250
HIGHEST WIND SPEED/DIRECTION 44/270 DATE 07/23
HIGHEST GUST SPEED/DIRECTION 60/270 DATE 07/23
SKY COVER
AVERAGE SKY COVER 0.30
NUMBER OF DAYS FAIR 56
NUMBER OF DAYS PC 33
NUMBER OF DAYS CLOUDY 3
AVERAGE RH (PERCENT) 66
WEATHER CONDITIONS. NUMBER OF DAYS WITH
THUNDERSTORM 15 MIXED PRECIP 0
HEAVY RAIN 12 RAIN 17
LIGHT RAIN 30 FREEZING RAIN 0
LT FREEZING RAIN 0 HAIL 0
HEAVY SNOW 0 SNOW 0
LIGHT SNOW 0 SLEET 0
FOG 39 FOG W/VIS <= 1/4 MILE 2
HAZE 13
- INDICATES NEGATIVE NUMBERS.
R INDICATES RECORD WAS SET OR TIED.
MM INDICATES DATA IS MISSING.
T INDICATES TRACE AMOUNT.
$$