000
CXUS54 KLUB 061626
CF6LBB
PRELIMINARY LOCAL CLIMATOLOGICAL DATA (WS FORM: F-6)
STATION: LUBBOCK
MONTH: OCTOBER
YEAR: 2023
LATITUDE: 33 39 N
LONGITUDE: 101 49 W
TEMPERATURE IN F: :PCPN: SNOW: WIND :SUNSHINE: SKY :PK WND
================================================================================
1 2 3 4 5 6A 6B 7 8 9 10 11 12 13 14 15 16 17 18
12Z AVG MX 2MIN
DY MAX MIN AVG DEP HDD CDD WTR SNW DPTH SPD SPD DIR MIN PSBL S-S WX SPD DR
================================================================================
1 85 67 76 9 0 11 0.05 0.0 0 12.4 24 140 M M 8 32 130
2 85 63 74 7 0 9 0.84 0.0 0 11.9 29 270 M M 7 13 38 260
3 83 62 73 6 0 8 0.79 0.0 0 13.1 29 110 M M 6 13 38 110
4 82 62 72 6 0 7 0.17 T 0 10.0 18 40 M M 6 1358 25 60
5 77 59 68 2 0 3 0.00 0.0 0 8.8 17 10 M M 3 1 24 70
6 81 51 66 0 0 1 0.00 0.0 0 7.3 30 50 M M 2 8 42 50
7 68 45 57 -8 8 0 0.00 0.0 0 7.1 17 50 M M 2 22 50
8 81 47 64 -1 1 0 0.00 0.0 0 9.6 17 220 M M 0 26 220
9 84 51 68 4 0 3 0.00 0.0 0 7.5 18 220 M M 1 26 230
10 83 53 68 4 0 3 T 0.0 0 11.2 29 180 M M 2 38 170
11 88 62 75 11 0 10 0.00 0.0 0 14.2 26 190 M M 2 1 37 180
12 88 55 72 9 0 7 0.00 0.0 0 13.4 25 190 M M 1 36 200
13 72 44 58 -5 7 0 0.00 0.0 0 12.0 26 10 M M 0 36 10
14 67 39 53 -10 12 0 0.00 0.0 0 7.4 16 20 M M 2 20 20
15 71 38 55 -7 10 0 0.00 0.0 0 5.1 10 20 M M 0 17 50
16 75 40 58 -4 7 0 0.00 0.0 0 5.9 13 170 M M 0 18 180
17 83 48 66 4 0 1 0.00 0.0 0 12.2 22 200 M M 0 28 180
18 80 51 66 5 0 1 0.00 0.0 0 13.4 24 10 M M 0 34 360
19 84 45 65 4 0 0 0.00 0.0 0 7.1 13 260 M M 0 17 270
20 87 46 67 7 0 2 0.00 0.0 0 8.2 15 180 M M 1 20 190
21 90 59 75 15 0 10 0.00 0.0 0 11.5 23 180 M M 8 28 180
22 79 60 70 10 0 5 0.00 0.0 0 11.2 23 160 M M 8 29 170
23 75 62 69 10 0 4 0.38 0.0 0 13.5 29 180 M M 8 1 35 170
24 78 59 69 10 0 4 0.58 0.0 0 9.7 30 300 M M 6 13 44 270
25 75 59 67 9 0 2 0.45 0.0 0 10.4 22 310 M M 6 13 29 310
26 78 52 65 7 0 0 0.00 0.0 0 10.7 21 220 M M 0 30 190
27 65 45 55 -3 10 0 0.00 0.0 0 11.0 23 350 M M 4 29 360
28 53 39 46 -11 19 0 0.11 0.0 0 11.1 22 50 M M 10 12 30 40
29 39 31 35 -22 30 0 0.01 0.0 0 18.9 26 20 M M 10 136 37 20
30 47 28 38 -18 27 0 0.00 0.0 0 5.7 22 20 M M 3 28 20
31 57 26 42 -14 23 0 0.00 0.0 0 7.5 14 120 M M 0 19 60
================================================================================
SM 2340 1548 154 91 3.38 T 319.0 M 106
================================================================================
AV 75.5 49.9 10.3 FASTST M M 3 MAX(MPH)
MISC ----> # 30 50 44 270
================================================================================
NOTES:
# LAST OF SEVERAL OCCURRENCES
COLUMN 17 PEAK WIND IN M.P.H.
PRELIMINARY LOCAL CLIMATOLOGICAL DATA (WS FORM: F-6) , PAGE 2
STATION: LUBBOCK
MONTH: OCTOBER
YEAR: 2023
LATITUDE: 33 39 N
LONGITUDE: 101 49 W
[TEMPERATURE DATA] [PRECIPITATION DATA] SYMBOLS USED IN COLUMN 16
AVERAGE MONTHLY: 62.7 TOTAL FOR MONTH: 3.38 1 = FOG OR MIST
DPTR FM NORMAL: 0.9 DPTR FM NORMAL: 1.85 2 = FOG REDUCING VISIBILITY
HIGHEST: 90 ON 21 GRTST 24HR 1.63 ON 2- 3 TO 1/4 MILE OR LESS
LOWEST: 26 ON 31 3 = THUNDER
SNOW, ICE PELLETS, HAIL 4 = ICE PELLETS
TOTAL MONTH: T 5 = HAIL
GRTST 24HR T ON 4- 4 6 = FREEZING RAIN OR DRIZZLE
GRTST DEPTH: 0 7 = DUSTSTORM OR SANDSTORM:
VSBY 1/2 MILE OR LESS
8 = SMOKE OR HAZE
[NO. OF DAYS WITH] [WEATHER - DAYS WITH] 9 = BLOWING SNOW
X = TORNADO
MAX 32 OR BELOW: 0 0.01 INCH OR MORE: 9
MAX 90 OR ABOVE: 1 0.10 INCH OR MORE: 7
MIN 32 OR BELOW: 3 0.50 INCH OR MORE: 3
MIN 0 OR BELOW: 0 1.00 INCH OR MORE: 0
[HDD (BASE 65) ]
TOTAL THIS MO. 154 CLEAR (SCALE 0-3) 19
DPTR FM NORMAL -6 PTCLDY (SCALE 4-7) 9
TOTAL FM JUL 1 154 CLOUDY (SCALE 8-10) 3
DPTR FM NORMAL -25
[CDD (BASE 65) ]
TOTAL THIS MO. 91
DPTR FM NORMAL 31 [PRESSURE DATA]
TOTAL FM JAN 1 2429 HIGHEST SLP 30.53 ON 30
DPTR FM NORMAL 485 LOWEST SLP 29.37 ON 12
[REMARKS]
#FINAL-10-23#