000
CXUS54 KLUB 011349
CLMLBB
CLIMATE REPORT
NATIONAL WEATHER SERVICE LUBBOCK TX
849 AM CDT MON MAY 01 2023
...................................
...THE LUBBOCK CLIMATE SUMMARY FOR THE MONTH OF APRIL 2023...
CLIMATE NORMAL PERIOD 1991 TO 2020
CLIMATE RECORD PERIOD 1911 TO 2023
WEATHER OBSERVED NORMAL DEPART LAST YEAR`S
VALUE DATE(S) VALUE FROM VALUE DATE(S)
NORMAL
................................................................
TEMPERATURE (F)
RECORD
HIGH 104 04/25/2012
LOW 18 04/04/1920
HIGHEST 93 04/30 96 04/28
LOWEST 29 04/07 32 04/08
AVG. MAXIMUM 76.4 76.0 0.4 81.2
AVG. MINIMUM 44.3 46.3 -2.0 48.4
MEAN 60.3 61.2 -0.9 64.8
DAYS MAX >= 90 3 2.4 0.6 6
DAYS MAX <= 32 0 0.0 0.0 0
DAYS MIN <= 32 2 1.5 0.5 1
DAYS MIN <= 0 0 0.0 0.0 0
PRECIPITATION (INCHES)
RECORD
MAXIMUM 6.18 1915
MINIMUM 0.00 2011
TOTALS 0.11 1.33 -1.22 T
DAILY AVG. 0.00 0.04 -0.04 0.00
DAYS >= .01 2 4.4 -2.4 0
DAYS >= .10 0 2.4 -2.4 0
DAYS >= .50 0 0.9 -0.9 0
DAYS >= 1.00 0 0.3 -0.3 0
GREATEST
24 HR. TOTAL 0.08 04/09 TO 04/09
SNOWFALL (INCHES)
RECORDS
TOTAL 6.8 1942
24 HR TOTAL 0.0
SNOW DEPTH 0
TOTALS 0.0 0.1 -0.1 0.0
SINCE 7/1 7.2 7.0 0.2 MM
SNOWDEPTH AVG. 0 0
DAYS >= TRACE 0 0.1 -0.1 0
DAYS >= 1.0 0 0.0 0.0 0
GREATEST
SNOW DEPTH 0 0
24 HR TOTAL 0 0.0
DEGREE DAYS
HEATING TOTAL 168 169 -1 110
SINCE 7/1 3039 3202 -163 MM
COOLING TOTAL 36 53 -17 110
SINCE 1/1 41 63 -22 MM
................................................................
WIND (MPH)
AVERAGE WIND SPEED 13.2
HIGHEST WIND SPEED/DIRECTION 46/240 DATE 04/04
HIGHEST GUST SPEED/DIRECTION 66/230 DATE 04/04
SKY COVER
POSSIBLE SUNSHINE (PERCENT) MM
AVERAGE SKY COVER 0.38
NUMBER OF DAYS FAIR 16
NUMBER OF DAYS PC 11
NUMBER OF DAYS CLOUDY 3
AVERAGE RH (PERCENT) 40
WEATHER CONDITIONS. NUMBER OF DAYS WITH
THUNDERSTORM 1 MIXED PRECIP 0
HEAVY RAIN 0 RAIN 1
LIGHT RAIN 4 FREEZING RAIN 0
LT FREEZING RAIN 0 HAIL 0
HEAVY SNOW 0 SNOW 0
LIGHT SNOW 0 SLEET 0
FOG 2 FOG W/VIS <= 1/4 MILE 0
HAZE 5
- INDICATES NEGATIVE NUMBERS.
R INDICATES RECORD WAS SET OR TIED.
MM INDICATES DATA IS MISSING.
T INDICATES TRACE AMOUNT.
$$