680
CXUS55 KLBF 011355
CF6LBF
PRELIMINARY LOCAL CLIMATOLOGICAL DATA (WS FORM: F-6)
STATION: NORTH PLATTE
MONTH: OCTOBER
YEAR: 2020
LATITUDE: 41 7 N
LONGITUDE: 100 41 W
TEMPERATURE IN F: :PCPN: SNOW: WIND :SUNSHINE: SKY :PK WND
================================================================================
1 2 3 4 5 6A 6B 7 8 9 10 11 12 13 14 15 16 17 18
12Z AVG MX 2MIN
DY MAX MIN AVG DEP HDD CDD WTR SNW DPTH SPD SPD DIR MIN PSBL S-S WX SPD DR
================================================================================
1 63 30 47 -8 18 0 0.00 0.0 0 8.0 21 330 M M 1 30 330
2 77 30 54 -1 11 0 T 0.0 0 6.3 35 10 M M 2 48 10
3 70 34 52 -2 13 0 0.00 0.0 0 8.4 21 330 M M 1 28 320
4 80 32 56 2 9 0 0.00 0.0 0 5.9 15 180 M M 0 20 160
5 89 37 63 10 2 0 0.00 0.0 0 8.1 23 350 M M 1 31 350
6 89 37 63 10 2 0 0.00 0.0 0 5.6 17 230 M M 0 24 230
7 85 36 61 8 4 0 0.00 0.0 0 8.4 20 80 M M 0 29 80
8 85 41 63 11 2 0 0.00 0.0 0 6.0 18 170 M M 0 27 160
9 95 40 68 16 0 3 0.00 0.0 M 5.9 18 310 M M 0 24 290
10 83 40 62 11 3 0 0.00 0.0 0 7.4 16 110 M M 0 22 100
11 82 41 62 11 3 0 0.02 0.0 0 12.8 39 310 M M 2 57 310
12 78 28 53 2 12 0 0.00 0.0 0 8.1 26 230 M M 0 34 230
13 73 35 54 4 11 0 0.00 0.0 0 6.5 17 10 M M 0 23 360
14 66 46 56 6 9 0 0.00 0.0 0 13.1 30 330 M M 1 44 350
15 59 31 45 -4 20 0 0.00 0.0 0 9.8 26 300 M M 3 36 300
16 66 29 48 -1 17 0 0.00 0.0 0 8.4 22 220 M M 2 31 230
17 69 33 51 2 14 0 0.01 T 0 10.8 23 10 M M 4 32 20
18 39 30 35 -13 30 0 0.18 0.8 0 8.4 18 140 M M 10 16 31 130
19 57 30 44 -4 21 0 T 0.0 T 8.0 17 200 M M 5 6 23 200
20 65 35 50 2 15 0 0.00 0.0 0 9.6 20 340 M M 0 28 340
21 57 36 47 0 18 0 0.00 0.0 0 10.9 22 160 M M 5 1 30 160
22 44 31 38 -9 27 0 0.03 T 0 13.2 23 360 M M 10 1 35 360
23 33 18 26 -20 39 0 0.00 0.0 0 9.9 22 360 M M 7 32 320
24 33 20 27 -19 38 0 0.02 0.2 0 10.2 20 160 M M 9 25 160
25 30 15 23 -23 42 0 0.12 2.0 T 11.9 21 10 M M 10 18 29 30
26 23 13 18 -27 47 0 T T 1 6.5 12 260 M M 3 15 250
27 41 5 23 -22 42 0 0.00 0.0 1 7.2 16 240 M M 0 20 240
28 62 15 39 -5 26 0 0.00 0.0 T 7.5 21 360 M M 0 30 10
29 67 29 48 4 17 0 0.00 0.0 0 5.0 16 210 M M 3 12 21 210
30 72 27 50 7 15 0 0.00 0.0 0 6.5 17 180 M M 0 24 180
31 66 28 47 4 18 0 0.00 0.0 0 12.0 28 320 M M 0 38 320
================================================================================
SM 1998 932 545 3 0.38 3.0 266.3 M 79
================================================================================
AV 64.5 30.1 8.6 FASTST M M 3 MAX(MPH)
MISC ----> 39 310 57 310
================================================================================
NOTES:
# LAST OF SEVERAL OCCURRENCES
COLUMN 17 PEAK WIND IN M.P.H.
PRELIMINARY LOCAL CLIMATOLOGICAL DATA (WS FORM: F-6) , PAGE 2
STATION: NORTH PLATTE
MONTH: OCTOBER
YEAR: 2020
LATITUDE: 41 7 N
LONGITUDE: 100 41 W
[TEMPERATURE DATA] [PRECIPITATION DATA] SYMBOLS USED IN COLUMN 16
AVERAGE MONTHLY: 47.3 TOTAL FOR MONTH: 0.38 1 = FOG OR MIST
DPTR FM NORMAL: -1.8 DPTR FM NORMAL: -1.17 2 = FOG REDUCING VISIBILITY
HIGHEST: 95 ON 9 GRTST 24HR 0.18 ON 18-18 TO 1/4 MILE OR LESS
LOWEST: 5 ON 27 3 = THUNDER
SNOW, ICE PELLETS, HAIL 4 = ICE PELLETS
TOTAL MONTH: 3.0 INCHES 5 = HAIL
GRTST 24HR 2.0 ON 25-25 6 = FREEZING RAIN OR DRIZZLE
GRTST DEPTH: 1 ON 27,26 7 = DUSTSTORM OR SANDSTORM:
VSBY 1/2 MILE OR LESS
8 = SMOKE OR HAZE
[NO. OF DAYS WITH] [WEATHER - DAYS WITH] 9 = BLOWING SNOW
X = TORNADO
MAX 32 OR BELOW: 2 0.01 INCH OR MORE: 6
MAX 90 OR ABOVE: 1 0.10 INCH OR MORE: 2
MIN 32 OR BELOW: 18 0.50 INCH OR MORE: 0
MIN 0 OR BELOW: 0 1.00 INCH OR MORE: 0
[HDD (BASE 65) ]
TOTAL THIS MO. 545 CLEAR (SCALE 0-3) 21
DPTR FM NORMAL 47 PTCLDY (SCALE 4-7) 6
TOTAL FM JUL 1 662 CLOUDY (SCALE 8-10) 4
DPTR FM NORMAL -7
[CDD (BASE 65) ]
TOTAL THIS MO. 3
DPTR FM NORMAL 0 [PRESSURE DATA]
TOTAL FM JAN 1 1119 HIGHEST SLP 30.59 ON 26
DPTR FM NORMAL 351 LOWEST SLP 29.47 ON 11
[REMARKS]
#FINAL-10-20#