000
CXUS53 KLMK 010710
CF6LEX
PRELIMINARY LOCAL CLIMATOLOGICAL DATA (WS FORM: F-6)
STATION: LEXINGTON KY
MONTH: MAY
YEAR: 2021
LATITUDE: 38 1 N
LONGITUDE: 84 36 W
TEMPERATURE IN F: :PCPN: SNOW: WIND :SUNSHINE: SKY :PK WND
================================================================================
1 2 3 4 5 6A 6B 7 8 9 10 11 12 13 14 15 16 17 18
12Z AVG MX 2MIN
DY MAX MIN AVG DEP HDD CDD WTR SNW DPTH SPD SPD DIR MIN PSBL S-S WX SPD DR
================================================================================
1 69 35 52 -9 13 0 0.00 0.0 0 8.0 15 210 M M 0 23 210
2 74 53 64 2 1 0 0.07 0.0 0 8.0 18 220 M M 4 1 24 220
3 73 59 66 4 0 1 0.39 0.0 0 11.0 23 230 M M 7 1 33 220
4 76 58 67 5 0 2 1.30 0.0 0 10.5 22 190 M M 5 13 32 180
5 62 46 54 -8 11 0 0.31 0.0 0 8.6 16 280 M M 7 1 23 280
6 64 36 50 -13 15 0 0.01 0.0 0 4.0 17 270 M M 3 26 270
7 63 42 53 -10 12 0 0.06 0.0 0 9.2 28 260 M M 7 1 46 250
8 63 40 52 -11 13 0 T 0.0 0 4.9 16 330 M M 5 22 340
9 68 44 56 -8 9 0 0.20 0.0 0 15.9 33 210 M M 9 1 48 210
10 61 41 51 -13 14 0 0.00 0.0 0 8.1 17 40 M M 5 24 20
11 63 38 51 -13 14 0 0.00 0.0 0 7.8 15 30 M M 3 22 40
12 62 44 53 -11 12 0 0.00 0.0 0 11.4 23 60 M M 3 8 31 60
13 65 39 52 -13 13 0 0.00 0.0 0 7.4 20 50 M M 1 26 60
14 69 39 54 -11 11 0 0.00 0.0 0 4.8 13 10 M M 1 20 20
15 72 39 56 -9 9 0 0.00 0.0 0 2.9 13 140 M M 1 8 17 110
16 67 53 60 -5 5 0 0.01 0.0 0 5.4 14 180 M M 9 1 18 170
17 73 58 66 0 0 1 0.00 0.0 0 7.4 13 90 M M 8 18 70
18 78 60 69 3 0 4 0.05 0.0 0 7.6 16 150 M M 5 1 23 150
19 82 59 71 5 0 6 0.00 0.0 0 6.0 13 160 M M 2 16 160
20 82 60 71 5 0 6 0.00 0.0 0 5.6 15 220 M M 1 20 190
21 84 59 72 5 0 7 0.00 0.0 0 4.7 12 240 M M 1 15 240
22 85 57 71 4 0 6 0.00 0.0 0 1.9 10 310 M M 0 16 310
23 86 58 72 5 0 7 0.00 0.0 0 2.8 10 320 M M 1 16 350
24 86 62 74 6 0 9 0.00 0.0 0 3.3 12 260 M M 2 16 270
25 88 59 74 6 0 9 0.00 0.0 0 5.3 15 190 M M 1 20 190
26 83 63 73 5 0 8 0.78 0.0 0 8.3 23 220 M M 3 123 32 230
27 82 62 72 4 0 7 T 0.0 0 4.2 10 210 M M 4 12 17 150
28 75 51 63 -6 2 0 1.59 0.0 0 8.7 26 340 M M 8 12 38 330
29 52 46 49 -20 16 0 0.01 0.0 0 8.6 16 350 M M 10 1 23 10
30 63 44 54 -15 11 0 0.00 0.0 0 5.6 14 40 M M 7 19 50
31 74 43 59 -11 6 0 0.00 0.0 0 4.2 12 110 M M 0 20 130
================================================================================
SM 2244 1547 187 73 4.78 0.0 212.1 M 123
================================================================================
AV 72.4 49.9 6.8 FASTST M M 4 MAX(MPH)
MISC ----> 33 210 48 210
================================================================================
NOTES:
# LAST OF SEVERAL OCCURRENCES
COLUMN 17 PEAK WIND IN M.P.H.
PRELIMINARY LOCAL CLIMATOLOGICAL DATA (WS FORM: F-6) , PAGE 2
STATION: LEXINGTON KY
MONTH: MAY
YEAR: 2021
LATITUDE: 38 1 N
LONGITUDE: 84 36 W
[TEMPERATURE DATA] [PRECIPITATION DATA] SYMBOLS USED IN COLUMN 16
AVERAGE MONTHLY: 61.1 TOTAL FOR MONTH: 4.78 1 = FOG OR MIST
DPTR FM NORMAL: -4.3 DPTR FM NORMAL: -0.66 2 = FOG REDUCING VISIBILITY
HIGHEST: 88 ON 25 GRTST 24HR 1.61 ON 4- 5 TO 1/4 MILE OR LESS
LOWEST: 35 ON 1 3 = THUNDER
SNOW, ICE PELLETS, HAIL 4 = ICE PELLETS
TOTAL MONTH: 0.0 INCH 5 = HAIL
GRTST 24HR 0.0 6 = FREEZING RAIN OR DRIZZLE
GRTST DEPTH: 0 7 = DUSTSTORM OR SANDSTORM:
VSBY 1/2 MILE OR LESS
8 = SMOKE OR HAZE
[NO. OF DAYS WITH] [WEATHER - DAYS WITH] 9 = BLOWING SNOW
X = TORNADO
MAX 32 OR BELOW: 0 0.01 INCH OR MORE: 12
MAX 90 OR ABOVE: 0 0.10 INCH OR MORE: 6
MIN 32 OR BELOW: 0 0.50 INCH OR MORE: 3
MIN 0 OR BELOW: 0 1.00 INCH OR MORE: 2
[HDD (BASE 65) ]
TOTAL THIS MO. 187 CLEAR (SCALE 0-3) 14
DPTR FM NORMAL 91 PTCLDY (SCALE 4-7) 14
TOTAL FM JUL 1 4709 CLOUDY (SCALE 8-10) 3
DPTR FM NORMAL 285
[CDD (BASE 65) ]
TOTAL THIS MO. 73
DPTR FM NORMAL -35 [PRESSURE DATA]
TOTAL FM JAN 1 83 HIGHEST SLP M ON M
DPTR FM NORMAL -52 LOWEST SLP 29.64 ON 3
[REMARKS]
#FINAL-05-21#