000
CXUS51 KOKX 010910
CF6LGA
PRELIMINARY LOCAL CLIMATOLOGICAL DATA (WS FORM: F-6)
STATION: LAGUARDIA NY
MONTH: JULY
YEAR: 2023
LATITUDE: 40 46 N
LONGITUDE: 73 54 W
TEMPERATURE IN F: :PCPN: SNOW: WIND :SUNSHINE: SKY :PK WND
================================================================================
1 2 3 4 5 6A 6B 7 8 9 10 11 12 13 14 15 16 17 18
12Z AVG MX 2MIN
DY MAX MIN AVG DEP HDD CDD WTR SNW DPTH SPD SPD DIR MIN PSBL S-S WX SPD DR
================================================================================
1 83 71 77 -1 0 12 0.00 0.0 0 10.0 20 160 M M 5 8 24 180
2 91 72 82 4 0 17 0.60 0.0 0 9.8 26 190 M M 9 138 33 190
3 91 74 83 5 0 18 0.37 0.0 0 8.3 20 160 M M 7 13 24 160
4 83 73 78 0 0 13 0.28 0.0 0 4.2 12 170 M M 7 138 14 170
5 94 71 83 5 0 18 0.00 0.0 0 6.3 16 170 M M 2 18 22 170
6 90 76 83 4 0 18 0.00 0.0 0 8.3 16 170 M M 3 21 170
7 87 76 82 3 0 17 0.00 0.0 0 7.3 15 170 M M 7 20 170
8 87 75 81 2 0 16 T 0.0 0 8.1 15 170 M M 8 3 18 180
9 83 71 77 -2 0 12 1.17 0.0 0 9.1 20 170 M M 8 13 23 170
10 87 73 80 1 0 15 0.00 0.0 M 9.1 17 320 M M 7 22 300
11 90 72 81 2 0 16 0.00 0.0 0 7.9 15 310 M M 2 19 310
12 93 79 86 7 0 21 0.00 0.0 0 6.1 21 170 M M 5 25 170
13 89 79 84 5 0 19 0.00 0.0 0 12.4 28 170 M M 6 3 36 160
14 84 72 78 -1 0 13 0.24 0.0 0 8.6 18 260 M M 8 3 24 260
15 89 73 81 1 0 16 0.01 0.0 0 8.6 20 160 M M 8 3 25 170
16 81 74 78 -2 0 13 1.39 0.0 0 8.2 21 170 M M 10 13 27 170
17 90 75 83 3 0 18 0.00 0.0 0 6.9 18 160 M M 5 8 25 160
18 86 75 81 1 0 16 0.03 0.0 0 7.8 20 160 M M 7 3 30 250
19 82 74 78 -2 0 13 0.23 0.0 0 5.6 14 170 M M 7 8 19 300
20 85 72 79 -1 0 14 0.00 0.0 0 7.8 14 170 M M 6 18 20 50
21 87 75 81 1 0 16 0.28 0.0 0 9.5 17 270 M M 6 138 22 250
22 84 71 78 -2 0 13 0.00 0.0 0 8.1 17 320 M M 5 20 320
23 88 72 80 0 0 15 0.00 0.0 0 7.3 17 170 M M 3 22 170
24 87 76 82 2 0 17 0.00 0.0 0 9.8 18 180 M M 5 24 180
25 88 70 79 -1 0 14 0.33 0.0 0 6.5 23 310 M M 5 13 32 280
26 89 71 80 0 0 15 0.00 0.0 0 7.5 18 160 M M 5 23 160
27 95 76 86 6 0 21 0.41 0.0 0 12.4 29 320 M M 8 13 34 210
28 94 78 86 7 0 21 0.00 0.0 0 6.6 17 240 M M 5 3 23 240
29 91 71 81 2 0 16 0.05 0.0 0 12.4 37 270 M M 7 3 53 260
30 80 67 74 -5 0 9 0.00 0.0 0 10.8 20 320 M M 5 25 330
31 85 69 77 -2 0 12 0.00 0.0 0 7.7 17 20 M M 4 21 310
================================================================================
SM 2713 2273 0 484 5.39 0.0 259.0 M 185
================================================================================
AV 87.5 73.3 8.4 FASTST M M 6 MAX(MPH)
MISC ----> 37 270 53 260
================================================================================
NOTES:
# LAST OF SEVERAL OCCURRENCES
COLUMN 17 PEAK WIND IN M.P.H.
PRELIMINARY LOCAL CLIMATOLOGICAL DATA (WS FORM: F-6) , PAGE 2
STATION: LAGUARDIA NY
MONTH: JULY
YEAR: 2023
LATITUDE: 40 46 N
LONGITUDE: 73 54 W
[TEMPERATURE DATA] [PRECIPITATION DATA] SYMBOLS USED IN COLUMN 16
AVERAGE MONTHLY: 80.4 TOTAL FOR MONTH: 5.39 1 = FOG OR MIST
DPTR FM NORMAL: 1.2 DPTR FM NORMAL: 1.09 2 = FOG REDUCING VISIBILITY
HIGHEST: 95 ON 27 GRTST 24HR 1.40 ON 15-16 TO 1/4 MILE OR LESS
LOWEST: 67 ON 30 3 = THUNDER
SNOW, ICE PELLETS, HAIL 4 = ICE PELLETS
TOTAL MONTH: 0.0 INCH 5 = HAIL
GRTST 24HR 0.0 6 = FREEZING RAIN OR DRIZZLE
GRTST DEPTH: 0 7 = DUSTSTORM OR SANDSTORM:
VSBY 1/2 MILE OR LESS
8 = SMOKE OR HAZE
[NO. OF DAYS WITH] [WEATHER - DAYS WITH] 9 = BLOWING SNOW
X = TORNADO
MAX 32 OR BELOW: 0 0.01 INCH OR MORE: 13
MAX 90 OR ABOVE: 10 0.10 INCH OR MORE: 10
MIN 32 OR BELOW: 0 0.50 INCH OR MORE: 3
MIN 0 OR BELOW: 0 1.00 INCH OR MORE: 2
[HDD (BASE 65) ]
TOTAL THIS MO. 0 CLEAR (SCALE 0-3) 3
DPTR FM NORMAL 0 PTCLDY (SCALE 4-7) 25
TOTAL FM JUL 1 0 CLOUDY (SCALE 8-10) 3
DPTR FM NORMAL 0
[CDD (BASE 65) ]
TOTAL THIS MO. 484
DPTR FM NORMAL 45 [PRESSURE DATA]
TOTAL FM JAN 1 768 HIGHEST SLP M ON M
DPTR FM NORMAL -16 LOWEST SLP 29.62 ON 29
[REMARKS]
#FINAL-07-23#