000
CXUS54 KLZK 011131
CF6LLQ
PRELIMINARY LOCAL CLIMATOLOGICAL DATA (WS FORM: F-6)
STATION: Monticello
MONTH: AUGUST
YEAR: 2020
LATITUDE: 33 37 N
LONGITUDE: 91 45 W
TEMPERATURE IN F: :PCPN: SNOW: WIND :SUNSHINE: SKY :PK WND
================================================================================
1 2 3 4 5 6A 6B 7 8 9 10 11 12 13 14 15 16 17 18
12Z AVG MX 2MIN
DY MAX MIN AVG DEP HDD CDD WTR SNW DPTH SPD SPD DIR MIN PSBL S-S WX SPD DR
================================================================================
1 86 70 78 -4 0 13 0.00 0.0 0 4.3 10 270 M M 4 18 260
2 90 70 80 -2 0 15 0.00 0.0 0 1.7 8 280 M M 1 11 260
3 90 69 80 -2 0 15 0.00 0.0 0 2.0 10 300 M M 2 3 16 320
4 85 69 77 -5 0 12 0.00 0.0 0 3.4 12 40 M M 2 18 50
5 86 66 76 -6 0 11 0.00 0.0 0 2.3 13 40 M M 0 18 50
6 88 63 76 -6 0 11 0.00 0.0 0 3.1 12 80 M M 0 16 50
7 91 70 81 -1 0 16 0.00 0.0 0 1.6 13 50 M M 1 15 50
8 95 71 83 1 0 18 0.00 0.0 0 1.5 8 160 M M 0 12 160
9 96 75 86 4 0 21 0.00 0.0 0 4.2 12 220 M M 1 17 180
10 96 78 87 5 0 22 0.00 0.0 0 4.6 12 220 M M 1 15 210
11 98 74 86 4 0 21 0.00 0.0 0 5.6 15 350 M M 2 3 26 10
12 88 73 81 -1 0 16 0.05 0.0 0 2.9 10 60 M M 3 14 70
13 88 74 81 -1 0 16 0.00 0.0 0 4.7 14 160 M M 4 18 170
14 88 73 81 -1 0 16 0.40 0.0 0 2.3 23 280 M M 4 13 35 300
15 95 73 84 2 0 19 0.00 0.0 0 2.2 8 40 M M 1 1 12 40
16 94 71 83 1 0 18 0.00 0.0 0 3.7 12 330 M M 1 1 17 50
17 92 68 80 -2 0 15 0.00 0.0 0 4.4 12 60 M M 0 16 50
18 91 67 79 -3 0 14 0.00 0.0 0 3.1 10 30 M M 1 15 340
19 87 68 78 -4 0 13 0.00 0.0 0 4.7 14 50 M M 1 19 50
20 88 66 77 -4 0 12 0.00 0.0 0 3.5 14 50 M M 2 19 50
21 90 69 80 -1 0 15 0.36 0.0 0 2.4 15 50 M M 5 13 21 360
22 91 67 79 -2 0 14 0.00 0.0 0 2.3 10 50 M M 0 1 14 50
23 93 66 80 -1 0 15 0.00 0.0 0 2.9 13 50 M M 0 1 17 50
24 93 68 81 0 0 16 0.00 0.0 0 4.1 15 50 M M 1 21 50
25 92 72 82 1 0 17 T 0.0 0 6.1 18 70 M M 4 26 80
26 95 74 85 4 0 20 0.00 0.0 0 6.8 17 130 M M 5 3 24 140
27 78 72 75 -6 0 10 2.80 0.0 0 16.7 35 100 M M 8 13 49 150
28 92 73 83 3 0 18 T 0.0 0 9.3 18 250 M M 3 27 220
29 94 73 84 4 0 19 0.17 0.0 0 5.0 17 70 M M 3 13 22 50
30 90 74 82 2 0 17 0.00 0.0 0 2.4 9 320 M M 2 1 12 330
31 91 78 85 5 0 20 T 0.0 0 5.2 16 300 M M 4 8 22 300
================================================================================
SM 2811 2194 0 495 3.78 0.0 129.0 M 66
================================================================================
AV 90.7 70.8 4.2 FASTST M M 2 MAX(MPH)
MISC ----> # 35 100 # 49 150
================================================================================
NOTES:
# LAST OF SEVERAL OCCURRENCES
COLUMN 17 PEAK WIND IN M.P.H.
PRELIMINARY LOCAL CLIMATOLOGICAL DATA (WS FORM: F-6) , PAGE 2
STATION: Monticello
MONTH: AUGUST
YEAR: 2020
LATITUDE: 33 37 N
LONGITUDE: 91 45 W
[TEMPERATURE DATA] [PRECIPITATION DATA] SYMBOLS USED IN COLUMN 16
AVERAGE MONTHLY: 80.7 TOTAL FOR MONTH: 3.78 1 = FOG OR MIST
DPTR FM NORMAL: -0.7 DPTR FM NORMAL: 0.93 2 = FOG REDUCING VISIBILITY
HIGHEST: 98 ON 11 GRTST 24HR 2.80 ON 27-27 TO 1/4 MILE OR LESS
LOWEST: 63 ON 6 3 = THUNDER
SNOW, ICE PELLETS, HAIL 4 = ICE PELLETS
TOTAL MONTH: 0.0 INCH 5 = HAIL
GRTST 24HR 0.0 6 = FREEZING RAIN OR DRIZZLE
GRTST DEPTH: 0 7 = DUSTSTORM OR SANDSTORM:
VSBY 1/2 MILE OR LESS
8 = SMOKE OR HAZE
[NO. OF DAYS WITH] [WEATHER - DAYS WITH] 9 = BLOWING SNOW
X = TORNADO
MAX 32 OR BELOW: 0 0.01 INCH OR MORE: 5
MAX 90 OR ABOVE: 21 0.10 INCH OR MORE: 4
MIN 32 OR BELOW: 0 0.50 INCH OR MORE: 1
MIN 0 OR BELOW: 0 1.00 INCH OR MORE: 1
[HDD (BASE 65) ]
TOTAL THIS MO. 0 CLEAR (SCALE 0-3) 22
DPTR FM NORMAL 0 PTCLDY (SCALE 4-7) 9
TOTAL FM JUL 1 0 CLOUDY (SCALE 8-10) 0
DPTR FM NORMAL 0
[CDD (BASE 65) ]
TOTAL THIS MO. 495
DPTR FM NORMAL -13 [PRESSURE DATA]
TOTAL FM JAN 1 1787 HIGHEST SLP 30.15 ON 8
DPTR FM NORMAL 7 LOWEST SLP 29.49 ON 27
[REMARKS]
ALL SNOWFALL DATA IS FROM THE UNIVERSITY OF ARKANSAS AT MONTICELLO COOPERATIVE OBSERVER SITE
#FINAL-08-20#