000
CXUS56 KMFR 011030
CF6LMT
PRELIMINARY LOCAL CLIMATOLOGICAL DATA (WS FORM: F-6)
STATION: KLAMATH FALLS OR
MONTH: DECEMBER
YEAR: 2022
LATITUDE: 42 9 N
LONGITUDE: 121 44 W
TEMPERATURE IN F: :PCPN: SNOW: WIND :SUNSHINE: SKY :PK WND
================================================================================
1 2 3 4 5 6A 6B 7 8 9 10 11 12 13 14 15 16 17 18
12Z AVG MX 2MIN
DY MAX MIN AVG DEP HDD CDD WTR SNW DPTH SPD SPD DIR MIN PSBL S-S WX SPD DR
================================================================================
1 34 12 23 -9 42 0 0.20 M M 10.7 22 280 M M 6 128 29 220
2 28 11 20 -12 45 0 0.00 M M 5.5 14 170 M M 3 18 150
3 42 9 26 -6 39 0 0.00 M M 9.2 25 130 M M 5 33 150
4 42 28 35 3 30 0 0.01 M M 7.8 21 160 M M 8 1 28 160
5 36 24 30 -1 35 0 0.01 M M 5.7 15 150 M M 9 12 20 150
6 37 18 28 -3 37 0 0.00 M M 1.6 8 180 M M 7 1 10 160
7 26 11 19 -12 46 0 T M M 2.2 8 90 M M 8 12 10 80
8 37 20 29 -2 36 0 0.05 M M 8.8 30 180 M M 9 128 41 200
9 34 15 25 -6 40 0 T M M 12.1 30 170 M M 7 1 37 170
10 42 32 37 6 28 0 0.17 M M 15.0 37 170 M M 9 18 48 180
11 35 13 24 -6 41 0 0.09 M M 2.7 12 320 M M 8 1 14 320
12 36 15 26 -4 39 0 0.00 M M 4.4 16 320 M M 8 1 19 320
13 25 8 17 -13 48 0 T M M 2.1 9 180 M M 9 128 12 170
14 25 10 18 -12 47 0 0.00 M M 2.1 7 160 M M 8 128 7 160
15 20 6 13 -17 52 0 0.00 M M 0.8 6 200 M M 10 128 7 190
16 23 1 12 -18 53 0 T M M 0.0 6 170 M M 4 12 7 330
17 23 0 12 -18 53 0 0.00 M M 0.4 6 180 M M 5 128 6 180
18 21 0 11 -19 54 0 0.00 M M 0.3 5 80 M M 5 128 7 80
19 26 2 14 -16 51 0 0.00 M M 1.4 9 70 M M 1 18 10 80
20 35 5 20 -10 45 0 0.01 M M 1.3 8 160 M M 9 128 10 150
21 42 24 33 3 32 0 0.01 M M 3.8 13 260 M M 7 12 16 260
22 35 25 30 0 35 0 0.10 M M 2.8 13 330 M M 10 12 15 330
23 42 33 38 8 27 0 T M M 2.2 9 160 M M 8 1 12 140
24 38 26 32 2 33 0 T M M 1.7 8 210 M M 9 12 9 120
25 40 32 36 6 29 0 0.00 M M 2.5 10 330 M M 10 12 13 340
26 51 32 42 12 23 0 0.32 M M 14.3 41 180 M M 8 1 63 180
27 44 32 38 8 27 0 0.67 M M 19.6 43 180 M M 8 1 64 190
28 37 28 33 3 32 0 T M M 7.2 22 260 M M 6 1 28 260
29 38 31 35 5 30 0 0.26 M M 7.5 21 160 M M 10 1 26 170
30 44 34 39 9 26 0 1.04 M M 5.4 20 260 M M 10 1 31 270
31 41 32 37 7 28 0 0.05 M M 5.2 17 340 M M 5 1 22 340
================================================================================
SM 1079 569 1183 0 2.99 M 166.3 M 229
================================================================================
AV 34.8 18.4 5.4 FASTST M M 7 MAX(MPH)
MISC ----> 43 180 64 190
================================================================================
NOTES:
# LAST OF SEVERAL OCCURRENCES
COLUMN 17 PEAK WIND IN M.P.H.
PRELIMINARY LOCAL CLIMATOLOGICAL DATA (WS FORM: F-6) , PAGE 2
STATION: KLAMATH FALLS OR
MONTH: DECEMBER
YEAR: 2022
LATITUDE: 42 9 N
LONGITUDE: 121 44 W
[TEMPERATURE DATA] [PRECIPITATION DATA] SYMBOLS USED IN COLUMN 16
AVERAGE MONTHLY: 26.6 TOTAL FOR MONTH: 2.99 1 = FOG OR MIST
DPTR FM NORMAL: -3.8 DPTR FM NORMAL: 1.19 2 = FOG REDUCING VISIBILITY
HIGHEST: 51 ON 26 GRTST 24HR 1.07 ON 30-31 TO 1/4 MILE OR LESS
LOWEST: 0 ON 18,17 3 = THUNDER
SNOW, ICE PELLETS, HAIL 4 = ICE PELLETS
TOTAL MONTH: M 5 = HAIL
GRTST 24HR M ON M 6 = FREEZING RAIN OR DRIZZLE
GRTST DEPTH: M ON M 7 = DUSTSTORM OR SANDSTORM:
VSBY 1/2 MILE OR LESS
8 = SMOKE OR HAZE
[NO. OF DAYS WITH] [WEATHER - DAYS WITH] 9 = BLOWING SNOW
X = TORNADO
MAX 32 OR BELOW: 9 0.01 INCH OR MORE: 14
MAX 90 OR ABOVE: 0 0.10 INCH OR MORE: 7
MIN 32 OR BELOW: 29 0.50 INCH OR MORE: 2
MIN 0 OR BELOW: 2 1.00 INCH OR MORE: 1
[HDD (BASE 65) ]
TOTAL THIS MO. 1183 CLEAR (SCALE 0-3) 2
DPTR FM NORMAL 112 PTCLDY (SCALE 4-7) 16
TOTAL FM JUL 1 2807 CLOUDY (SCALE 8-10) 13
DPTR FM NORMAL 42
[CDD (BASE 65) ]
TOTAL THIS MO. 0
DPTR FM NORMAL 0 [PRESSURE DATA]
TOTAL FM JAN 1 406 HIGHEST SLP 30.52 ON 16
DPTR FM NORMAL 190 LOWEST SLP 29.34 ON 27
[REMARKS]
#FINAL-12-22#