000
CXUS53 KOAX 011917
CLALNK
CLIMATE REPORT
NATIONAL WEATHER SERVICE OMAHA/VALLEY NE
152 PM CST SUN JAN 01 2023
...................................
...THE LINCOLN NE CLIMATE SUMMARY FOR THE YEAR OF 2022...
CLIMATE NORMAL PERIOD 1991 TO 2020
CLIMATE RECORD PERIOD 1887 TO 2022
WEATHER OBSERVED NORMAL DEPART
VALUE DATE(S) VALUE FROM
NORMAL
................................................
TEMPERATURE (F)
HIGHEST 103 06/13
09/20
LOWEST -13 12/22
AVG. MAXIMUM 66.1 64.1 2.0
AVG. MINIMUM 38.8 40.5 -1.7
MEAN 52.5 52.3 0.2
DAYS MAX >= 90 67
DAYS MAX <= 32 32
DAYS MIN <= 32 164
DAYS MIN <= 0 14
PRECIPITATION (INCHES)
TOTALS 19.92 29.34 -9.42
DAYS >= .01 80
DAYS >= .10 33
DAYS >= .50 14
DAYS >= 1.00 5
GREATEST
24 HR. TOTAL 2.54 04/28 TO 04/29
STORM TOTAL 1.77
(MM/DD(HH))
SNOWFALL (INCHES)
TOTALS 5.9 26.0 -20.1
SINCE 7/1 1.6 7.7 -6.1
DAYS >= TRACE 31
DAYS >= 1.0 3
GREATEST
SNOW DEPTH 2 12/23
12/24
12/25
24 HR TOTAL 1.5 01/01 TO 01/01
12/22 TO 12/22
STORM TOTAL 1.5
(MM/DD(HH))
DEGREE DAYS
HEATING TOTAL 5988 5856 132
COOLING TOTAL 1554 1270 284
................................................
WIND (MPH)
HIGHEST WIND SPEED/DIRECTION 46/290 DATE 04/23
HIGHEST GUST SPEED/DIRECTION 63/170 DATE 04/12
WEATHER CONDITIONS. NUMBER OF DAYS WITH
THUNDERSTORM 38 MIXED PRECIP 0
HEAVY RAIN 24 RAIN 32
LIGHT RAIN 94 FREEZING RAIN 0
LT FREEZING RAIN 2 HAIL 0
HEAVY SNOW 3 SNOW 3
LIGHT SNOW 31 SLEET 0
FOG 82 FOG W/VIS <= 1/4 MILE 7
HAZE 47
- INDICATES NEGATIVE NUMBERS.
R INDICATES RECORD WAS SET OR TIED.
MM INDICATES DATA IS MISSING.
T INDICATES TRACE AMOUNT.
&&
2022 IN LINCOLN WAS JUST SLIGHTLY WARMER AND MUCH DRIER THAN NORMAL.
THE YEAR ENDED UP 0.2 DEGREES ABOVE NORMAL FOR AVERAGE TEMPERATURE
AND 9.42 INCHES BELOW NORMAL FOR PRECIPITATION. SNOWFALL FOR THE
YEAR MEASURED 5.9 INCHES, WHICH WAS 20.1 INCHES BELOW NORMAL. IT WAS
THE 15TH DRIEST YEAR FOR PRECIPITATION AND THE 2ND LEAST SNOWIEST
YEAR ON RECORD. A PEAK WIND GUST OF 63 MPH WAS RECORDED ON APRIL 12.
THE HOTTEST DAY OF THE YEAR WAS 103 AND THE COLDEST WAS -13.
TEMPERATURES PRECIPITATION
AVG. DEPART MAX MIN TOTAL DEPART SNOW/SLEET DEPART TSTORM PEAK
DAYS WIND
JAN 24.9 -0.1 61 -8 0.28 -0.45 2.9 -3.6 0 51
FEB 28.8 -0.7 69 -1 0.03 -0.86 0.1 -7.0 0 53
MAR 41.2 -0.6 81 5 1.96 0.41 1.3 -2.1 1 62
APR 52.0 -1.9 91 18 3.05 0.36 T -1.2 5 63
MAY 63.1 1.0 95 34 5.27 0.36 0.0 -0.1 6 57
JUN 75.0 1.3 103 42 3.73 -0.75 0.0 0.0 11 58
JUL 78.2 0.1 102 54 2.57 -0.68 0.0 0.0 5 51
AUG 77.9 2.3 101 55 0.55 -2.77 0.0 0.0 5 33
SEP 70.8 3.6 103 39 0.97 -1.93 0.0 0.0 2 38
OCT 55.1 1.3 89 16 0.61 -1.53 0.0 -0.9 1 56
NOV 38.3 -1.5 79 6 0.26 -1.04 T -1.5 1 51
DEC25.8 -3.0 61 -13 0.64 -0.54 1.6 -3.7 1 52
YEAR 52.5 0.2 103 -13 19.92 -9.42 5.9 -20.1 38 63
DAILY RECORDS
DATE RECORD TYPE READINGPREVIOUS RECORD
MARCH 2 MAXIMUM TEMPERATURE 81 79 IN 1904
MARCH 20 MAXIMUM TEMPERATURE 80 79 IN 1934
APRIL 12 MAXIMUM TEMPERATURE 91 86 IN 1916
APRIL 19 MINIMUM TEMPERATURE 24 24 IN 2018
APRIL 26 MINIMUM TEMPERATURE 25 27 IN 1907
MAY 22 MINIMUM TEMPERATURE 34 36 IN 1963
MAY 25 MIN MAXIMUM TEMP 53 56 IN 1992
JUNE 2 MINIMUM TEMPERATURE 42 43 IN 1964
JUNE 13 MAX MINIMUM TEMP 78 77 IN 1952
JUNE 13 MAXIMUM TEMPERATURE 103 102 IN 1952
JUNE 19 MAX MINIMUM TEMP 77 77 IN 1936
JUNE 20 MAX MINIMUM TEMP 78 76 IN 1937
SEPTEMBER 19 MAXIMUM TEMPERATURE 100 98 IN 1895
SEPTEMBER 20 MAXIMUM TEMPERATURE 103 96 IN 2018
OCTOBER 18 MINIMUM TEMPERATURE 18 21 IN 1972
OCTOBER 23 MAXIMUM TEMPERATURE 89 84 IN 1899
NOVEMBER 9 MAX MINIMUM TEMP 64 52 IN 1999
NOVEMBER 9 MAXIMUM TEMPERATURE 78 74 IN 1999
MONTHLY RANKINGS
TEMPERATURE PRECIPITATION SNOWFALL
JAN -- -- 17TH DRIEST
FEB -- 3RD DRIEST 4TH DRIEST
MAR -- -- --
APR -- -- 19TH DRIEST
MAY -- -- --
JUN -- -- --
JUL -- -- --
AUG -- 5TH DRIEST --
SEP16TH WARMEST -- --
OCT -- -- --
NOV -- -- --
DEC -- -- 14TH DRIEST
SEASONAL RANKINGS
2ND DRIEST DEC-JAN-FEB FOR PRECIPITATION
2ND DRIEST DEC-JAN-FEB FOR SNOWFALL
19TH DRIEST MAR-APR-MAY FOR SNOWFALL
5TH DRIEST SEP-OCT-NOV FOR PRECIPITATION
YEARLY RANKINGS
15TH DRIEST YEAR FOR PRECIPITATION
2ND LEAST SNOWIEST YEAR
$$
DEWALD