000
CXUS53 KMKX 010811
CF6LNR
PRELIMINARY LOCAL CLIMATOLOGICAL DATA (WS FORM: F-6)
STATION: LONE ROCK WI
MONTH: OCTOBER
YEAR: 2021
LATITUDE: 43 12 N
LONGITUDE: 90 11 W
TEMPERATURE IN F: :PCPN: SNOW: WIND :SUNSHINE: SKY :PK WND
================================================================================
1 2 3 4 5 6A 6B 7 8 9 10 11 12 13 14 15 16 17 18
12Z AVG MX 2MIN
DY MAX MIN AVG DEP HDD CDD WTR SNW DPTH SPD SPD DIR MIN PSBL S-S WX SPD DR
================================================================================
1 86 52 69 13 0 4 T M M 4.0 16 200 M M 2 1 26 200
2 80 63 72 16 0 7 0.23 M M 3.1 13 180 M M 8 12 18 210
3 74 62 68 13 0 3 0.02 M M 6.6 16 310 M M 8 1 21 310
4 71 60 66 11 0 1 0.07 M M 5.2 13 320 M M 10 1 21 350
5 69 56 63 9 2 0 0.00 M M 4.6 14 50 M M 9 19 40
6 78 60 69 15 0 4 0.00 M M 7.8 14 110 M M 6 19 110
7 66 61 64 11 1 0 0.88 M M 3.1 8 60 M M 10 1 11 40
8 71 60 66 13 0 1 0.03 M M 2.7 10 220 M M 10 12 14 220
9 81 60 71 18 0 6 T M M 6.0 14 90 M M 5 12 21 130
10 75 64 70 18 0 5 T M M 6.0 16 190 M M 3 25 180
11 65 58 62 10 3 0 0.28 M M 5.4 17 360 M M 10 1 21 340
12 64 57 61 10 4 0 T M M 5.7 14 290 M M 10 1 18 340
13 65 54 60 9 5 0 0.30 M M 8.1 22 130 M M 7 12 31 140
14 67 43 55 5 10 0 0.00 M M 5.5 15 250 M M 0 23 250
15 62 37 50 0 15 0 0.04 M M 5.4 17 290 M M 3 1 26 300
16 61 35 48 -2 17 0 0.00 M M 7.4 24 280 M M 0 33 270
17 66 32 49 0 16 0 0.00 M M 4.1 13 250 M M 0 20 220
18 74 32 53 4 12 0 0.00 M M 2.0 13 200 M M 0 18 15 190
19 74 36 55 7 10 0 0.00 M M 4.7 17 200 M M 0 25 190
20 72 43 58 10 7 0 0.01 M M 5.0 18 200 M M 4 3 26 220
21 57 32 45 -3 20 0 0.03 M M 6.1 17 350 M M 8 12 24 360
22 50 29 40 -7 25 0 0.00 M M 1.9 9 300 M M 6 128 12 300
23 54 26 40 -7 25 0 0.00 M M 2.1 10 260 M M 3 12 14 260
24 50 29 40 -6 25 0 0.31 M M 8.4 24 60 M M 5 35 80
25 54 29 42 -4 23 0 0.05 M M 9.6 23 20 M M 4 32 30
26 56 23 40 -6 25 0 0.00 0.0 0 4.1 10 90 M M 1 12 14 90
27 60 34 47 2 18 0 T M M 9.0 17 100 M M 1 18 25 100
28 52 45 49 4 16 0 0.26 M M 9.4 18 10 M M 7 1 25 360
29 56 47 52 8 13 0 T M M 10.6 23 20 M M 8 31 20
30 62 36 49 5 16 0 0.00 M M 5.8 13 360 M M 2 1 20 340
31 52 35 44 1 21 0 T M M 10.7 24 290 M M 3 1 36 280
================================================================================
SM 2024 1390 329 31 2.51 0.0 180.1 M 153
================================================================================
AV 65.3 44.8 5.8 FASTST M M 5 MAX(MPH)
MISC ----> # 24 280 36 280
================================================================================
NOTES:
# LAST OF SEVERAL OCCURRENCES
COLUMN 17 PEAK WIND IN M.P.H.
PRELIMINARY LOCAL CLIMATOLOGICAL DATA (WS FORM: F-6) , PAGE 2
STATION: LONE ROCK WI
MONTH: OCTOBER
YEAR: 2021
LATITUDE: 43 12 N
LONGITUDE: 90 11 W
[TEMPERATURE DATA] [PRECIPITATION DATA] SYMBOLS USED IN COLUMN 16
AVERAGE MONTHLY: 55.1 TOTAL FOR MONTH: 2.51 1 = FOG OR MIST
DPTR FM NORMAL: 5.5 DPTR FM NORMAL: 0.03 2 = FOG REDUCING VISIBILITY
HIGHEST: 86 ON 1 GRTST 24HR 0.88 ON 7- 7 TO 1/4 MILE OR LESS
LOWEST: 23 ON 26 3 = THUNDER
SNOW, ICE PELLETS, HAIL 4 = ICE PELLETS
TOTAL MONTH: 0.0 INCH 5 = HAIL
GRTST 24HR 0.0 6 = FREEZING RAIN OR DRIZZLE
GRTST DEPTH: 0 7 = DUSTSTORM OR SANDSTORM:
VSBY 1/2 MILE OR LESS
8 = SMOKE OR HAZE
[NO. OF DAYS WITH] [WEATHER - DAYS WITH] 9 = BLOWING SNOW
X = TORNADO
MAX 32 OR BELOW: 0 0.01 INCH OR MORE: 13
MAX 90 OR ABOVE: 0 0.10 INCH OR MORE: 6
MIN 32 OR BELOW: 8 0.50 INCH OR MORE: 1
MIN 0 OR BELOW: 0 1.00 INCH OR MORE: 0
[HDD (BASE 65) ]
TOTAL THIS MO. 329 CLEAR (SCALE 0-3) 12
DPTR FM NORMAL -154 PTCLDY (SCALE 4-7) 12
TOTAL FM JUL 1 417 CLOUDY (SCALE 8-10) 7
DPTR FM NORMAL -237
[CDD (BASE 65) ]
TOTAL THIS MO. 31
DPTR FM NORMAL 24 [PRESSURE DATA]
TOTAL FM JAN 1 750 HIGHEST SLP M ON M
DPTR FM NORMAL 104 LOWEST SLP 29.56 ON 10
[REMARKS]
#FINAL-10-21#