000
CXUS53 KLMK 010710
CF6LOU
PRELIMINARY LOCAL CLIMATOLOGICAL DATA (WS FORM: F-6)
STATION: LOUISVILLE BOWMAN KY
MONTH: JULY
YEAR: 2021
LATITUDE: 38 13 N
LONGITUDE: 85 39 W
TEMPERATURE IN F: :PCPN: SNOW: WIND :SUNSHINE: SKY :PK WND
================================================================================
1 2 3 4 5 6A 6B 7 8 9 10 11 12 13 14 15 16 17 18
12Z AVG MX 2MIN
DY MAX MIN AVG DEP HDD CDD WTR SNW DPTH SPD SPD DIR MIN PSBL S-S WX SPD DR
================================================================================
1 78 70 74 -4 0 9 1.15 M M 1.2 6 190 M M 7 13 9 360
2 82 61 72 -6 0 7 0.00 M M 6.2 15 10 M M 3 18 23 20
3 82 60 71 -7 0 6 0.00 M M 3.5 12 270 M M 0 16 290
4 89 63 76 -2 0 11 0.00 M M 3.7 12 280 M M 1 8 16 280
5 91 70 81 3 0 16 0.00 M M 2.3 10 210 M M 2 18 16 240
6 92 72 82 4 0 17 0.49 M M 1.6 18 240 M M 2 138 26 230
7 88 69 79 1 0 14 T M M 6.4 28 170 M M 3 138 38 170
8 89 72 81 3 0 16 0.19 M M 6.4 21 300 M M 6 13 31 320
9 85 70 78 -1 0 13 0.00 M M 4.6 10 80 M M 5 1 15 300
10 87 68 78 -1 0 13 0.87 M M 5.7 23 190 M M 6 13 31 190
11 84 70 77 -2 0 12 0.17 M M 7.9 14 170 M M 7 13 19 250
12 87 73 80 1 0 15 0.21 M M 8.0 22 160 M M 7 13 27 150
13 86 73 80 1 0 15 0.06 M M 9.1 25 170 M M 6 3 32 230
14 87 72 80 1 0 15 T M M 5.7 12 220 M M 6 16 250
15 91 71 81 2 0 16 0.00 M M 7.5 17 190 M M 1 23 190
16 90 74 82 3 0 17 0.19 M M 9.1 26 240 M M 3 3 42 230
17 86 73 80 1 0 15 0.25 M M 5.5 12 280 M M 6 138 16 280
18 85 71 78 -1 0 13 0.00 M M 6.4 15 100 M M 2 21 90
19 87 65 76 -3 0 11 0.00 M M 6.3 16 30 M M 1 22 50
20 88 66 77 -2 0 12 0.00 M M 3.5 13 40 M M 1 18 17 350
21 87 66 77 -2 0 12 0.00 M M 3.9 12 20 M M 0 18 18 360
22 86 68 77 -2 0 12 0.00 M M 4.6 10 50 M M 1 14 30
23 88 64 76 -3 0 11 0.00 M M 2.7 12 130 M M 0 16 90
24 90 65 78 -1 0 13 0.00 M M 4.3 13 210 M M 1 17 210
25 92 77 85 6 0 20 0.00 M M 4.5 12 230 M M 2 8 17 280
26 94 74 84 5 0 19 0.00 M M 4.3 14 20 M M 1 1 19 20
27 93 68 81 2 0 16 0.00 M M 3.5 12 10 M M 0 18 300
28 93 68 81 2 0 16 0.00 M M 2.0 9 40 M M 1 12 16 50
29 93 71 82 3 0 17 T M M 6.8 17 230 M M 1 1 25 230
30 86 73 80 1 0 15 T M M 6.1 14 350 M M 4 8 21 350
31 78 64 71 -8 0 6 0.02 M M 2.8 12 20 M M 5 16 20
================================================================================
SM 2714 2141 0 420 3.60 M 156.1 M 91
================================================================================
AV 87.5 69.1 5.0 FASTST M M 3 MAX(MPH)
MISC ----> 28 170 42 230
================================================================================
NOTES:
# LAST OF SEVERAL OCCURRENCES
COLUMN 17 PEAK WIND IN M.P.H.
PRELIMINARY LOCAL CLIMATOLOGICAL DATA (WS FORM: F-6) , PAGE 2
STATION: LOUISVILLE BOWMAN KY
MONTH: JULY
YEAR: 2021
LATITUDE: 38 13 N
LONGITUDE: 85 39 W
[TEMPERATURE DATA] [PRECIPITATION DATA] SYMBOLS USED IN COLUMN 16
AVERAGE MONTHLY: 78.3 TOTAL FOR MONTH: 3.60 1 = FOG OR MIST
DPTR FM NORMAL: -0.3 DPTR FM NORMAL: -0.96 2 = FOG REDUCING VISIBILITY
HIGHEST: 94 ON 26 GRTST 24HR 1.15 ON 30- 1 TO 1/4 MILE OR LESS
LOWEST: 60 ON 3 3 = THUNDER
SNOW, ICE PELLETS, HAIL 4 = ICE PELLETS
TOTAL MONTH: M 5 = HAIL
GRTST 24HR M ON M 6 = FREEZING RAIN OR DRIZZLE
GRTST DEPTH: M ON M 7 = DUSTSTORM OR SANDSTORM:
VSBY 1/2 MILE OR LESS
8 = SMOKE OR HAZE
[NO. OF DAYS WITH] [WEATHER - DAYS WITH] 9 = BLOWING SNOW
X = TORNADO
MAX 32 OR BELOW: 0 0.01 INCH OR MORE: 10
MAX 90 OR ABOVE: 10 0.10 INCH OR MORE: 8
MIN 32 OR BELOW: 0 0.50 INCH OR MORE: 2
MIN 0 OR BELOW: 0 1.00 INCH OR MORE: 1
[HDD (BASE 65) ]
TOTAL THIS MO. 0 CLEAR (SCALE 0-3) 19
DPTR FM NORMAL 0 PTCLDY (SCALE 4-7) 12
TOTAL FM JUL 1 0 CLOUDY (SCALE 8-10) 0
DPTR FM NORMAL 0
[CDD (BASE 65) ]
TOTAL THIS MO. 420
DPTR FM NORMAL -2 [PRESSURE DATA]
TOTAL FM JAN 1 911 HIGHEST SLP M ON M
DPTR FM NORMAL -7 LOWEST SLP 29.77 ON 11
[REMARKS]
#FINAL-07-21#