117
CXUS55 KJKL 011501
CF6LOZ
PRELIMINARY LOCAL CLIMATOLOGICAL DATA (WS FORM: F-6)
STATION: LONDON KY
MONTH: JULY
YEAR: 2020
LATITUDE: 37 4 N
LONGITUDE: 84 5 W
TEMPERATURE IN F: :PCPN: SNOW: WIND :SUNSHINE: SKY :PK WND
================================================================================
1 2 3 4 5 6A 6B 7 8 9 10 11 12 13 14 15 16 17 18
12Z AVG MX 2MIN
DY MAX MIN AVG DEP HDD CDD WTR SNW DPTH SPD SPD DIR MIN PSBL S-S WX SPD DR
================================================================================
1 84 68 76 0 0 11 0.07 M M 3.0 14 340 M M 3 13 20 350
2 87 68 78 2 0 13 0.00 M M 3.1 12 20 M M 3 12 19 10
3 88 63 76 0 0 11 0.00 M M 3.3 12 100 M M 1 16 100
4 91 66 79 3 0 14 0.00 M M 2.1 10 30 M M 1 18 15 30
5 91 68 80 4 0 15 T M M 2.1 15 180 M M 1 13 21 170
6 92 69 81 5 0 16 T M M 2.2 14 10 M M 2 13 23 70
7 89 70 80 4 0 15 0.00 M M 1.5 8 50 M M 0 12 330
8 91 68 80 4 0 15 0.06 M M 2.3 12 220 M M 1 3 17 220
9 92 67 80 4 0 15 0.02 M M 1.8 12 140 M M 1 13 16 130
10 91 70 81 5 0 16 0.01 M M 6.8 21 300 M M 2 3 28 310
11 86 65 76 0 0 11 0.01 M M 5.2 22 330 M M 2 12 37 340
12 84 66 75 -1 0 10 0.18 M M 5.8 24 320 M M 2 13 38 340
13 86 63 75 -1 0 10 0.00 M M 2.1 10 20 M M 5 12 17 10
14 89 62 76 0 0 11 0.00 M M 1.3 8 40 M M 2 1 12 10
15 93 64 79 3 0 14 0.00 M M 2.2 9 180 M M 1 1 16 30
16 93 69 81 5 0 16 T M M 5.2 16 210 M M 1 25 190
17 91 72 82 6 0 17 T M M 3.8 13 350 M M 1 13 20 350
18 93 69 81 5 0 16 0.00 M M 2.6 12 270 M M 2 12 17 290
19 94 70 82 6 0 17 0.00 M M 5.2 17 260 M M 1 23 240
20 94 71 83 7 0 18 0.00 M M 4.0 17 250 M M 2 3 24 240
21 94 70 82 6 0 17 0.27 M M 3.9 22 230 M M 1 13 32 230
22 89 70 80 4 0 15 0.05 M M 5.1 13 190 M M 2 1 18 190
23 83 71 77 1 0 12 1.23 M M 3.2 23 300 M M 4 13 36 310
24 88 68 78 2 0 13 0.00 M M 3.8 15 360 M M 2 13 22 360
25 89 68 79 3 0 14 0.00 M M 2.8 12 210 M M 3 17 220
26 90 71 81 5 0 16 T M M 3.6 17 280 M M 3 13 23 260
27 90 69 80 4 0 15 0.04 M M 5.7 15 250 M M 2 1 22 250
28 84 72 78 2 0 13 0.16 M M 3.7 13 290 M M 4 13 17 290
29 90 69 80 4 0 15 0.00 M M 2.9 10 280 M M 1 1 16 320
30 84 72 78 2 0 13 1.23 M M 4.1 25 250 M M 4 13 34 240
31 88 70 79 3 0 14 0.81 M M 5.7 18 200 M M 6 13 28 200
================================================================================
SM 2768 2118 0 438 4.14 M 110.1 M 66
================================================================================
AV 89.3 68.3 3.6 FASTST M M 2 MAX(MPH)
MISC ----> # 25 250 # 38 340
================================================================================
NOTES:
# LAST OF SEVERAL OCCURRENCES
COLUMN 17 PEAK WIND IN M.P.H.
PRELIMINARY LOCAL CLIMATOLOGICAL DATA (WS FORM: F-6) , PAGE 2
STATION: LONDON KY
MONTH: JULY
YEAR: 2020
LATITUDE: 37 4 N
LONGITUDE: 84 5 W
[TEMPERATURE DATA] [PRECIPITATION DATA] SYMBOLS USED IN COLUMN 16
AVERAGE MONTHLY: 78.8 TOTAL FOR MONTH: 4.14 1 = FOG OR MIST
DPTR FM NORMAL: 2.5 DPTR FM NORMAL: 0.10 2 = FOG REDUCING VISIBILITY
HIGHEST: 94 ON 21,20 GRTST 24HR 1.23 ON 30-30 TO 1/4 MILE OR LESS
LOWEST: 62 ON 14 3 = THUNDER
SNOW, ICE PELLETS, HAIL 4 = ICE PELLETS
TOTAL MONTH: M 5 = HAIL
GRTST 24HR M ON M 6 = FREEZING RAIN OR DRIZZLE
GRTST DEPTH: M ON M 7 = DUSTSTORM OR SANDSTORM:
VSBY 1/2 MILE OR LESS
8 = SMOKE OR HAZE
[NO. OF DAYS WITH] [WEATHER - DAYS WITH] 9 = BLOWING SNOW
X = TORNADO
MAX 32 OR BELOW: 0 0.01 INCH OR MORE: 13
MAX 90 OR ABOVE: 16 0.10 INCH OR MORE: 6
MIN 32 OR BELOW: 0 0.50 INCH OR MORE: 3
MIN 0 OR BELOW: 0 1.00 INCH OR MORE: 2
[HDD (BASE 65) ]
TOTAL THIS MO. 0 CLEAR (SCALE 0-3) 25
DPTR FM NORMAL 0 PTCLDY (SCALE 4-7) 6
TOTAL FM JUL 1 0 CLOUDY (SCALE 8-10) 0
DPTR FM NORMAL 0
[CDD (BASE 65) ]
TOTAL THIS MO. 438
DPTR FM NORMAL 88 [PRESSURE DATA]
TOTAL FM JAN 1 768 HIGHEST SLP 30.19 ON 17
DPTR FM NORMAL 61 LOWEST SLP 29.77 ON 31
[REMARKS]
#FINAL-07-20#