000
CXUS55 KBYZ 011000
CF6LVM
PRELIMINARY LOCAL CLIMATOLOGICAL DATA (WS FORM: F-6)
STATION: LIVINGSTON MT
MONTH: APRIL
YEAR: 2023
LATITUDE: 45 41 N
LONGITUDE: 110 26 W
TEMPERATURE IN F: :PCPN: SNOW: WIND :SUNSHINE: SKY :PK WND
================================================================================
1 2 3 4 5 6A 6B 7 8 9 10 11 12 13 14 15 16 17 18
12Z AVG MX 2MIN
DY MAX MIN AVG DEP HDD CDD WTR SNW DPTH SPD SPD DIR MIN PSBL S-S WX SPD DR
================================================================================
1 44 29 37 -3 28 0 0.02 M M 29.6 52 250 M M 7 128 60 250
2 38 10 24 -16 41 0 0.00 M M 15.7 33 270 M M 4 8 41 270
3 35 8 22 -18 43 0 T M M 11.9 25 80 M M 2 1 31 70
4 27 20 24 -16 41 0 0.01 M M 12.3 24 80 M M 10 18 29 80
5 36 8 22 -18 43 0 0.00 M M 13.7 32 220 M M 4 38 220
6 44 26 35 -5 30 0 0.00 M M 23.5 41 250 M M 3 9 51 210
7 52 25 39 -2 26 0 0.00 M M 14.2 35 210 M M 0 43 220
8 58 38 48 7 17 0 0.00 M M 18.8 35 220 M M 3 41 220
9 66 39 53 12 12 0 0.00 M M 19.6 37 220 M M 1 47 230
10 75 49 62 21 3 0 0.00 M M 23.1 46 210 M M 0 56 220
11 74 41 58 17 7 0 0.00 M M 29.6 47 220 M M 0 60 210
12 56 30 43 2 22 0 0.00 M M 15.8 29 70 M M 1 37 70
13 38 25 32 -10 33 0 0.28 M M 10.0 26 100 M M 9 12 31 90
14 41 15 28 -14 37 0 T M M 6.5 22 340 M M 4 24 340
15 52 20 36 -6 29 0 0.00 M M 11.9 23 240 M M 1 27 230
16 67 32 50 8 15 0 0.00 M M 12.7 29 230 M M 1 35 230
17 65 32 49 7 16 0 0.00 M M 12.3 32 230 M M 3 43 220
18 56 34 45 3 20 0 0.01 M M 16.8 39 230 M M 5 47 220
19 37 30 34 -9 31 0 0.00 M M 25.1 36 250 M M 9 44 250
20 35 19 27 -16 38 0 T M M 14.0 28 240 M M 10 12 32 240
21 38 18 28 -15 37 0 0.02 M M 10.3 22 100 M M 8 18 28 90
22 49 26 38 -5 27 0 T M M 7.4 18 310 M M 8 26 300
23 62 18 40 -4 25 0 0.00 M M 7.1 20 250 M M 0 27 220
24 62 36 49 5 16 0 T M M 8.4 20 240 M M 7 23 240
25 59 39 49 5 16 0 0.00 M M 14.0 25 240 M M 6 31 240
26 63 38 51 7 14 0 0.00 M M 15.3 30 290 M M 2 36 290
27 57 33 45 0 20 0 T M M 20.0 40 300 M M 6 49 290
28 68 25 47 2 18 0 0.00 M M 14.3 25 230 M M 0 31 240
29 76 33 55 10 10 0 0.00 M M 8.9 22 250 M M 0 26 240
30 75 32 54 8 11 0 0.00 M M 8.7 21 70 M M 0 25 70
================================================================================
SM 1605 828 726 0 0.34 M 451.5 M 114
================================================================================
AV 53.5 27.6 15.0 FASTST M M 4 MAX(MPH)
MISC ----> 52 250 # 60 250
================================================================================
NOTES:
# LAST OF SEVERAL OCCURRENCES
COLUMN 17 PEAK WIND IN M.P.H.
PRELIMINARY LOCAL CLIMATOLOGICAL DATA (WS FORM: F-6) , PAGE 2
STATION: LIVINGSTON MT
MONTH: APRIL
YEAR: 2023
LATITUDE: 45 41 N
LONGITUDE: 110 26 W
[TEMPERATURE DATA] [PRECIPITATION DATA] SYMBOLS USED IN COLUMN 16
AVERAGE MONTHLY: 40.6 TOTAL FOR MONTH: 0.34 1 = FOG OR MIST
DPTR FM NORMAL: -1.7 DPTR FM NORMAL: -1.37 2 = FOG REDUCING VISIBILITY
HIGHEST: 76 ON 29 GRTST 24HR 0.28 ON 13-13 TO 1/4 MILE OR LESS
LOWEST: 8 ON 5, 3 3 = THUNDER
SNOW, ICE PELLETS, HAIL 4 = ICE PELLETS
TOTAL MONTH: M 5 = HAIL
GRTST 24HR M ON M 6 = FREEZING RAIN OR DRIZZLE
GRTST DEPTH: M ON M 7 = DUSTSTORM OR SANDSTORM:
VSBY 1/2 MILE OR LESS
8 = SMOKE OR HAZE
[NO. OF DAYS WITH] [WEATHER - DAYS WITH] 9 = BLOWING SNOW
X = TORNADO
MAX 32 OR BELOW: 1 0.01 INCH OR MORE: 5
MAX 90 OR ABOVE: 0 0.10 INCH OR MORE: 1
MIN 32 OR BELOW: 20 0.50 INCH OR MORE: 0
MIN 0 OR BELOW: 0 1.00 INCH OR MORE: 0
[HDD (BASE 65) ]
TOTAL THIS MO. 726 CLEAR (SCALE 0-3) 15
DPTR FM NORMAL 42 PTCLDY (SCALE 4-7) 10
TOTAL FM JUL 1 7115 CLOUDY (SCALE 8-10) 5
DPTR FM NORMAL 367
[CDD (BASE 65) ]
TOTAL THIS MO. 0
DPTR FM NORMAL 0 [PRESSURE DATA]
TOTAL FM JAN 1 0 HIGHEST SLP 30.40 ON 21
DPTR FM NORMAL 0 LOWEST SLP 29.43 ON 18
[REMARKS]
#FINAL-04-23#