681
CXUS53 KTOP 010810
CF6LWC
PRELIMINARY LOCAL CLIMATOLOGICAL DATA (WS FORM: F-6)
STATION: LAWRENCE KS
MONTH: MARCH
YEAR: 2021
LATITUDE: 39 0 N
LONGITUDE: 95 13 W
TEMPERATURE IN F: :PCPN: SNOW: WIND :SUNSHINE: SKY :PK WND
================================================================================
1 2 3 4 5 6A 6B 7 8 9 10 11 12 13 14 15 16 17 18
12Z AVG MX 2MIN
DY MAX MIN AVG DEP HDD CDD WTR SNW DPTH SPD SPD DIR MIN PSBL S-S WX SPD DR
================================================================================
1 57 17 37 -2 28 0 0.00 M M 4.4 17 310 M M 0 1 23 310
2 64 19 42 3 23 0 0.00 M M 6.9 21 220 M M 0 27 200
3 72 23 48 9 17 0 0.00 M M 3.5 13 250 M M 0 8 17 190
4 73 25 49 9 16 0 0.00 M M 5.6 18 80 M M 0 18 27 90
5 59 31 45 5 20 0 0.00 M M 8.5 16 120 M M 4 21 120
6 67 25 46 5 19 0 0.00 M M 5.6 17 200 M M 0 1 24 210
7 70 36 53 12 12 0 0.00 M M 11.5 31 220 M M 0 44 220
8 73 36 55 14 10 0 0.00 M M 10.9 23 210 M M 0 31 190
9 77 52 65 23 0 0 0.00 M M 18.4 32 190 M M 1 46 200
10 77 41 59 17 6 0 0.05 M M 21.4 38 190 M M 6 3 49 190
11 63 34 49 7 16 0 0.00 M M 8.2 16 340 M M 3 22 350
12 49 43 46 3 19 0 0.19 M M 10.2 17 110 M M 8 1 26 90
13 53 43 48 5 17 0 0.05 M M 12.7 21 90 M M 10 18 29 100
14 53 44 49 5 16 0 1.18 M M 15.6 25 90 M M 10 1 37 100
15 56 45 51 7 14 0 0.06 M M 9.6 17 100 M M 9 13 22 110
16 57 45 51 7 14 0 T M M 9.0 16 70 M M 9 18 23 80
17 45 38 42 -3 23 0 1.05 M M 14.7 28 50 M M 10 13 41 20
18 51 36 44 -1 21 0 0.04 M M 15.8 30 340 M M 9 1 43 340
19 59 27 43 -3 22 0 0.00 M M 6.0 13 110 M M 0 18 50
20 64 27 46 0 19 0 0.00 M M 9.8 20 160 M M 0 26 140
21 68 42 55 9 10 0 0.00 M M 13.6 29 160 M M 0 38 170
22 66 50 58 11 7 0 0.05 M M 10.5 20 160 M M 7 8 25 150
23 57 50 54 7 11 0 0.24 M M 13.2 23 120 M M 10 1 31 120
24 51 43 47 -1 18 0 0.01 M M 10.4 22 290 M M 10 1 30 290
25 48 36 42 -6 23 0 0.11 M M 5.5 13 30 M M 9 1 18 30
26 66 32 49 1 16 0 0.03 M M 8.7 21 360 M M 5 12 32 340
27 62 41 52 4 13 0 0.28 M M 10.6 24 330 M M 4 1 31 330
28 63 30 47 -2 18 0 0.00 M M 8.7 21 330 M M 0 30 330
29 76 49 63 14 2 0 0.00 M M 20.9 31 190 M M 0 55 170
30 63 37 50 0 15 0 0.00 M M 16.3 29 350 M M 4 43 180
31 55 24 40 -10 25 0 0.00 M M 10.8 25 330 M M 1 34 330
================================================================================
SM 1914 1121 490 0 3.34 M 337.5 M 129
================================================================================
AV 61.7 36.2 10.9 FASTST M M 4 MAX(MPH)
MISC ----> 38 190 55 170
================================================================================
NOTES:
# LAST OF SEVERAL OCCURRENCES
COLUMN 17 PEAK WIND IN M.P.H.
PRELIMINARY LOCAL CLIMATOLOGICAL DATA (WS FORM: F-6) , PAGE 2
STATION: LAWRENCE KS
MONTH: MARCH
YEAR: 2021
LATITUDE: 39 0 N
LONGITUDE: 95 13 W
[TEMPERATURE DATA] [PRECIPITATION DATA] SYMBOLS USED IN COLUMN 16
AVERAGE MONTHLY: 49.0 TOTAL FOR MONTH: 3.34 1 = FOG OR MIST
DPTR FM NORMAL: 4.6 DPTR FM NORMAL: 0.72 2 = FOG REDUCING VISIBILITY
HIGHEST: 77 ON 10, 9 GRTST 24HR 1.18 ON 14-14 TO 1/4 MILE OR LESS
LOWEST: 17 ON 1 3 = THUNDER
SNOW, ICE PELLETS, HAIL 4 = ICE PELLETS
TOTAL MONTH: M 5 = HAIL
GRTST 24HR M ON M 6 = FREEZING RAIN OR DRIZZLE
GRTST DEPTH: M ON M 7 = DUSTSTORM OR SANDSTORM:
VSBY 1/2 MILE OR LESS
8 = SMOKE OR HAZE
[NO. OF DAYS WITH] [WEATHER - DAYS WITH] 9 = BLOWING SNOW
X = TORNADO
MAX 32 OR BELOW: 0 0.01 INCH OR MORE: 13
MAX 90 OR ABOVE: 0 0.10 INCH OR MORE: 6
MIN 32 OR BELOW: 11 0.50 INCH OR MORE: 2
MIN 0 OR BELOW: 0 1.00 INCH OR MORE: 2
[HDD (BASE 65) ]
TOTAL THIS MO. 490 CLEAR (SCALE 0-3) 15
DPTR FM NORMAL -151 PTCLDY (SCALE 4-7) 7
TOTAL FM JUL 1 4526 CLOUDY (SCALE 8-10) 9
DPTR FM NORMAL -130
[CDD (BASE 65) ]
TOTAL THIS MO. 0
DPTR FM NORMAL -3 [PRESSURE DATA]
TOTAL FM JAN 1 0 HIGHEST SLP M ON M
DPTR FM NORMAL -3 LOWEST SLP 29.45 ON 23
[REMARKS]
#FINAL-03-21#