000
CXUS53 KDMX 051457
CF6LWD
PRELIMINARY LOCAL CLIMATOLOGICAL DATA (WS FORM: F-6)
STATION: LAMONI IA
MONTH: JANUARY
YEAR: 2024
LATITUDE: 40 37 N
LONGITUDE: 93 56 W
TEMPERATURE IN F: :PCPN: SNOW: WIND :SUNSHINE: SKY :PK WND
================================================================================
1 2 3 4 5 6A 6B 7 8 9 10 11 12 13 14 15 16 17 18
12Z AVG MX 2MIN
DY MAX MIN AVG DEP HDD CDD WTR SNW DPTH SPD SPD DIR MIN PSBL S-S WX SPD DR
================================================================================
1 36 23 30 5 35 0 0.00 0.0 M 6.8 13 340 M M 5 18 360
2 42 22 32 7 33 0 0.00 0.0 M 8.1 15 250 M M 0 21 240
3 38 22 30 5 35 0 0.00 0.0 M 7.6 14 360 M M 4 1 20 350
4 36 25 31 6 34 0 0.00 0.0 M 4.4 10 20 M M 4 15 150
5 35 25 30 5 35 0 0.12 M M 4.7 10 140 M M 5 1 18 130
6 32 29 31 6 34 0 0.02 M M 5.9 14 300 M M 10 1 18 310
7 29 25 27 2 38 0 0.01 M M 8.4 17 300 M M 9 1 23 300
8 35 27 31 7 34 0 0.38 M M 8.8 15 50 M M 6 1 26 90
9 32 18 25 1 40 0 0.49 M M 18.7 29 320 M M 10 12 43 320
10 29 13 21 -3 44 0 0.00 0.0 M 10.4 22 290 M M 6 1 29 300
11 28 20 24 0 41 0 0.19 M M 11.9 26 50 M M 10 12 35 60
12 21 4 13 -11 52 0 0.37 M M 21.7 32 320 M M 10 1289 43 320
13 4 -16 -6 -30 71 0 T M M 21.3 31 300 M M 8 89 40 300
14 -9 -18 -13 -37 78 0 0.00 0.0 M 13.3 23 320 M M 0 29 320
15 0 -16 -8 -32 73 0 T M M 12.8 24 300 M M 5 31 290
16 6 -9 -1 -25 66 0 0.00 0.0 M 12.8 17 240 M M 0 23 250
17 23 0 12 -12 53 0 0.00 0.0 M 6.7 14 240 M M 4 18 240
18 25 6 16 -8 49 0 0.14 M M 11.0 25 350 M M 7 18 36 350
19 6 -9 -1 -25 66 0 T M M 12.9 24 330 M M 1 89 33 330
20 9 -15 -3 -27 68 0 0.00 0.0 M 6.1 10 140 M M 0 14 160
21 28 -2 13 -11 52 0 0.00 0.0 M 12.0 20 180 M M 5 28 150
22 33 28 31 7 34 0 0.00 0.0 M 9.8 17 200 M M 9 1 24 190
23 36 32 34 10 31 0 0.20 0.0 M 5.2 10 60 M M 10 126 13 60
24 37 32 35 11 30 0 T 0.0 M 3.1 8 20 M M 10 12 11 10
25 37 33 35 11 30 0 0.25 0.0 M 3.2 8 280 M M 10 12 11 20
26 36 33 35 11 30 0 0.00 0.0 M 6.5 10 350 M M 10 12 16 340
27 36 31 34 10 31 0 0.00 0.0 M 8.0 15 320 M M 10 1 20 340
28 44 29 37 13 28 0 0.00 0.0 M 7.0 17 320 M M 6 12 22 320
29 53 30 42 17 23 0 0.00 0.0 M 8.8 15 310 M M 1 21 310
30 43 30 37 12 28 0 0.00 0.0 M 8.8 20 330 M M 3 25 340
31 55 26 41 16 24 0 0.00 0.0 M 9.2 15 200 M M 0 1 21 220
================================================================================
SM 895 478 1320 0 2.17 0.0 295.9 M 178
================================================================================
AV 28.9 15.4 9.5 FASTST M M 6 MAX(MPH)
MISC ----> 32 320 # 43 320
================================================================================
NOTES:
# LAST OF SEVERAL OCCURRENCES
COLUMN 17 PEAK WIND IN M.P.H.
PRELIMINARY LOCAL CLIMATOLOGICAL DATA (WS FORM: F-6) , PAGE 2
STATION: LAMONI IA
MONTH: JANUARY
YEAR: 2024
LATITUDE: 40 37 N
LONGITUDE: 93 56 W
[TEMPERATURE DATA] [PRECIPITATION DATA] SYMBOLS USED IN COLUMN 16
AVERAGE MONTHLY: 22.1 TOTAL FOR MONTH: 2.17 1 = FOG OR MIST
DPTR FM NORMAL: -2.2 DPTR FM NORMAL: 1.13 2 = FOG REDUCING VISIBILITY
HIGHEST: 55 ON 31 GRTST 24HR 0.49 ON 9- 9 TO 1/4 MILE OR LESS
LOWEST: -18 ON 14 3 = THUNDER
SNOW, ICE PELLETS, HAIL 4 = ICE PELLETS
TOTAL MONTH: 0.0 INCH 5 = HAIL
GRTST 24HR 0.0 6 = FREEZING RAIN OR DRIZZLE
GRTST DEPTH: M ON M 7 = DUSTSTORM OR SANDSTORM:
VSBY 1/2 MILE OR LESS
8 = SMOKE OR HAZE
[NO. OF DAYS WITH] [WEATHER - DAYS WITH] 9 = BLOWING SNOW
X = TORNADO
MAX 32 OR BELOW: 15 0.01 INCH OR MORE: 10
MAX 90 OR ABOVE: 0 0.10 INCH OR MORE: 8
MIN 32 OR BELOW: 29 0.50 INCH OR MORE: 0
MIN 0 OR BELOW: 8 1.00 INCH OR MORE: 0
[HDD (BASE 65) ]
TOTAL THIS MO. 1320 CLEAR (SCALE 0-3) 7
DPTR FM NORMAL 60 PTCLDY (SCALE 4-7) 12
TOTAL FM JUL 1 3146 CLOUDY (SCALE 8-10) 12
DPTR FM NORMAL -419
[CDD (BASE 65) ]
TOTAL THIS MO. 0
DPTR FM NORMAL 0 [PRESSURE DATA]
TOTAL FM JAN 1 0 HIGHEST SLP 30.74 ON 20
DPTR FM NORMAL 0 LOWEST SLP 29.35 ON 9
[REMARKS]
#FINAL-01-24#