000
CXUS53 KDMX 030735
CF6LWD
PRELIMINARY LOCAL CLIMATOLOGICAL DATA (WS FORM: F-6)
STATION: LAMONI IA
MONTH: JUNE
YEAR: 2020
LATITUDE: 40 37 N
LONGITUDE: 93 56 W
TEMPERATURE IN F: :PCPN: SNOW: WIND :SUNSHINE: SKY :PK WND
================================================================================
1 2 3 4 5 6A 6B 7 8 9 10 11 12 13 14 15 16 17 18
12Z AVG MX 2MIN
DY MAX MIN AVG DEP HDD CDD WTR SNW DPTH SPD SPD DIR MIN PSBL S-S WX SPD DR
================================================================================
1 84 63 74 7 0 9 T 0.0 0 14.7 25 210 M M 0 36 210
2 87 64 76 9 0 11 0.00 0.0 0 11.5 22 210 M M 0 31 220
3 87 69 78 11 0 13 T 0.0 0 4.4 14 210 M M 2 13 19 210
4 85 66 76 8 0 11 0.01 0.0 0 8.3 22 180 M M 1 35 180
5 90 66 78 10 0 13 0.00 0.0 0 4.5 20 230 M M 0 3 28 230
6 89 69 79 11 0 14 0.00 0.0 0 6.1 13 170 M M 0 22 130
7 90 72 81 13 0 16 0.00 0.0 0 10.6 18 150 M M 0 31 160
8 89 72 81 12 0 16 0.00 0.0 0 7.3 16 150 M M 0 27 170
9 83 69 76 7 0 11 0.21 0.0 0 6.9 14 20 M M 6 13 19 60
10 73 57 65 -5 0 0 0.83 0.0 0 13.0 29 310 M M 5 1 41 300
11 84 56 70 0 0 5 0.00 0.0 0 7.2 17 260 M M 1 24 280
12 87 61 74 4 0 9 0.00 0.0 0 3.6 10 50 M M 0 8 14 40
13 85 63 74 4 0 9 0.00 0.0 0 5.9 13 150 M M 0 20 100
14 83 61 72 1 0 7 0.00 0.0 0 8.4 15 140 M M 1 24 120
15 87 66 77 6 0 12 0.00 0.0 0 9.2 15 140 M M 0 23 150
16 86 65 76 5 0 11 0.00 0.0 0 8.6 14 140 M M 0 20 120
17 85 64 75 3 0 10 0.00 0.0 0 9.9 18 140 M M 0 28 140
18 87 67 77 5 0 12 0.00 0.0 0 9.0 18 170 M M 1 28 190
19 79 68 74 2 0 9 0.50 0.0 0 4.4 13 340 M M 8 13 15 30
20 83 66 75 3 0 10 T 0.0 0 5.7 13 240 M M 6 12 17 250
21 87 67 77 5 0 12 0.00 0.0 0 8.1 20 220 M M 0 25 230
22 77 61 69 -4 0 4 0.37 0.0 0 8.2 33 210 M M 5 13 60 260
23 77 59 68 -5 0 3 0.00 0.0 0 9.9 21 340 M M 2 28 340
24 81 57 69 -4 0 4 0.00 0.0 0 4.8 12 320 M M 0 16 310
25 88 59 74 1 0 9 0.00 0.0 0 8.0 17 190 M M 1 23 190
26 89 68 79 5 0 14 0.24 0.0 0 11.1 21 220 M M 2 13 31 250
27 85 68 77 3 0 12 0.02 0.0 0 5.0 17 30 M M 1 38 25 40
28 86 67 77 3 0 12 0.20 0.0 0 8.8 32 230 M M 3 13 46 220
29 85 75 80 6 0 15 0.00 0.0 0 10.3 20 170 M M 7 30 200
30 83 73 78 4 0 13 T 0.0 0 7.7 15 140 M M 5 26 90
================================================================================
SM 2541 1958 0 306 2.38 0.0 241.1 M 57
================================================================================
AV 84.7 65.3 8.0 FASTST M M 2 MAX(MPH)
MISC ----> # 33 210 # 60 260
================================================================================
NOTES:
# LAST OF SEVERAL OCCURRENCES
COLUMN 17 PEAK WIND IN M.P.H.
PRELIMINARY LOCAL CLIMATOLOGICAL DATA (WS FORM: F-6) , PAGE 2
STATION: LAMONI IA
MONTH: JUNE
YEAR: 2020
LATITUDE: 40 37 N
LONGITUDE: 93 56 W
[TEMPERATURE DATA] [PRECIPITATION DATA] SYMBOLS USED IN COLUMN 16
AVERAGE MONTHLY: 75.0 TOTAL FOR MONTH: 2.38 1 = FOG OR MIST
DPTR FM NORMAL: 4.2 DPTR FM NORMAL: -2.59 2 = FOG REDUCING VISIBILITY
HIGHEST: 90 ON 7, 5 GRTST 24HR 0.83 ON 10-10 TO 1/4 MILE OR LESS
LOWEST: 56 ON 11 3 = THUNDER
SNOW, ICE PELLETS, HAIL 4 = ICE PELLETS
TOTAL MONTH: 0.0 INCH 5 = HAIL
GRTST 24HR 0.0 6 = FREEZING RAIN OR DRIZZLE
GRTST DEPTH: 0 7 = DUSTSTORM OR SANDSTORM:
VSBY 1/2 MILE OR LESS
8 = SMOKE OR HAZE
[NO. OF DAYS WITH] [WEATHER - DAYS WITH] 9 = BLOWING SNOW
X = TORNADO
MAX 32 OR BELOW: 0 0.01 INCH OR MORE: 8
MAX 90 OR ABOVE: 2 0.10 INCH OR MORE: 6
MIN 32 OR BELOW: 0 0.50 INCH OR MORE: 2
MIN 0 OR BELOW: 0 1.00 INCH OR MORE: 0
[HDD (BASE 65) ]
TOTAL THIS MO. 0 CLEAR (SCALE 0-3) 22
DPTR FM NORMAL -19 PTCLDY (SCALE 4-7) 8
TOTAL FM JUL 1 5815 CLOUDY (SCALE 8-10) 0
DPTR FM NORMAL -264
[CDD (BASE 65) ]
TOTAL THIS MO. 306
DPTR FM NORMAL 113 [PRESSURE DATA]
TOTAL FM JAN 1 345 HIGHEST SLP 30.26 ON 12
DPTR FM NORMAL 98 LOWEST SLP 29.41 ON 9
[REMARKS]
#FINAL-06-20#