588
CXUS53 KILX 011606
CLSLWV
CLIMATE REPORT
NATIONAL WEATHER SERVICE LINCOLN IL
1031 AM CDT MON JUN 1 2020
...................................
...THE LAWRENCEVILLE IL AIRPORT CLIMATE SUMMARY FOR THE SPRING SEASON,
FROM 3/1/2020 TO 5/31/2020...
CLIMATE NORMAL PERIOD 1981 TO 2010
CLIMATE RECORD PERIOD 9999 TO 9999
WEATHER OBSERVED NORMAL DEPART LAST YEAR`S
VALUE DATE(S) VALUE FROM VALUE
NORMAL
.............................................................
TEMPERATURE (F)
RECORD
HIGH MM MM
LOW MM MM
HIGHEST 86 05/14 MM MM 91
LOWEST 22 03/07 MM MM 5
AVG. MAXIMUM 63.9 66.2 -2.3 65.4
AVG. MINIMUM 42.9 45.2 -2.3 45.3
MEAN 53.4 55.7 -2.3 55.4
DAYS MAX >= 90 0 2.0 -2.0 5
DAYS MAX <= 32 0 0.5 -0.5 3
DAYS MIN <= 32 13 14.5 -1.5 19
DAYS MIN <= 0 0 0.0 0.0 0
PRECIPITATION (INCHES)
RECORD
MAXIMUM MM MM
MINIMUM MM MM
TOTALS 12.20 13.17 -0.97 16.64
DAILY AVG. 0.13 0.19
DAYS >= .01 39 MM MM 38
DAYS >= .10 24 MM MM 25
DAYS >= .50 7 MM MM 18
DAYS >= 1.00 2 MM MM 4
GREATEST
24 HR. TOTAL 1.93 MM 2.04
DEGREE_DAYS
HEATING TOTAL 1002 998 4 1028
SINCE 7/1 4517 4673 -156 4718
COOLING TOTAL 45 139 -94 187
SINCE 1/1 45 139 -94 187
FREEZE DATES
RECORD
EARLIEST MM
LATEST MM
EARLIEST MM
LATEST MM
..............................................................
WIND (MPH)
AVERAGE WIND SPEED 9.4
HIGHEST WIND SPEED/DIRECTION 63/320 DATE 04/08
HIGHEST GUST SPEED/DIRECTION 80/310 DATE 04/08
SKY COVER
POSSIBLE SUNSHINE (PERCENT) MM
AVERAGE SKY COVER 0.50
NUMBER OF DAYS FAIR 31
NUMBER OF DAYS PC 38
NUMBER OF DAYS CLOUDY 21
AVERAGE RH (PERCENT) 70
WEATHER CONDITIONS. NUMBER OF DAYS WITH
THUNDERSTORM 18 MIXED PRECIP 0
HEAVY RAIN 16 RAIN 25
LIGHT RAIN 50 FREEZING RAIN 0
LT FREEZING RAIN 0 HAIL 0
HEAVY SNOW 0 SNOW 0
LIGHT SNOW 0 SLEET 0
FOG 45 FOG W/VIS <= 1/4 MILE 5
HAZE 7
- INDICATES NEGATIVE NUMBERS.
R INDICATES RECORD WAS SET OR TIED.
MM INDICATES DATA IS MISSING.
T INDICATES TRACE AMOUNT.
$$