000
CXUS53 KGID 020139
CF6LXN
PRELIMINARY LOCAL CLIMATOLOGICAL DATA (WS FORM: F-6)
STATION: LEXINGTON NE
MONTH: MARCH
YEAR: 2024
LATITUDE: 40 47 N
LONGITUDE: 99 46 W
TEMPERATURE IN F: :PCPN: SNOW: WIND :SUNSHINE: SKY :PK WND
================================================================================
1 2 3 4 5 6A 6B 7 8 9 10 11 12 13 14 15 16 17 18
12Z AVG MX 2MIN
DY MAX MIN AVG DEP HDD CDD WTR SNW DPTH SPD SPD DIR MIN PSBL S-S WX SPD DR
================================================================================
1 70 27 49 M 16 0 0.00 M M 9.4 16 170 M M 0 17 210
2 59 34 47 M 18 0 0.00 M M 8.8 13 130 M M 4 12 16 160
3 60 33 47 M 18 0 0.00 M M 11.6 29 310 M M 2 38 310
4 56 30 43 M 22 0 0.00 M M 10.8 16 70 M M 1 23 20
5 55 22 39 M 26 0 0.00 M M 5.5 12 300 M M 1 8 18 340
6 60 23 42 M 23 0 0.00 M M 12.7 25 200 M M 2 33 200
7 45 29 37 M 28 0 M M M 16.0 24 50 M M 6 30 50
8 37 19 28 M 37 0 M M M 13.3 21 20 M M 7 28 20
9 51 16 34 M 31 0 0.00 M M 6.6 10 260 M M 0 M M
10 68 22 45 M 20 0 0.00 M M 4.6 15 230 M M 0 18 240
11 74 26 50 M 15 0 0.00 M M 6.4 21 230 M M 0 27 210
12 69 32 51 M 14 0 0.00 M M 5.8 18 290 M M 0 16 310
13 66 39 53 M 12 0 0.05 M M 9.0 20 20 M M 7 25 50
14 55 41 48 M 17 0 T M M 14.4 22 30 M M 9 28 30
15 57 28 43 M 22 0 0.00 M M 8.3 14 10 M M 1 22 10
16 57 26 42 M 23 0 0.00 M M 10.6 23 350 M M 0 28 360
17 46 21 34 M 31 0 0.00 M M 12.1 24 340 M M 0 33 340
18 55 12 34 M 31 0 0.00 M M 6.7 14 230 M M 0 21 240
19 67 32 50 M 15 0 0.00 M M 7.0 14 10 M M 0 21 360
20 51 33 42 M 23 0 0.00 M M 12.4 20 70 M M 2 27 70
21 63 25 44 M 21 0 0.00 M M 9.9 18 190 M M 4 27 190
22 53 28 41 M 24 0 0.00 M M 15.6 24 360 M M 1 30 350
23 45 22 34 M 31 0 0.00 M M 12.7 20 150 M M 2 27 150
24 44 32 38 M 27 0 0.46 M M 14.3 25 360 M M 10 1 31 10
25 32 22 27 M 38 0 M M M 28.4 37 350 M M 10 8 50 350
26 33 15 24 M 41 0 M M M 15.2 27 330 M M 1 8 37 330
27 50 22 36 M 29 0 T M M 6.7 13 180 M M 3 18 190
28 66 29 48 M 17 0 0.00 M M 6.0 14 160 M M 0 18 190
29 59 34 47 M 18 0 0.00 M M 11.8 22 360 M M 0 28 360
30 53 35 44 M 21 0 0.00 M M 8.5 14 130 M M 4 21 120
31 53 35 44 M 21 0 0.00 M M 12.2 20 80 M M 9 27 70
================================================================================
SM 1709 844 730 0 M M 333.3 M 86
================================================================================
AV 55.1 27.2 10.8 FASTST M M 3 MAX(MPH)
MISC ----> 37 350 M M
================================================================================
NOTES:
# LAST OF SEVERAL OCCURRENCES
COLUMN 17 PEAK WIND IN M.P.H.
PRELIMINARY LOCAL CLIMATOLOGICAL DATA (WS FORM: F-6) , PAGE 2
STATION: LEXINGTON NE
MONTH: MARCH
YEAR: 2024
LATITUDE: 40 47 N
LONGITUDE: 99 46 W
[TEMPERATURE DATA] [PRECIPITATION DATA] SYMBOLS USED IN COLUMN 16
AVERAGE MONTHLY: 41.2 TOTAL FOR MONTH: M 1 = FOG OR MIST
DPTR FM NORMAL: M DPTR FM NORMAL: M 2 = FOG REDUCING VISIBILITY
HIGHEST: 74 ON 11 GRTST 24HR M ON M TO 1/4 MILE OR LESS
LOWEST: 12 ON 18 3 = THUNDER
SNOW, ICE PELLETS, HAIL 4 = ICE PELLETS
TOTAL MONTH: M 5 = HAIL
GRTST 24HR M ON M 6 = FREEZING RAIN OR DRIZZLE
GRTST DEPTH: M ON M 7 = DUSTSTORM OR SANDSTORM:
VSBY 1/2 MILE OR LESS
8 = SMOKE OR HAZE
[NO. OF DAYS WITH] [WEATHER - DAYS WITH] 9 = BLOWING SNOW
X = TORNADO
MAX 32 OR BELOW: 1 0.01 INCH OR MORE: M
MAX 90 OR ABOVE: 0 0.10 INCH OR MORE: M
MIN 32 OR BELOW: 23 0.50 INCH OR MORE: M
MIN 0 OR BELOW: 0 1.00 INCH OR MORE: M
[HDD (BASE 65) ]
TOTAL THIS MO. 730 CLEAR (SCALE 0-3) 21
DPTR FM NORMAL M PTCLDY (SCALE 4-7) 6
TOTAL FM JUL 1 4786 CLOUDY (SCALE 8-10) 4
DPTR FM NORMAL M
[CDD (BASE 65) ]
TOTAL THIS MO. 0
DPTR FM NORMAL M [PRESSURE DATA]
TOTAL FM JAN 1 0 HIGHEST SLP M ON M
DPTR FM NORMAL M LOWEST SLP M ON M
[REMARKS]
#FINAL-03-24#