000
CXUS53 KEAX 010736
CF6LXT
PRELIMINARY LOCAL CLIMATOLOGICAL DATA (WS FORM: F-6)
STATION: LEE`S SUMMIT MO
MONTH: MAY
YEAR: 2021
LATITUDE: 38 57 N
LONGITUDE: 94 22 W
TEMPERATURE IN F: :PCPN: SNOW: WIND :SUNSHINE: SKY :PK WND
================================================================================
1 2 3 4 5 6A 6B 7 8 9 10 11 12 13 14 15 16 17 18
12Z AVG MX 2MIN
DY MAX MIN AVG DEP HDD CDD WTR SNW DPTH SPD SPD DIR MIN PSBL S-S WX SPD DR
================================================================================
1 80 60 70 10 0 5 0.00 M M 15.7 28 210 M M 0 39 200
2 74 61 68 7 0 3 0.00 M M 11.9 23 200 M M 3 29 220
3 69 56 63 2 2 0 0.00 M M 11.6 22 320 M M 7 31 240
4 63 46 55 -6 10 0 0.00 M M 12.3 25 360 M M 5 35 360
5 69 39 54 -8 11 0 T M M 4.7 22 220 M M 2 30 220
6 63 45 54 -8 11 0 T M M 10.5 23 330 M M 2 3 29 320
7 70 45 58 -4 7 0 0.00 M M 9.0 21 250 M M 6 27 240
8 76 54 65 2 0 0 0.78 M M 10.7 40 340 M M 6 13 50 340
9 55 41 48 -15 17 0 0.85 M M 11.5 32 70 M M 9 13 43 70
10 62 38 50 -13 15 0 0.00 M M 3.2 10 60 M M 1 1 15 350
11 59 43 51 -13 14 0 T M M 6.9 20 70 M M 7 24 70
12 63 47 55 -9 10 0 0.00 M M 8.5 17 80 M M 3 25 100
13 67 42 55 -9 10 0 0.00 M M 5.2 13 140 M M 0 18 140
14 73 51 62 -3 3 0 0.00 M M 9.8 21 200 M M 4 28 180
15 64 54 59 -6 6 0 0.06 M M 9.1 18 210 M M 7 25 180
16 62 53 58 -7 7 0 2.32 M M 5.8 15 80 M M 9 13 20 100
17 67 59 63 -3 2 0 0.13 M M 8.6 16 70 M M 10 18 22 60
18 78 62 70 4 0 5 0.01 M M 6.6 14 210 M M 8 123 18 120
19 74 66 70 4 0 5 T M M 9.4 18 140 M M 8 1 28 130
20 73 66 70 3 0 5 M M M 11.7 17 150 M M 9 1 28 160
21 74 67 71 4 0 6 T M M 13.1 22 170 M M 8 1 31 170
22 70 63 67 0 0 2 M M M 10.4 22 220 M M 8 1 27 210
23 79 64 72 4 0 7 T M M 6.3 13 220 M M 3 20 180
24 80 66 73 5 0 8 0.00 M M 7.4 20 190 M M 5 25 180
25 79 66 73 5 0 8 T M M 12.3 23 210 M M 5 29 210
26 86 65 76 7 0 11 0.00 M M 5.2 12 140 M M 3 18 150
27 74 60 67 -2 0 2 0.31 M M 10.0 25 290 M M 6 13 37 300
28 61 50 56 -14 9 0 T M M 11.8 22 360 M M 9 30 350
29 66 46 56 -14 9 0 T M M 8.1 15 50 M M 4 1 20 50
30 66 47 57 -13 8 0 0.00 M M 5.9 14 160 M M 2 20 150
31 65 59 62 -8 3 0 0.15 M M 4.3 9 50 M M 10 1 15 200
================================================================================
SM 2161 1681 154 67 4.61 M 277.5 M 169
================================================================================
AV 69.7 54.2 9.0 FASTST M M 5 MAX(MPH)
MISC ----> 40 340 50 340
================================================================================
NOTES:
# LAST OF SEVERAL OCCURRENCES
COLUMN 17 PEAK WIND IN M.P.H.
PRELIMINARY LOCAL CLIMATOLOGICAL DATA (WS FORM: F-6) , PAGE 2
STATION: LEE`S SUMMIT MO
MONTH: MAY
YEAR: 2021
LATITUDE: 38 57 N
LONGITUDE: 94 22 W
[TEMPERATURE DATA] [PRECIPITATION DATA] SYMBOLS USED IN COLUMN 16
AVERAGE MONTHLY: 62.0 TOTAL FOR MONTH: 4.61 1 = FOG OR MIST
DPTR FM NORMAL: -3.3 DPTR FM NORMAL: -1.09 2 = FOG REDUCING VISIBILITY
HIGHEST: 86 ON 26 GRTST 24HR 2.33 ON 16-17 TO 1/4 MILE OR LESS
LOWEST: 38 ON 10 3 = THUNDER
SNOW, ICE PELLETS, HAIL 4 = ICE PELLETS
TOTAL MONTH: M 5 = HAIL
GRTST 24HR M ON M 6 = FREEZING RAIN OR DRIZZLE
GRTST DEPTH: M ON M 7 = DUSTSTORM OR SANDSTORM:
VSBY 1/2 MILE OR LESS
8 = SMOKE OR HAZE
[NO. OF DAYS WITH] [WEATHER - DAYS WITH] 9 = BLOWING SNOW
X = TORNADO
MAX 32 OR BELOW: 0 0.01 INCH OR MORE: 8
MAX 90 OR ABOVE: 0 0.10 INCH OR MORE: 6
MIN 32 OR BELOW: 0 0.50 INCH OR MORE: 3
MIN 0 OR BELOW: 0 1.00 INCH OR MORE: 1
[HDD (BASE 65) ]
TOTAL THIS MO. 154 CLEAR (SCALE 0-3) 9
DPTR FM NORMAL 57 PTCLDY (SCALE 4-7) 14
TOTAL FM JUL 1 4654 CLOUDY (SCALE 8-10) 8
DPTR FM NORMAL -129
[CDD (BASE 65) ]
TOTAL THIS MO. 67
DPTR FM NORMAL -41 [PRESSURE DATA]
TOTAL FM JAN 1 91 HIGHEST SLP M ON M
DPTR FM NORMAL -41 LOWEST SLP 29.47 ON 3
[REMARKS]
#FINAL-05-21#