000
CXUS51 KRNK 010620
CF6LYH
PRELIMINARY LOCAL CLIMATOLOGICAL DATA (WS FORM: F-6)
STATION: LYNCHBURG VA
MONTH: MARCH
YEAR: 2021
LATITUDE: 37 19 N
LONGITUDE: 79 12 W
TEMPERATURE IN F: :PCPN: SNOW: WIND :SUNSHINE: SKY :PK WND
================================================================================
1 2 3 4 5 6A 6B 7 8 9 10 11 12 13 14 15 16 17 18
12Z AVG MX 2MIN
DY MAX MIN AVG DEP HDD CDD WTR SNW DPTH SPD SPD DIR MIN PSBL S-S WX SPD DR
================================================================================
1 58 42 50 9 15 0 0.24 0.0 0 5.9 16 300 M M 5 1 24 300
2 49 29 39 -3 26 0 0.00 0.0 0 3.5 13 310 M M 0 21 300
3 63 25 44 2 21 0 0.00 0.0 0 3.1 10 260 M M 0 17 230
4 62 37 50 8 15 0 0.00 0.0 0 6.1 17 300 M M 0 28 280
5 50 30 40 -2 25 0 0.00 0.0 0 5.6 14 260 M M 0 22 240
6 53 27 40 -3 25 0 0.00 0.0 0 4.6 14 250 M M 0 23 220
7 52 23 38 -5 27 0 0.00 0.0 0 3.4 12 300 M M 0 17 270
8 63 22 43 0 22 0 0.00 0.0 0 2.7 10 250 M M 0 14 260
9 71 27 49 5 16 0 0.00 0.0 0 2.3 14 230 M M 0 33 270
10 75 33 54 10 11 0 0.00 0.0 0 3.5 15 180 M M 0 21 210
11 78 44 61 17 4 0 0.00 0.0 0 9.4 24 200 M M 0 30 190
12 72 49 61 17 4 0 T 0.0 0 4.8 14 270 M M 2 20 280
13 64 38 51 6 14 0 0.00 0.0 0 2.5 8 250 M M 0 12 250
14 65 35 50 5 15 0 0.00 0.0 0 4.2 15 200 M M 0 21 280
15 54 35 45 0 20 0 0.09 T 0 5.6 13 10 M M 4 4 21 20
16 47 36 42 -4 23 0 T 0.0 0 4.1 10 180 M M 10 1 12 180
17 52 43 48 2 17 0 0.01 0.0 0 3.1 9 40 M M 10 1 11 40
18 52 45 49 3 16 0 0.62 0.0 0 3.0 16 40 M M 10 123 22 50
19 54 36 45 -2 20 0 0.46 0.0 0 12.6 25 40 M M 4 1 34 50
20 57 32 45 -2 20 0 0.00 0.0 0 8.3 18 40 M M 0 23 80
21 64 28 46 -1 19 0 0.00 0.0 0 6.4 16 50 M M 0 22 20
22 67 35 51 3 14 0 0.00 0.0 0 8.1 16 40 M M 0 23 30
23 62 45 54 6 11 0 0.01 0.0 0 7.2 16 30 M M 8 1 19 60
24 64 51 58 10 7 0 0.00 0.0 0 5.6 12 190 M M 8 12 20 210
25 70 45 58 9 7 0 0.17 0.0 0 4.2 17 170 M M 6 12 24 160
26 82 49 66 17 0 1 0.11 0.0 0 8.1 18 200 M M 4 1 22 270
27 74 46 60 11 5 0 0.25 0.0 0 2.9 13 260 M M 3 123 18 260
28 70 47 59 9 6 0 0.42 0.0 0 8.9 24 190 M M 6 13 33 300
29 63 38 51 1 14 0 0.00 0.0 0 4.5 17 310 M M 0 31 310
30 72 35 54 4 11 0 0.00 0.0 0 6.4 18 180 M M 0 24 180
31 64 52 58 7 7 0 0.79 0.0 0 5.8 13 180 M M 8 1 16 290
================================================================================
SM 1943 1159 457 1 3.17 T 166.4 M 88
================================================================================
AV 62.7 37.4 5.4 FASTST M M 3 MAX(MPH)
MISC ----> 25 40 34 50
================================================================================
NOTES:
# LAST OF SEVERAL OCCURRENCES
COLUMN 17 PEAK WIND IN M.P.H.
PRELIMINARY LOCAL CLIMATOLOGICAL DATA (WS FORM: F-6) , PAGE 2
STATION: LYNCHBURG VA
MONTH: MARCH
YEAR: 2021
LATITUDE: 37 19 N
LONGITUDE: 79 12 W
[TEMPERATURE DATA] [PRECIPITATION DATA] SYMBOLS USED IN COLUMN 16
AVERAGE MONTHLY: 50.0 TOTAL FOR MONTH: 3.17 1 = FOG OR MIST
DPTR FM NORMAL: 4.1 DPTR FM NORMAL: -0.41 2 = FOG REDUCING VISIBILITY
HIGHEST: 82 ON 26 GRTST 24HR 0.79 ON 31-31 TO 1/4 MILE OR LESS
LOWEST: 22 ON 8 3 = THUNDER
SNOW, ICE PELLETS, HAIL 4 = ICE PELLETS
TOTAL MONTH: T 5 = HAIL
GRTST 24HR T ON 15-15 6 = FREEZING RAIN OR DRIZZLE
GRTST DEPTH: 0 7 = DUSTSTORM OR SANDSTORM:
VSBY 1/2 MILE OR LESS
8 = SMOKE OR HAZE
[NO. OF DAYS WITH] [WEATHER - DAYS WITH] 9 = BLOWING SNOW
X = TORNADO
MAX 32 OR BELOW: 0 0.01 INCH OR MORE: 11
MAX 90 OR ABOVE: 0 0.10 INCH OR MORE: 8
MIN 32 OR BELOW: 9 0.50 INCH OR MORE: 2
MIN 0 OR BELOW: 0 1.00 INCH OR MORE: 0
[HDD (BASE 65) ]
TOTAL THIS MO. 457 CLEAR (SCALE 0-3) 19
DPTR FM NORMAL -138 PTCLDY (SCALE 4-7) 9
TOTAL FM JUL 1 3369 CLOUDY (SCALE 8-10) 3
DPTR FM NORMAL -650
[CDD (BASE 65) ]
TOTAL THIS MO. 1
DPTR FM NORMAL -1 [PRESSURE DATA]
TOTAL FM JAN 1 1 HIGHEST SLP M ON M
DPTR FM NORMAL -1 LOWEST SLP 29.60 ON 18
[REMARKS]
#FINAL-03-21#