503
CXUS51 KRNK 010854
CF6LYH
PRELIMINARY LOCAL CLIMATOLOGICAL DATA (WS FORM: F-6)
STATION: LYNCHBURG VA
MONTH: MARCH
YEAR: 2020
LATITUDE: 37 19 N
LONGITUDE: 79 12 W
TEMPERATURE IN F: :PCPN: SNOW: WIND :SUNSHINE: SKY :PK WND
================================================================================
1 2 3 4 5 6A 6B 7 8 9 10 11 12 13 14 15 16 17 18
12Z AVG MX 2MIN
DY MAX MIN AVG DEP HDD CDD WTR SNW DPTH SPD SPD DIR MIN PSBL S-S WX SPD DR
================================================================================
1 58 25 42 1 23 0 0.00 0.0 0 4.7 14 180 M M 0 17 220
2 63 32 48 6 17 0 T 0.0 0 10.0 23 210 M M 4 34 190
3 63 43 53 11 12 0 0.12 0.0 0 7.8 18 200 M M 4 1 26 200
4 64 44 54 12 11 0 0.00 0.0 0 5.8 17 190 M M 0 23 310
5 56 36 46 4 19 0 0.00 0.0 0 4.2 15 50 M M 0 18 60
6 55 30 43 0 22 0 T 0.0 0 6.8 21 300 M M 5 32 300
7 55 29 42 -1 23 0 0.00 0.0 0 7.3 18 330 M M 2 33 330
8 63 24 44 1 21 0 0.00 0.0 0 5.0 15 170 M M 0 20 200
9 72 33 53 9 12 0 0.00 0.0 0 9.1 17 200 M M 0 22 180
10 71 53 62 18 3 0 0.07 0.0 0 10.5 23 220 M M 7 34 210
11 74 49 62 18 3 0 0.00 0.0 0 3.8 14 30 M M 5 1 21 250
12 69 44 57 13 8 0 0.00 0.0 0 5.9 13 30 M M 3 16 130
13 76 51 64 19 1 0 0.29 0.0 0 5.9 16 260 M M 4 1 24 270
14 61 45 53 8 12 0 0.08 0.0 0 3.5 12 200 M M 6 1 13 200
15 48 41 45 0 20 0 0.05 0.0 0 10.6 18 40 M M 10 1 24 70
16 54 42 48 2 17 0 0.00 0.0 0 3.1 10 160 M M 10 14 100
17 69 46 58 12 7 0 0.00 0.0 0 4.1 13 200 M M 7 16 200
18 59 42 51 5 14 0 0.18 0.0 0 5.4 17 40 M M 8 1 21 200
19 79 50 65 18 0 0 0.14 0.0 0 5.9 16 190 M M 5 1 21 200
20 82 61 72 25 0 7 0.03 0.0 0 7.2 17 210 M M 5 28 210
21 63 47 55 8 10 0 0.06 0.0 0 7.5 17 40 M M 9 21 40
22 54 44 49 1 16 0 0.05 0.0 0 8.4 16 40 M M 7 21 30
23 49 41 45 -3 20 0 0.46 0.0 0 5.0 12 40 M M 8 1 16 40
24 59 40 50 2 15 0 0.24 0.0 0 5.3 15 120 M M 6 12 20 130
25 56 45 51 2 14 0 0.38 0.0 0 7.8 17 20 M M 10 1 22 30
26 62 45 54 5 11 0 0.00 0.0 0 7.8 16 190 M M 7 22 190
27 81 47 64 15 1 0 0.00 0.0 0 6.9 15 40 M M 2 1 20 150
28 82 58 70 20 0 5 0.00 0.0 0 5.8 15 190 M M 4 19 200
29 88 53 71 21 0 6 0.00 0.0 0 7.0 22 210 M M 1 1 33 290
30 77 54 66 16 0 1 0.00 0.0 0 6.9 18 260 M M 0 35 250
31 59 43 51 0 14 0 0.64 0.0 0 5.6 16 50 M M 6 1 21 30
================================================================================
SM 2021 1337 346 19 2.79 0.0 200.6 M 145
================================================================================
AV 65.2 43.1 6.5 FASTST M M 5 MAX(MPH)
MISC ----> # 23 210 35 250
================================================================================
NOTES:
# LAST OF SEVERAL OCCURRENCES
COLUMN 17 PEAK WIND IN M.P.H.
PRELIMINARY LOCAL CLIMATOLOGICAL DATA (WS FORM: F-6) , PAGE 2
STATION: LYNCHBURG VA
MONTH: MARCH
YEAR: 2020
LATITUDE: 37 19 N
LONGITUDE: 79 12 W
[TEMPERATURE DATA] [PRECIPITATION DATA] SYMBOLS USED IN COLUMN 16
AVERAGE MONTHLY: 54.2 TOTAL FOR MONTH: 2.79 1 = FOG OR MIST
DPTR FM NORMAL: 8.3 DPTR FM NORMAL: -0.79 2 = FOG REDUCING VISIBILITY
HIGHEST: 88 ON 29 GRTST 24HR 0.64 ON 31-31 TO 1/4 MILE OR LESS
LOWEST: 24 ON 8 3 = THUNDER
SNOW, ICE PELLETS, HAIL 4 = ICE PELLETS
TOTAL MONTH: 0.0 INCH 5 = HAIL
GRTST 24HR 0.0 6 = FREEZING RAIN OR DRIZZLE
GRTST DEPTH: 0 7 = DUSTSTORM OR SANDSTORM:
VSBY 1/2 MILE OR LESS
8 = SMOKE OR HAZE
[NO. OF DAYS WITH] [WEATHER - DAYS WITH] 9 = BLOWING SNOW
X = TORNADO
MAX 32 OR BELOW: 0 0.01 INCH OR MORE: 14
MAX 90 OR ABOVE: 0 0.10 INCH OR MORE: 8
MIN 32 OR BELOW: 5 0.50 INCH OR MORE: 1
MIN 0 OR BELOW: 0 1.00 INCH OR MORE: 0
[HDD (BASE 65) ]
TOTAL THIS MO. 346 CLEAR (SCALE 0-3) 10
DPTR FM NORMAL -249 PTCLDY (SCALE 4-7) 17
TOTAL FM JUL 1 3118 CLOUDY (SCALE 8-10) 4
DPTR FM NORMAL -901
[CDD (BASE 65) ]
TOTAL THIS MO. 19
DPTR FM NORMAL 17 [PRESSURE DATA]
TOTAL FM JAN 1 19 HIGHEST SLP 30.61 ON 8
DPTR FM NORMAL 17 LOWEST SLP 29.58 ON 3
[REMARKS]
DUE TO MISSING TEMPERATURES ON NOVEMBER 27-30, THE SEASONAL HEATING
DEGREE DAY TOTAL WILL BE CALCULATED WITHOUT DATA FROM THESE DATES.
#FINAL-03-20#