000
CXUS54 KLZK 011332
CF6M19
PRELIMINARY LOCAL CLIMATOLOGICAL DATA (WS FORM: F-6)
STATION: NEWPORT AIRPORT
MONTH: FEBRUARY
YEAR: 2024
LATITUDE: 35 35 N
LONGITUDE: 91 16 W
TEMPERATURE IN F: :PCPN: SNOW: WIND :SUNSHINE: SKY :PK WND
================================================================================
1 2 3 4 5 6A 6B 7 8 9 10 11 12 13 14 15 16 17 18
12Z AVG MX 2MIN
DY MAX MIN AVG DEP HDD CDD WTR SNW DPTH SPD SPD DIR MIN PSBL S-S WX SPD DR
================================================================================
1 58 34 46 8 19 0 0.00 M M 9.7 17 200 M M 0 M M
2 67 39 53 15 12 0 0.00 M M 6.0 9 190 M M 2 M M
3 64 42 53 14 12 0 0.24 M M 7.1 13 340 M M 4 M M
4 52 46 49 10 16 0 0.87 M M 16.8 25 70 M M 10 31 80
5 59 37 48 9 17 0 0.00 M M 11.8 17 360 M M 0 24 360
6 56 32 44 5 21 0 0.00 M M 6.0 9 20 M M 0 M M
7 59 35 47 8 18 0 0.00 M M 6.1 13 160 M M 0 M M
8 62 45 54 14 11 0 0.00 M M 14.0 22 180 M M 7 30 200
9 69 54 62 22 3 0 0.00 M M 10.3 17 190 M M 6 M M
10 64 43 54 14 11 0 0.08 M M 12.5 21 40 M M 9 22 210
11 49 40 45 5 20 0 0.03 M M 15.2 23 40 M M 10 M M
12 45 34 40 -1 25 0 0.55 M M 14.0 21 30 M M 9 3 25 340
13 56 29 43 2 22 0 0.00 M M 6.3 10 180 M M 0 M M
14 62 35 49 8 16 0 0.00 M M 8.7 15 190 M M 0 24 190
15 67 40 54 12 11 0 0.00 M M 7.0 12 210 M M 0 M M
16 63 33 48 6 17 0 0.01 M M 10.8 24 360 M M 8 37 340
17 40 27 34 -8 31 0 0.00 M M 11.8 22 360 M M 2 31 360
18 50 23 37 -5 28 0 0.00 M M 8.2 16 190 M M 1 M M
19 58 27 43 0 22 0 0.00 M M 6.8 15 190 M M 3 20 200
20 66 37 52 9 13 0 0.00 M M 6.9 10 140 M M 2 M M
21 67 42 55 12 10 0 0.00 M M 13.4 28 190 M M 2 35 190
22 70 51 61 17 4 0 0.00 M M 15.3 32 200 M M 6 37 200
23 67 46 57 13 8 0 0.00 M M 11.7 20 290 M M 0 24 300
24 60 42 51 7 14 0 0.00 M M 9.5 18 360 M M 0 22 360
25 77 39 58 13 7 0 0.00 M M 14.1 24 220 M M 1 35 220
26 71 48 60 15 5 0 0.00 M M 14.4 25 190 M M 3 31 190
27 79 63 71 26 0 6 0.00 M M 21.9 31 210 M M 2 43 210
28 69 36 53 7 12 0 0.00 M M 16.4 31 320 M M 2 40 330
29 52 29 41 -5 24 0 M M M 8.5 14 80 M M 3 M M
================================================================================
SM 1778 1128 429 6 1.78 M 321.1 M 92
================================================================================
AV 61.3 38.9 11.1 FASTST M M 3 MAX(MPH)
MISC ----> 32 200 43 210
================================================================================
NOTES:
# LAST OF SEVERAL OCCURRENCES
COLUMN 17 PEAK WIND IN M.P.H.
PRELIMINARY LOCAL CLIMATOLOGICAL DATA (WS FORM: F-6) , PAGE 2
STATION: NEWPORT AIRPORT
MONTH: FEBRUARY
YEAR: 2024
LATITUDE: 35 35 N
LONGITUDE: 91 16 W
[TEMPERATURE DATA] [PRECIPITATION DATA] SYMBOLS USED IN COLUMN 16
AVERAGE MONTHLY: 50.1 TOTAL FOR MONTH: 1.78 1 = FOG OR MIST
DPTR FM NORMAL: 8.5 DPTR FM NORMAL: -1.89 2 = FOG REDUCING VISIBILITY
HIGHEST: 79 ON 27 GRTST 24HR 0.87 ON 4- 4 TO 1/4 MILE OR LESS
LOWEST: 23 ON 18 3 = THUNDER
SNOW, ICE PELLETS, HAIL 4 = ICE PELLETS
TOTAL MONTH: M 5 = HAIL
GRTST 24HR M ON M 6 = FREEZING RAIN OR DRIZZLE
GRTST DEPTH: M ON M 7 = DUSTSTORM OR SANDSTORM:
VSBY 1/2 MILE OR LESS
8 = SMOKE OR HAZE
[NO. OF DAYS WITH] [WEATHER - DAYS WITH] 9 = BLOWING SNOW
X = TORNADO
MAX 32 OR BELOW: 0 0.01 INCH OR MORE: 6
MAX 90 OR ABOVE: 0 0.10 INCH OR MORE: 3
MIN 32 OR BELOW: 6 0.50 INCH OR MORE: 2
MIN 0 OR BELOW: 0 1.00 INCH OR MORE: 0
[HDD (BASE 65) ]
TOTAL THIS MO. 429 CLEAR (SCALE 0-3) 20
DPTR FM NORMAL -228 PTCLDY (SCALE 4-7) 5
TOTAL FM JUL 1 2497 CLOUDY (SCALE 8-10) 4
DPTR FM NORMAL -494
[CDD (BASE 65) ]
TOTAL THIS MO. 6
DPTR FM NORMAL 6 [PRESSURE DATA]
TOTAL FM JAN 1 6 HIGHEST SLP M ON M
DPTR FM NORMAL 6 LOWEST SLP M ON M
[REMARKS]
#FINAL-02-24#