000
CXUS53 KABR 011716
CF6MBG
PRELIMINARY LOCAL CLIMATOLOGICAL DATA (WS FORM: F-6)
STATION: MOBRIDGE SD
MONTH: FEBRUARY
YEAR: 2023
LATITUDE: 45 32 N
LONGITUDE: 100 25 W
TEMPERATURE IN F: :PCPN: SNOW: WIND :SUNSHINE: SKY :PK WND
================================================================================
1 2 3 4 5 6A 6B 7 8 9 10 11 12 13 14 15 16 17 18
12Z AVG MX 2MIN
DY MAX MIN AVG DEP HDD CDD WTR SNW DPTH SPD SPD DIR MIN PSBL S-S WX SPD DR
================================================================================
1 33 8 21 4 44 0 0.00 0.0 2 4.9 10 250 M M 3 14 260
2 23 1 12 -6 53 0 T T 1 11.7 25 350 M M 8 35 340
3 21 1 11 -7 54 0 0.00 0.0 1 13.0 21 150 M M 3 8 26 150
4 49 14 32 14 33 0 0.00 0.0 1 5.8 13 270 M M 0 17 260
5 41 19 30 12 35 0 0.00 0.0 T 9.1 23 150 M M 0 32 150
6 42 28 35 17 30 0 T 0.0 T 13.7 25 150 M M 2 35 130
7 49 21 35 16 30 0 0.00 0.0 T 4.7 15 310 M M 0 21 320
8 50 26 38 19 27 0 0.00 0.0 T 8.8 17 320 M M 0 22 320
9 36 18 27 8 38 0 T T T 14.4 28 10 M M 4 18 40 20
10 48 16 32 13 33 0 0.00 0.0 T 6.9 13 200 M M 0 18 200
11 54 23 39 19 26 0 0.00 0.0 T 2.7 8 360 M M 0 8 10 350
12 52 21 37 17 28 0 0.00 0.0 T 5.5 17 270 M M 0 23 300
13 55 26 41 21 24 0 0.00 0.0 0 8.3 14 150 M M 0 17 150
14 38 20 29 8 36 0 T T 0 21.1 36 330 M M 5 53 360
15 27 8 18 -3 47 0 T T T 13.2 37 320 M M 3 51 320
16 27 3 15 -6 50 0 0.00 0.0 0 5.4 13 90 M M 1 18 120
17 52 12 32 10 33 0 0.00 0.0 0 11.2 25 300 M M 1 34 300
18 51 22 37 15 28 0 0.00 0.0 0 7.5 20 180 M M 1 26 200
19 41 20 31 9 34 0 0.00 0.0 0 9.2 16 150 M M 4 22 160
20 40 7 24 1 41 0 T T 0 13.6 31 320 M M 4 41 330
21 13 4 9 -14 56 0 0.20 2.0 T 15.3 28 70 M M 8 8 37 70
22 4 -5 0 -24 65 0 0.16 1.3 2 18.2 28 10 M M 10 8 38 360
23 -1 -20 -10 -34 75 0 0.11 0.7 4 12.4 23 350 M M 6 32 350
24 4 -22 -9 -33 74 0 0.00 0.0 4 6.8 18 160 M M 4 23 180
25 38 -8 15 -10 50 0 0.00 0.0 4 7.7 13 170 M M 0 8 16 280
26 39 9 24 -1 41 0 0.00 0.0 4 7.4 14 160 M M 0 18 17 170
27 44 13 29 3 36 0 0.00 0.0 2 7.8 25 320 M M 1 128 34 320
28 36 21 29 3 36 0 0.30 2.0 2 14.3 26 70 M M 7 12 35 100
================================================================================
SM 1006 306 1157 0 0.77 6.0 280.6 M 75
================================================================================
AV 35.9 10.9 10.0 FASTST M M 3 MAX(MPH)
MISC ----> 37 320 53 360
================================================================================
NOTES:
# LAST OF SEVERAL OCCURRENCES
COLUMN 17 PEAK WIND IN M.P.H.
PRELIMINARY LOCAL CLIMATOLOGICAL DATA (WS FORM: F-6) , PAGE 2
STATION: MOBRIDGE SD
MONTH: FEBRUARY
YEAR: 2023
LATITUDE: 45 32 N
LONGITUDE: 100 25 W
[TEMPERATURE DATA] [PRECIPITATION DATA] SYMBOLS USED IN COLUMN 16
AVERAGE MONTHLY: 23.4 TOTAL FOR MONTH: 0.77 1 = FOG OR MIST
DPTR FM NORMAL: 2.2 DPTR FM NORMAL: 0.12 2 = FOG REDUCING VISIBILITY
HIGHEST: 55 ON 13 GRTST 24HR 0.30 ON 28-28 TO 1/4 MILE OR LESS
LOWEST: -22 ON 24 3 = THUNDER
SNOW, ICE PELLETS, HAIL 4 = ICE PELLETS
TOTAL MONTH: 6.0 INCHES 5 = HAIL
GRTST 24HR 2.0 ON 21-21 6 = FREEZING RAIN OR DRIZZLE
GRTST DEPTH: 4 ON 26,25 7 = DUSTSTORM OR SANDSTORM:
VSBY 1/2 MILE OR LESS
8 = SMOKE OR HAZE
[NO. OF DAYS WITH] [WEATHER - DAYS WITH] 9 = BLOWING SNOW
X = TORNADO
MAX 32 OR BELOW: 8 0.01 INCH OR MORE: 4
MAX 90 OR ABOVE: 0 0.10 INCH OR MORE: 4
MIN 32 OR BELOW: 28 0.50 INCH OR MORE: 0
MIN 0 OR BELOW: 4 1.00 INCH OR MORE: 0
[HDD (BASE 65) ]
TOTAL THIS MO. 1157 CLEAR (SCALE 0-3) 17
DPTR FM NORMAL -71 PTCLDY (SCALE 4-7) 9
TOTAL FM JUL 1 5793 CLOUDY (SCALE 8-10) 2
DPTR FM NORMAL 108
[CDD (BASE 65) ]
TOTAL THIS MO. 0
DPTR FM NORMAL 0 [PRESSURE DATA]
TOTAL FM JAN 1 0 HIGHEST SLP 30.76 ON 24
DPTR FM NORMAL 0 LOWEST SLP 29.17 ON 14
[REMARKS]
#FINAL-02-23#