000
CXUS54 KLIX 010910
CF6MCB
PRELIMINARY LOCAL CLIMATOLOGICAL DATA (WS FORM: F-6)
STATION: MCCOMB
MONTH: FEBRUARY
YEAR: 2023
LATITUDE: 31 10 N
LONGITUDE: 90 28 W
TEMPERATURE IN F: :PCPN: SNOW: WIND :SUNSHINE: SKY :PK WND
================================================================================
1 2 3 4 5 6A 6B 7 8 9 10 11 12 13 14 15 16 17 18
12Z AVG MX 2MIN
DY MAX MIN AVG DEP HDD CDD WTR SNW DPTH SPD SPD DIR MIN PSBL S-S WX SPD DR
================================================================================
1 43 37 40 -10 25 0 0.10 M M 6.0 13 280 M M 10 1 19 350
2 46 41 44 -6 21 0 0.48 M M 6.9 17 280 M M 10 12 23 340
3 56 35 46 -5 19 0 0.01 M M 9.2 21 330 M M 2 28 330
4 61 30 46 -5 19 0 0.00 0.0 M 3.4 13 150 M M 0 17 160
5 67 36 52 1 13 0 0.00 0.0 M 2.8 13 310 M M 1 128 17 300
6 70 39 55 4 10 0 0.00 0.0 M 5.4 16 160 M M 0 18 23 130
7 71 50 61 10 4 0 0.00 0.0 M 5.3 13 130 M M 7 128 17 150
8 77 63 70 18 0 5 2.30 0.0 M 11.2 22 170 M M 10 138 31 190
9 68 48 58 6 7 0 0.11 0.0 M 5.9 17 310 M M 2 1 29 280
10 61 45 53 1 12 0 0.00 0.0 M 5.6 13 360 M M 2 21 40
11 49 41 45 -7 20 0 0.72 0.0 M 11.2 23 320 M M 7 1 33 330
12 63 33 48 -4 17 0 T 0.0 M 7.9 18 320 M M 2 24 330
13 71 30 51 -2 14 0 0.00 0.0 M 2.7 10 220 M M 0 15 250
14 70 46 58 5 7 0 0.05 M M 11.4 26 170 M M 7 12 40 170
15 75 65 70 17 0 5 0.05 0.0 M 11.6 22 160 M M 10 1 28 160
16 71 45 58 5 7 0 2.92 M M 11.4 24 340 M M 10 13 34 160
17 47 36 42 -12 23 0 0.07 M M 12.7 25 330 M M 4 13 36 330
18 58 27 43 -11 22 0 0.00 0.0 M 3.8 14 160 M M 0 20 60
19 68 33 51 -3 14 0 0.00 0.0 M 3.4 13 230 M M 0 18 200
20 75 50 63 9 2 0 0.00 0.0 M 8.1 17 210 M M 7 1 27 260
21 80 65 73 19 0 8 0.00 0.0 M 10.4 18 200 M M 7 27 240
22 81 66 74 19 0 9 0.00 0.0 M 15.1 28 180 M M 10 42 180
23 85 69 77 22 0 12 0.00 0.0 M 7.1 18 180 M M 8 1 29 180
24 80 65 73 18 0 8 0.00 0.0 M 5.0 14 200 M M 6 1 20 160
25 84 62 73 18 0 8 0.00 0.0 M 4.7 14 190 M M 5 18 22 190
26 82 57 70 14 0 5 0.00 0.0 M 7.0 18 160 M M 4 12 25 150
27 79 66 73 17 0 8 0.00 0.0 M 10.1 22 210 M M 7 34 220
28 84 58 71 15 0 6 0.00 0.0 M 5.4 13 240 M M 3 128 21 270
================================================================================
SM 1922 1338 256 74 6.81 0.0 210.7 M 141
================================================================================
AV 68.6 47.8 7.5 FASTST M M 5 MAX(MPH)
MISC ----> 28 180 42 180
================================================================================
NOTES:
# LAST OF SEVERAL OCCURRENCES
COLUMN 17 PEAK WIND IN M.P.H.
PRELIMINARY LOCAL CLIMATOLOGICAL DATA (WS FORM: F-6) , PAGE 2
STATION: MCCOMB
MONTH: FEBRUARY
YEAR: 2023
LATITUDE: 31 10 N
LONGITUDE: 90 28 W
[TEMPERATURE DATA] [PRECIPITATION DATA] SYMBOLS USED IN COLUMN 16
AVERAGE MONTHLY: 58.2 TOTAL FOR MONTH: 6.81 1 = FOG OR MIST
DPTR FM NORMAL: 5.2 DPTR FM NORMAL: 1.68 2 = FOG REDUCING VISIBILITY
HIGHEST: 85 ON 23 GRTST 24HR 2.99 ON 16-17 TO 1/4 MILE OR LESS
LOWEST: 27 ON 18 3 = THUNDER
SNOW, ICE PELLETS, HAIL 4 = ICE PELLETS
TOTAL MONTH: 0.0 INCH 5 = HAIL
GRTST 24HR 0.0 6 = FREEZING RAIN OR DRIZZLE
GRTST DEPTH: M ON M 7 = DUSTSTORM OR SANDSTORM:
VSBY 1/2 MILE OR LESS
8 = SMOKE OR HAZE
[NO. OF DAYS WITH] [WEATHER - DAYS WITH] 9 = BLOWING SNOW
X = TORNADO
MAX 32 OR BELOW: 0 0.01 INCH OR MORE: 10
MAX 90 OR ABOVE: 0 0.10 INCH OR MORE: 6
MIN 32 OR BELOW: 3 0.50 INCH OR MORE: 3
MIN 0 OR BELOW: 0 1.00 INCH OR MORE: 2
[HDD (BASE 65) ]
TOTAL THIS MO. 256 CLEAR (SCALE 0-3) 10
DPTR FM NORMAL -92 PTCLDY (SCALE 4-7) 12
TOTAL FM JUL 1 1350 CLOUDY (SCALE 8-10) 6
DPTR FM NORMAL -272
[CDD (BASE 65) ]
TOTAL THIS MO. 74
DPTR FM NORMAL 60 [PRESSURE DATA]
TOTAL FM JAN 1 101 HIGHEST SLP 30.49 ON 18
DPTR FM NORMAL 87 LOWEST SLP 29.77 ON 27
[REMARKS]
#FINAL-02-23#