000
CXUS54 KLIX 010810
CF6MCB
PRELIMINARY LOCAL CLIMATOLOGICAL DATA (WS FORM: F-6)
STATION: MCCOMB
MONTH: JUNE
YEAR: 2021
LATITUDE: 31 10 N
LONGITUDE: 90 28 W
TEMPERATURE IN F: :PCPN: SNOW: WIND :SUNSHINE: SKY :PK WND
================================================================================
1 2 3 4 5 6A 6B 7 8 9 10 11 12 13 14 15 16 17 18
12Z AVG MX 2MIN
DY MAX MIN AVG DEP HDD CDD WTR SNW DPTH SPD SPD DIR MIN PSBL S-S WX SPD DR
================================================================================
1 88 63 76 -1 0 11 0.06 M M 7.9 21 170 M M 3 1 26 170
2 87 70 79 2 0 14 0.32 M M 4.8 17 190 M M 4 13 22 190
3 84 68 76 -2 0 11 0.33 M M 3.1 17 330 M M 4 123 22 340
4 84 68 76 -2 0 11 0.78 M M 2.1 8 280 M M 6 13 13 70
5 80 71 76 -2 0 11 0.33 M M 6.3 14 150 M M 8 1 20 150
6 77 71 74 -4 0 9 2.90 M M 5.9 15 180 M M 10 123 19 190
7 89 72 81 3 0 16 0.06 M M 8.6 17 170 M M 6 13 23 180
8 90 75 83 5 0 18 0.09 M M 8.0 20 160 M M 5 138 24 180
9 91 73 82 4 0 17 0.01 M M 6.7 14 180 M M 5 1 19 220
10 90 72 81 2 0 16 0.00 M M 5.0 17 170 M M 3 1 24 160
11 91 69 80 1 0 15 0.00 M M 3.9 13 270 M M 3 12 16 270
12 91 72 82 3 0 17 0.00 M M 3.9 14 300 M M 3 1 19 320
13 95 71 83 4 0 18 0.03 M M 5.0 15 80 M M 2 13 23 40
14 92 67 80 1 0 15 0.00 M M 2.7 18 360 M M 1 1 26 340
15 95 70 83 4 0 18 0.00 M M 2.7 10 160 M M 1 17 10
16 92 69 81 2 0 16 0.00 0.0 M 5.1 13 360 M M 0 17 20
17 90 64 77 -3 0 12 0.00 M M 3.8 15 40 M M 0 21 50
18 85 67 76 -4 0 11 0.69 0.0 M 5.9 18 100 M M 4 18 28 100
19 87 72 80 0 0 15 0.79 0.0 M 7.4 18 310 M M 7 1 28 90
20 91 69 80 0 0 15 T 0.0 M 6.2 20 160 M M 5 12 24 170
21 86 72 79 -1 0 14 1.22 0.0 M 6.5 21 270 M M 6 138 26 250
22 83 71 77 -3 0 12 0.03 0.0 M 2.5 13 360 M M 7 1 17 350
23 91 72 82 2 0 17 0.02 0.0 M 2.0 12 220 M M 6 13 16 210
24 92 74 83 3 0 18 0.00 0.0 M 3.7 13 210 M M 4 12 17 210
25 89 72 81 1 0 16 0.00 M M 5.9 20 130 M M 3 13 27 150
26 89 74 82 2 0 17 0.00 M M 6.5 20 150 M M 4 1 26 160
27 83 73 78 -2 0 13 0.23 M M 4.5 13 160 M M 2 13 18 150
28 87 74 81 1 0 16 0.11 M M 5.6 24 160 M M 6 138 33 150
29 87 72 80 0 0 15 0.22 M M 4.1 24 170 M M 4 1 30 170
30 90 71 81 1 0 16 0.54 0.0 M 3.8 16 60 M M 2 13 22 70
================================================================================
SM 2646 2118 0 440 8.76 0.0 150.1 M 124
================================================================================
AV 88.2 70.6 5.0 FASTST M M 4 MAX(MPH)
MISC ----> # 24 160 33 150
================================================================================
NOTES:
# LAST OF SEVERAL OCCURRENCES
COLUMN 17 PEAK WIND IN M.P.H.
PRELIMINARY LOCAL CLIMATOLOGICAL DATA (WS FORM: F-6) , PAGE 2
STATION: MCCOMB
MONTH: JUNE
YEAR: 2021
LATITUDE: 31 10 N
LONGITUDE: 90 28 W
[TEMPERATURE DATA] [PRECIPITATION DATA] SYMBOLS USED IN COLUMN 16
AVERAGE MONTHLY: 79.4 TOTAL FOR MONTH: 8.76 1 = FOG OR MIST
DPTR FM NORMAL: 0.2 DPTR FM NORMAL: 3.58 2 = FOG REDUCING VISIBILITY
HIGHEST: 95 ON 15,13 GRTST 24HR 2.90 ON 6- 6 TO 1/4 MILE OR LESS
LOWEST: 63 ON 1 3 = THUNDER
SNOW, ICE PELLETS, HAIL 4 = ICE PELLETS
TOTAL MONTH: 0.0 INCH 5 = HAIL
GRTST 24HR 0.0 6 = FREEZING RAIN OR DRIZZLE
GRTST DEPTH: M ON M 7 = DUSTSTORM OR SANDSTORM:
VSBY 1/2 MILE OR LESS
8 = SMOKE OR HAZE
[NO. OF DAYS WITH] [WEATHER - DAYS WITH] 9 = BLOWING SNOW
X = TORNADO
MAX 32 OR BELOW: 0 0.01 INCH OR MORE: 19
MAX 90 OR ABOVE: 14 0.10 INCH OR MORE: 12
MIN 32 OR BELOW: 0 0.50 INCH OR MORE: 6
MIN 0 OR BELOW: 0 1.00 INCH OR MORE: 2
[HDD (BASE 65) ]
TOTAL THIS MO. 0 CLEAR (SCALE 0-3) 10
DPTR FM NORMAL 0 PTCLDY (SCALE 4-7) 19
TOTAL FM JUL 1 1830 CLOUDY (SCALE 8-10) 1
DPTR FM NORMAL -91
[CDD (BASE 65) ]
TOTAL THIS MO. 440
DPTR FM NORMAL 16 [PRESSURE DATA]
TOTAL FM JAN 1 863 HIGHEST SLP M ON M
DPTR FM NORMAL 26 LOWEST SLP 29.70 ON 19
[REMARKS]
#FINAL-06-21#