000
CXUS54 KLIX 010810
CF6MCB
PRELIMINARY LOCAL CLIMATOLOGICAL DATA (WS FORM: F-6)
STATION: MCCOMB
MONTH: SEPTEMBER
YEAR: 2023
LATITUDE: 31 10 N
LONGITUDE: 90 28 W
TEMPERATURE IN F: :PCPN: SNOW: WIND :SUNSHINE: SKY :PK WND
================================================================================
1 2 3 4 5 6A 6B 7 8 9 10 11 12 13 14 15 16 17 18
12Z AVG MX 2MIN
DY MAX MIN AVG DEP HDD CDD WTR SNW DPTH SPD SPD DIR MIN PSBL S-S WX SPD DR
================================================================================
1 96 68 82 2 0 17 0.00 0.0 M 3.8 12 360 M M 2 18 60
2 92 74 83 3 0 18 0.01 0.0 M 5.0 16 150 M M 2 25 150
3 95 73 84 5 0 19 0.00 0.0 M 4.5 15 160 M M 5 13 20 150
4 94 74 84 5 0 19 0.00 0.0 M 5.5 21 150 M M 3 30 160
5 96 71 84 5 0 19 0.05 0.0 M 5.5 18 150 M M 5 13 25 160
6 98 68 83 4 0 18 0.00 0.0 M 2.6 13 170 M M 2 1 18 150
7 101 72 87 8 0 22 0.14 0.0 M 5.7 21 250 M M 3 13 31 230
8 91 71 81 2 0 16 0.00 0.0 M 4.4 16 360 M M 1 25 360
9 93 68 81 3 0 16 0.00 0.0 M 6.9 17 320 M M 0 24 330
10 91 68 80 2 0 15 0.00 0.0 M 6.4 13 350 M M 1 18 350
11 94 67 81 3 0 16 0.00 0.0 M 4.4 13 160 M M 1 19 170
12 95 66 81 3 0 16 0.00 0.0 M 3.6 12 350 M M 1 1 20 10
13 92 70 81 3 0 16 0.00 0.0 M 5.6 17 360 M M 2 24 350
14 86 70 78 1 0 13 T 0.0 M 4.0 15 330 M M 6 18 330
15 92 69 81 4 0 16 0.00 0.0 M 4.4 14 340 M M 5 19 350
16 93 68 81 4 0 16 0.00 0.0 M 7.4 17 310 M M 1 24 290
17 92 66 79 2 0 14 0.00 0.0 M 7.8 20 350 M M 0 26 340
18 91 57 74 -3 0 9 0.00 0.0 M 3.8 14 10 M M 0 23 350
19 93 58 76 0 0 11 0.00 0.0 M 2.7 12 180 M M 0 8 16 340
20 90 62 76 0 0 11 0.00 0.0 M 4.6 15 150 M M 2 25 90
21 93 67 80 4 0 15 0.00 0.0 M 4.1 12 100 M M 1 24 130
22 93 71 82 6 0 17 T 0.0 M 2.5 10 160 M M 3 16 340
23 94 71 83 8 0 18 0.00 0.0 M 3.6 13 320 M M 4 18 340
24 93 68 81 6 0 16 T 0.0 M 3.6 16 140 M M 2 13 22 360
25 83 69 76 1 0 11 T 0.0 M 3.6 12 280 M M 5 1 19 50
26 92 68 80 6 0 15 M 0.0 M 2.2 13 130 M M 1 1 18 10
27 92 67 80 6 0 15 0.00 0.0 M 3.5 13 10 M M 1 20 10
28 88 67 78 4 0 13 0.00 0.0 M 4.3 13 110 M M 1 18 27 140
29 90 65 78 4 0 13 0.00 0.0 M 4.2 13 140 M M 0 1 20 120
30 93 66 80 7 0 15 0.00 0.0 M 3.6 14 120 M M 0 21 70
================================================================================
SM 2776 2039 0 465 0.20 0.0 133.8 M 60
================================================================================
AV 92.5 68.0 4.5 FASTST M M 2 MAX(MPH)
MISC ----> # 21 150 31 230
================================================================================
NOTES:
# LAST OF SEVERAL OCCURRENCES
COLUMN 17 PEAK WIND IN M.P.H.
PRELIMINARY LOCAL CLIMATOLOGICAL DATA (WS FORM: F-6) , PAGE 2
STATION: MCCOMB
MONTH: SEPTEMBER
YEAR: 2023
LATITUDE: 31 10 N
LONGITUDE: 90 28 W
[TEMPERATURE DATA] [PRECIPITATION DATA] SYMBOLS USED IN COLUMN 16
AVERAGE MONTHLY: 80.3 TOTAL FOR MONTH: 0.20 1 = FOG OR MIST
DPTR FM NORMAL: 3.3 DPTR FM NORMAL: -4.10 2 = FOG REDUCING VISIBILITY
HIGHEST: 101 ON 7 GRTST 24HR 0.15 ON 7- 8 TO 1/4 MILE OR LESS
LOWEST: 57 ON 18 3 = THUNDER
SNOW, ICE PELLETS, HAIL 4 = ICE PELLETS
TOTAL MONTH: 0.0 INCH 5 = HAIL
GRTST 24HR 0.0 6 = FREEZING RAIN OR DRIZZLE
GRTST DEPTH: M ON M 7 = DUSTSTORM OR SANDSTORM:
VSBY 1/2 MILE OR LESS
8 = SMOKE OR HAZE
[NO. OF DAYS WITH] [WEATHER - DAYS WITH] 9 = BLOWING SNOW
X = TORNADO
MAX 32 OR BELOW: 0 0.01 INCH OR MORE: 3
MAX 90 OR ABOVE: 27 0.10 INCH OR MORE: 1
MIN 32 OR BELOW: 0 0.50 INCH OR MORE: 0
MIN 0 OR BELOW: 0 1.00 INCH OR MORE: 0
[HDD (BASE 65) ]
TOTAL THIS MO. 0 CLEAR (SCALE 0-3) 23
DPTR FM NORMAL -2 PTCLDY (SCALE 4-7) 7
TOTAL FM JUL 1 0 CLOUDY (SCALE 8-10) 0
DPTR FM NORMAL 0
[CDD (BASE 65) ]
TOTAL THIS MO. 465
DPTR FM NORMAL 107 [PRESSURE DATA]
TOTAL FM JAN 1 2714 HIGHEST SLP M ON M
DPTR FM NORMAL 525 LOWEST SLP 29.81 ON 7
[REMARKS]
#FINAL-09-23#