000
CXUS56 KHNX 011546
CF6MCE
PRELIMINARY LOCAL CLIMATOLOGICAL DATA (WS FORM: F-6)
STATION: MERCED CA AIRPORT
MONTH: DECEMBER
YEAR: 2022
LATITUDE: 37 16 N
LONGITUDE: 120 36 W
TEMPERATURE IN F: :PCPN: SNOW: WIND :SUNSHINE: SKY :PK WND
================================================================================
1 2 3 4 5 6A 6B 7 8 9 10 11 12 13 14 15 16 17 18
12Z AVG MX 2MIN
DY MAX MIN AVG DEP HDD CDD WTR SNW DPTH SPD SPD DIR MIN PSBL S-S WX SPD DR
================================================================================
1 53 39 46 -2 19 0 0.69 0.0 0 11.1 25 310 M M 8 1 32 310
2 52 33 43 -5 22 0 0.00 0.0 0 2.8 9 270 M M 4 12 10 270
3 59 45 52 4 13 0 0.44 0.0 0 10.6 23 130 M M 10 1 29 120
4 61 47 54 6 11 0 0.40 0.0 0 3.5 21 130 M M 4 128 25 130
5 61 41 51 4 14 0 0.00 0.0 0 2.8 9 250 M M 3 12 230
6 57 40 49 2 16 0 0.00 0.0 0 3.7 12 280 M M 4 18 16 250
7 55 34 45 -2 20 0 0.00 0.0 0 2.2 7 90 M M 5 12 8 120
8 56 34 45 -2 20 0 0.00 0.0 0 4.4 12 140 M M 3 128 13 150
9 60 47 54 8 11 0 T 0.0 0 5.9 13 130 M M 6 18 16 140
10 62 50 56 10 9 0 1.05 0.0 0 17.5 37 150 M M 8 1 45 130
11 54 45 50 4 15 0 0.16 0.0 0 9.2 20 250 M M 6 1 29 260
12 55 36 46 0 19 0 0.04 0.0 0 7.8 16 330 M M 5 20 300
13 53 32 43 -3 22 0 0.00 0.0 0 1.6 7 30 M M 1 12 10 30
14 53 32 43 -3 22 0 0.00 0.0 0 1.2 6 260 M M 0 18 7 270
15 53 32 43 -3 22 0 0.00 0.0 0 1.6 6 170 M M 1 128 7 180
16 54 31 43 -3 22 0 0.00 0.0 0 1.5 7 340 M M 3 128 9 350
17 45 32 39 -7 26 0 0.00 0.0 0 1.9 9 140 M M 10 12 10 120
18 42 38 40 -5 25 0 0.00 0.0 0 2.4 8 140 M M 10 12 11 130
19 40 37 39 -6 26 0 0.00 0.0 0 3.8 10 130 M M 10 1 13 140
20 52 35 44 -1 21 0 0.00 0.0 0 3.1 10 120 M M 3 128 12 120
21 45 37 41 -4 24 0 0.00 0.0 0 2.7 10 140 M M 10 128 12 140
22 45 40 43 -2 22 0 0.00 0.0 0 3.8 10 100 M M 7 18 14 110
23 47 35 41 -4 24 0 0.00 0.0 0 2.6 8 250 M M 6 128 9 260
24 46 35 41 -4 24 0 0.00 0.0 0 3.2 8 170 M M 10 12 9 120
25 44 41 43 -2 22 0 0.00 0.0 0 3.3 8 130 M M 10 12 11 130
26 48 41 45 0 20 0 0.06 0.0 0 4.3 18 100 M M 9 128 24 230
27 53 45 49 4 16 0 0.98 0.0 0 9.6 23 140 M M 10 12 28 140
28 57 37 47 2 18 0 0.00 0.0 0 2.2 7 140 M M 4 12 8 150
29 53 46 50 5 15 0 0.32 0.0 0 8.9 18 100 M M 10 1 24 100
30 58 50 54 9 11 0 0.22 0.0 0 11.3 18 130 M M 10 1 23 140
31 59 48 54 9 11 0 0.86 0.0 0 16.1 29 130 M M 10 1 35 130
================================================================================
SM 1632 1215 582 0 5.22 0.0 166.6 M 200
================================================================================
AV 52.6 39.2 5.4 FASTST M M 6 MAX(MPH)
MISC ----> 37 150 45 130
================================================================================
NOTES:
# LAST OF SEVERAL OCCURRENCES
COLUMN 17 PEAK WIND IN M.P.H.
PRELIMINARY LOCAL CLIMATOLOGICAL DATA (WS FORM: F-6) , PAGE 2
STATION: MERCED CA AIRPORT
MONTH: DECEMBER
YEAR: 2022
LATITUDE: 37 16 N
LONGITUDE: 120 36 W
[TEMPERATURE DATA] [PRECIPITATION DATA] SYMBOLS USED IN COLUMN 16
AVERAGE MONTHLY: 45.9 TOTAL FOR MONTH: 5.22 1 = FOG OR MIST
DPTR FM NORMAL: -0.1 DPTR FM NORMAL: 3.31 2 = FOG REDUCING VISIBILITY
HIGHEST: 62 ON 10 GRTST 24HR 1.13 ON 10-11 TO 1/4 MILE OR LESS
LOWEST: 31 ON 16 3 = THUNDER
SNOW, ICE PELLETS, HAIL 4 = ICE PELLETS
TOTAL MONTH: 0.0 INCH 5 = HAIL
GRTST 24HR 0.0 6 = FREEZING RAIN OR DRIZZLE
GRTST DEPTH: 0 7 = DUSTSTORM OR SANDSTORM:
VSBY 1/2 MILE OR LESS
8 = SMOKE OR HAZE
[NO. OF DAYS WITH] [WEATHER - DAYS WITH] 9 = BLOWING SNOW
X = TORNADO
MAX 32 OR BELOW: 0 0.01 INCH OR MORE: 11
MAX 90 OR ABOVE: 0 0.10 INCH OR MORE: 9
MIN 32 OR BELOW: 5 0.50 INCH OR MORE: 4
MIN 0 OR BELOW: 0 1.00 INCH OR MORE: 1
[HDD (BASE 65) ]
TOTAL THIS MO. 582 CLEAR (SCALE 0-3) 6
DPTR FM NORMAL -7 PTCLDY (SCALE 4-7) 11
TOTAL FM JUL 1 1085 CLOUDY (SCALE 8-10) 14
DPTR FM NORMAL 53
[CDD (BASE 65) ]
TOTAL THIS MO. 0
DPTR FM NORMAL 0 [PRESSURE DATA]
TOTAL FM JAN 1 2178 HIGHEST SLP 30.50 ON 24
DPTR FM NORMAL 595 LOWEST SLP 29.52 ON 31
[REMARKS]
#FINAL-12-22#