000
CXUS52 KMLB 010743
CF6MCO
PRELIMINARY LOCAL CLIMATOLOGICAL DATA (WS FORM: F-6)
STATION: ORLANDO INTL
MONTH: NOVEMBER
YEAR: 2021
LATITUDE: 28 25 N
LONGITUDE: 81 19 W
TEMPERATURE IN F: :PCPN: SNOW: WIND :SUNSHINE: SKY :PK WND
================================================================================
1 2 3 4 5 6A 6B 7 8 9 10 11 12 13 14 15 16 17 18
12Z AVG MX 2MIN
DY MAX MIN AVG DEP HDD CDD WTR SNW DPTH SPD SPD DIR MIN PSBL S-S WX SPD DR
================================================================================
1 81 58 70 -1 0 5 0.00 0.0 0 5.6 14 50 M M 6 16 40
2 85 65 75 4 0 10 0.00 0.0 0 5.9 15 60 M M 4 19 30
3 85 64 75 4 0 10 0.00 0.0 0 6.6 14 50 M M 2 1 16 60
4 78 67 73 3 0 8 0.01 0.0 0 8.9 16 20 M M 7 22 30
5 72 66 69 -1 0 4 2.46 0.0 0 10.6 22 20 M M 10 1 28 30
6 69 52 61 -9 4 0 0.02 0.0 0 15.1 22 270 M M 9 1 32 350
7 71 52 62 -8 3 0 0.00 0.0 0 11.4 20 310 M M 3 26 320
8 76 55 66 -4 0 1 0.00 0.0 0 10.9 20 10 M M 0 25 360
9 81 58 70 1 0 5 0.00 0.0 0 10.4 20 30 M M 4 23 40
10 80 62 71 2 0 6 0.24 0.0 0 7.6 15 70 M M 7 1 20 70
11 85 65 75 6 0 10 0.60 0.0 0 4.6 18 220 M M 7 1 23 250
12 81 67 74 5 0 9 0.01 0.0 0 2.6 12 30 M M 8 13 13 30
13 82 61 72 3 0 7 T 0.0 0 5.7 21 290 M M 6 12 25 310
14 72 54 63 -5 2 0 0.00 0.0 0 6.8 13 280 M M 4 16 290
15 75 51 63 -5 2 0 0.00 0.0 0 7.2 17 340 M M 2 21 340
16 80 52 66 -2 0 1 0.00 0.0 0 7.2 15 60 M M 1 19 30
17 83 59 71 3 0 6 0.00 0.0 0 7.1 16 100 M M 4 20 120
18 80 66 73 5 0 8 0.04 0.0 0 4.4 13 50 M M 9 16 40
19 83 69 76 8 0 11 0.56 0.0 0 12.2 22 20 M M 9 1 28 30
20 75 68 72 5 0 7 0.12 0.0 0 12.3 22 40 M M 8 1 28 30
21 81 67 74 7 0 9 T 0.0 0 10.5 18 60 M M 8 22 60
22 75 64 70 3 0 5 0.11 0.0 0 7.8 16 310 M M 7 1 21 310
23 67 50 59 -8 6 0 0.00 0.0 0 14.5 22 10 M M 1 27 350
24 75 50 63 -4 2 0 0.00 0.0 0 10.1 20 60 M M 3 24 80
25 79 56 68 2 0 3 0.00 0.0 0 4.6 13 50 M M 4 16 50
26 78 56 67 1 0 2 0.00 0.0 0 8.0 16 300 M M 4 21 290
27 72 50 61 -5 4 0 0.00 0.0 0 6.9 14 10 M M 2 17 360
28 69 51 60 -6 5 0 T 0.0 0 4.3 10 310 M M 7 12 300
29 71 52 62 -4 3 0 0.03 0.0 0 7.1 16 310 M M 3 19 310
30 73 47 60 -6 5 0 0.00 0.0 0 4.8 12 50 M M 1 14 40
================================================================================
SM 2314 1754 36 127 4.20 0.0 241.7 M 150
================================================================================
AV 77.1 58.5 8.1 FASTST M M 5 MAX(MPH)
MISC ----> # 22 20 32 350
================================================================================
NOTES:
# LAST OF SEVERAL OCCURRENCES
COLUMN 17 PEAK WIND IN M.P.H.
PRELIMINARY LOCAL CLIMATOLOGICAL DATA (WS FORM: F-6) , PAGE 2
STATION: ORLANDO INTL
MONTH: NOVEMBER
YEAR: 2021
LATITUDE: 28 25 N
LONGITUDE: 81 19 W
[TEMPERATURE DATA] [PRECIPITATION DATA] SYMBOLS USED IN COLUMN 16
AVERAGE MONTHLY: 67.8 TOTAL FOR MONTH: 4.20 1 = FOG OR MIST
DPTR FM NORMAL: -0.4 DPTR FM NORMAL: 2.41 2 = FOG REDUCING VISIBILITY
HIGHEST: 85 ON 11, 3 GRTST 24HR 2.47 ON 5- 6 TO 1/4 MILE OR LESS
LOWEST: 47 ON 30 3 = THUNDER
SNOW, ICE PELLETS, HAIL 4 = ICE PELLETS
TOTAL MONTH: 0.0 INCH 5 = HAIL
GRTST 24HR 0.0 6 = FREEZING RAIN OR DRIZZLE
GRTST DEPTH: 0 7 = DUSTSTORM OR SANDSTORM:
VSBY 1/2 MILE OR LESS
8 = SMOKE OR HAZE
[NO. OF DAYS WITH] [WEATHER - DAYS WITH] 9 = BLOWING SNOW
X = TORNADO
MAX 32 OR BELOW: 0 0.01 INCH OR MORE: 11
MAX 90 OR ABOVE: 0 0.10 INCH OR MORE: 6
MIN 32 OR BELOW: 0 0.50 INCH OR MORE: 3
MIN 0 OR BELOW: 0 1.00 INCH OR MORE: 1
[HDD (BASE 65) ]
TOTAL THIS MO. 36 CLEAR (SCALE 0-3) 8
DPTR FM NORMAL -7 PTCLDY (SCALE 4-7) 18
TOTAL FM JUL 1 36 CLOUDY (SCALE 8-10) 4
DPTR FM NORMAL -13
[CDD (BASE 65) ]
TOTAL THIS MO. 127
DPTR FM NORMAL -13 [PRESSURE DATA]
TOTAL FM JAN 1 3809 HIGHEST SLP 30.30 ON 24
DPTR FM NORMAL 434 LOWEST SLP 29.84 ON 6
[REMARKS]
#FINAL-11-21#