000
CXUS54 KMAF 011110
CF6MDD
PRELIMINARY LOCAL CLIMATOLOGICAL DATA (WS FORM: F-6)
STATION: MIDLAND AIRPARK
MONTH: OCTOBER
YEAR: 2022
LATITUDE: 32 2 N
LONGITUDE: 102 6 W
TEMPERATURE IN F: :PCPN: SNOW: WIND :SUNSHINE: SKY :PK WND
================================================================================
1 2 3 4 5 6A 6B 7 8 9 10 11 12 13 14 15 16 17 18
12Z AVG MX 2MIN
DY MAX MIN AVG DEP HDD CDD WTR SNW DPTH SPD SPD DIR MIN PSBL S-S WX SPD DR
================================================================================
1 89 63 76 M 0 11 M M M 8.0 14 140 M M 1 21 140
2 86 62 74 M 0 9 M M M 7.0 12 100 M M 1 18 140
3 82 56 69 M 0 4 M M M 7.0 13 140 M M 0 21 160
4 84 59 72 M 0 7 M M M 8.1 15 150 M M 0 20 160
5 84 61 73 M 0 8 M M M 7.2 16 20 M M 3 22 30
6 79 60 70 M 0 5 M M M 3.9 9 140 M M 5 18 140
7 82 59 71 M 0 6 0.06 M M 8.2 17 50 M M 7 22 140
8 72 56 64 M 1 0 0.01 M M 10.5 16 70 M M 7 8 20 90
9 77 54 66 M 0 1 M M M 7.1 12 150 M M 6 18 220
10 76 59 68 M 0 3 0.05 M M 7.7 20 160 M M 6 1 25 160
11 82 56 69 M 0 4 M M M 9.2 14 180 M M 0 8 23 210
12 82 62 72 M 0 7 M M M 8.4 13 210 M M 0 M M
13 79 53 66 M 0 1 M M M 5.8 12 90 M M 0 21 100
14 85 52 69 M 0 4 M M M 8.0 15 180 M M 0 20 180
15 89 65 77 M 0 12 0.06 M M 9.7 13 170 M M 1 3 32 230
16 69 54 62 M 3 0 0.03 M M 11.0 22 40 M M 8 1 29 40
17 63 51 57 M 8 0 0.01 M M 10.5 17 50 M M 9 1 23 50
18 64 51 58 M 7 0 0.01 M M 3.1 8 220 M M 6 M M
19 71 47 59 M 6 0 M M M 7.4 13 250 M M 1 20 260
20 82 48 65 M 0 0 M M M 5.6 10 210 M M 0 M M
21 83 50 67 M 0 2 M M M 9.0 17 240 M M 0 22 230
22 87 59 73 M 0 8 M M M 12.1 18 240 M M 0 24 220
23 85 64 75 M 0 10 M M M 16.2 22 170 M M 0 29 170
24 76 44 60 M 5 0 M M M 16.2 33 290 M M 4 47 270
25 69 40 55 M 10 0 M M M 7.8 12 230 M M 0 17 240
26 76 46 61 M 4 0 M M M 8.4 13 170 M M 0 21 190
27 80 53 67 M 0 2 0.04 M M 12.3 18 200 M M 3 3 23 230
28 60 46 53 M 12 0 M M M 14.2 23 280 M M 7 33 280
29 66 42 54 M 11 0 M M M 5.8 10 360 M M 1 M M
30 73 42 58 M 7 0 M M M 2.9 8 150 M M 0 M M
31 74 46 60 M 5 0 M M M 5.3 13 150 M M 0 20 150
================================================================================
SM 2406 1660 79 104 0.27 M 263.5 M 76
================================================================================
AV 77.6 53.5 8.5 FASTST M M 2 MAX(MPH)
MISC ----> 33 290 47 270
================================================================================
NOTES:
# LAST OF SEVERAL OCCURRENCES
COLUMN 17 PEAK WIND IN M.P.H.
PRELIMINARY LOCAL CLIMATOLOGICAL DATA (WS FORM: F-6) , PAGE 2
STATION: MIDLAND AIRPARK
MONTH: OCTOBER
YEAR: 2022
LATITUDE: 32 2 N
LONGITUDE: 102 6 W
[TEMPERATURE DATA] [PRECIPITATION DATA] SYMBOLS USED IN COLUMN 16
AVERAGE MONTHLY: 65.6 TOTAL FOR MONTH: 0.27 1 = FOG OR MIST
DPTR FM NORMAL: 0.0 DPTR FM NORMAL: M 2 = FOG REDUCING VISIBILITY
HIGHEST: 89 ON 15, 1 GRTST 24HR 0.06 ON 7- 7 TO 1/4 MILE OR LESS
LOWEST: 40 ON 25 3 = THUNDER
SNOW, ICE PELLETS, HAIL 4 = ICE PELLETS
TOTAL MONTH: M 5 = HAIL
GRTST 24HR M ON M 6 = FREEZING RAIN OR DRIZZLE
GRTST DEPTH: M ON M 7 = DUSTSTORM OR SANDSTORM:
VSBY 1/2 MILE OR LESS
8 = SMOKE OR HAZE
[NO. OF DAYS WITH] [WEATHER - DAYS WITH] 9 = BLOWING SNOW
X = TORNADO
MAX 32 OR BELOW: 0 0.01 INCH OR MORE: 8
MAX 90 OR ABOVE: 0 0.10 INCH OR MORE: 0
MIN 32 OR BELOW: 0 0.50 INCH OR MORE: 0
MIN 0 OR BELOW: 0 1.00 INCH OR MORE: 0
[HDD (BASE 65) ]
TOTAL THIS MO. 79 CLEAR (SCALE 0-3) 20
DPTR FM NORMAL M PTCLDY (SCALE 4-7) 9
TOTAL FM JUL 1 79 CLOUDY (SCALE 8-10) 2
DPTR FM NORMAL M
[CDD (BASE 65) ]
TOTAL THIS MO. 104
DPTR FM NORMAL M [PRESSURE DATA]
TOTAL FM JAN 1 3111 HIGHEST SLP M ON M
DPTR FM NORMAL M LOWEST SLP M ON M
[REMARKS]
#FINAL-10-22#