000
CXUS54 KMAF 011210
CF6MDD
PRELIMINARY LOCAL CLIMATOLOGICAL DATA (WS FORM: F-6)
STATION: MIDLAND AIRPARK
MONTH: JANUARY
YEAR: 2024
LATITUDE: 32 2 N
LONGITUDE: 102 6 W
TEMPERATURE IN F: :PCPN: SNOW: WIND :SUNSHINE: SKY :PK WND
================================================================================
1 2 3 4 5 6A 6B 7 8 9 10 11 12 13 14 15 16 17 18
12Z AVG MX 2MIN
DY MAX MIN AVG DEP HDD CDD WTR SNW DPTH SPD SPD DIR MIN PSBL S-S WX SPD DR
================================================================================
1 52 29 41 M 24 0 M M M 5.7 8 80 M M 0 M M
2 43 35 39 M 26 0 M M M 3.7 9 70 M M 8 1 M M
3 48 34 41 M 24 0 M M M 3.5 10 160 M M 5 128 M M
4 45 37 41 M 24 0 M M M 14.2 21 150 M M 8 1 25 140
5 57 34 46 M 19 0 M M M 10.5 21 300 M M 1 29 300
6 54 30 42 M 23 0 M M M 6.3 23 290 M M 1 32 290
7 59 30 45 M 20 0 M M M 16.1 31 180 M M 0 41 170
8 54 37 46 M 19 0 M M M 21.3 33 280 M M 2 8 44 300
9 51 28 40 M 25 0 M M M 10.7 18 310 M M 0 25 310
10 67 39 53 M 12 0 M M M 13.1 23 260 M M 0 26 260
11 67 41 54 M 11 0 M M M 16.2 30 260 M M 1 8 40 280
12 53 31 42 M 23 0 M M M 13.0 26 310 M M 0 39 300
13 65 22 44 M 21 0 M M M 11.2 22 60 M M 0 8 30 70
14 24 11 18 M 47 0 M M M 13.3 17 70 M M 3 22 70
15 32 9 21 M 44 0 M M M 11.4 25 60 M M 0 32 60
16 29 12 21 M 44 0 M M M 5.8 20 40 M M 0 M M
17 59 21 40 M 25 0 M M M 11.5 17 210 M M 0 22 200
18 75 37 56 M 9 0 M M M 9.1 18 270 M M 0 29 270
19 49 22 36 M 29 0 M M M 13.3 24 40 M M 0 8 31 40
20 40 20 30 M 35 0 M M M 8.0 12 130 M M 0 M M
21 43 30 37 M 28 0 M M M 10.3 20 M M M 7 1 26 170
22 57 39 48 M 17 0 M M M 4.5 12 190 M M 5 1 M M
23 62 42 52 M 13 0 0.06 M M 5.1 16 70 M M 6 1 M M
24 60 44 52 M 13 0 M M M 6.3 12 60 M M 7 12 M M
25 63 37 50 M 15 0 M M M 6.1 17 220 M M 2 12 23 230
26 62 42 52 M 13 0 0.02 M M 8.7 18 300 M M 6 25 300
27 60 37 49 M 16 0 M M M 8.0 13 330 M M 1 21 340
28 64 34 49 M 16 0 M M M 3.0 9 230 M M 0 M M
29 67 35 51 M 14 0 M M M 2.4 9 160 M M 0 M M
30 67 36 52 M 13 0 M M M 1.8 8 90 M M 0 M M
31 69 40 55 M 10 0 M M M 6.7 15 140 M M 2 18 150
================================================================================
SM 1697 975 672 0 0.08 M 280.5 M 65
================================================================================
AV 54.7 31.5 9.0 FASTST M M 2 MAX(MPH)
MISC ----> 33 280 44 300
================================================================================
NOTES:
# LAST OF SEVERAL OCCURRENCES
COLUMN 17 PEAK WIND IN M.P.H.
PRELIMINARY LOCAL CLIMATOLOGICAL DATA (WS FORM: F-6) , PAGE 2
STATION: MIDLAND AIRPARK
MONTH: JANUARY
YEAR: 2024
LATITUDE: 32 2 N
LONGITUDE: 102 6 W
[TEMPERATURE DATA] [PRECIPITATION DATA] SYMBOLS USED IN COLUMN 16
AVERAGE MONTHLY: 43.1 TOTAL FOR MONTH: 0.08 1 = FOG OR MIST
DPTR FM NORMAL: 0.0 DPTR FM NORMAL: M 2 = FOG REDUCING VISIBILITY
HIGHEST: 75 ON 18 GRTST 24HR 0.12 ON 26-26 TO 1/4 MILE OR LESS
LOWEST: 9 ON 15 3 = THUNDER
SNOW, ICE PELLETS, HAIL 4 = ICE PELLETS
TOTAL MONTH: M 5 = HAIL
GRTST 24HR M ON M 6 = FREEZING RAIN OR DRIZZLE
GRTST DEPTH: M ON M 7 = DUSTSTORM OR SANDSTORM:
VSBY 1/2 MILE OR LESS
8 = SMOKE OR HAZE
[NO. OF DAYS WITH] [WEATHER - DAYS WITH] 9 = BLOWING SNOW
X = TORNADO
MAX 32 OR BELOW: 3 0.01 INCH OR MORE: 2
MAX 90 OR ABOVE: 0 0.10 INCH OR MORE: 0
MIN 32 OR BELOW: 13 0.50 INCH OR MORE: 0
MIN 0 OR BELOW: 0 1.00 INCH OR MORE: 0
[HDD (BASE 65) ]
TOTAL THIS MO. 672 CLEAR (SCALE 0-3) 23
DPTR FM NORMAL M PTCLDY (SCALE 4-7) 8
TOTAL FM JUL 1 1504 CLOUDY (SCALE 8-10) 0
DPTR FM NORMAL M
[CDD (BASE 65) ]
TOTAL THIS MO. 0
DPTR FM NORMAL M [PRESSURE DATA]
TOTAL FM JAN 1 0 HIGHEST SLP M ON M
DPTR FM NORMAL M LOWEST SLP M ON M
[REMARKS]
#FINAL-01-24#