000
CXUS53 KPAH 010800
CF6MDH
PRELIMINARY LOCAL CLIMATOLOGICAL DATA (WS FORM: F-6)
STATION: CARBONDALE IL
MONTH: FEBRUARY
YEAR: 2022
LATITUDE: 37 46 N
LONGITUDE: 89 15 W
TEMPERATURE IN F: :PCPN: SNOW: WIND :SUNSHINE: SKY :PK WND
================================================================================
1 2 3 4 5 6A 6B 7 8 9 10 11 12 13 14 15 16 17 18
12Z AVG MX 2MIN
DY MAX MIN AVG DEP HDD CDD WTR SNW DPTH SPD SPD DIR MIN PSBL S-S WX SPD DR
================================================================================
1 64 33 49 15 16 0 T M M 11.5 23 190 M M 7 30 200
2 52 23 38 4 27 0 M M M 12.7 21 360 M M 10 16 29 340
3 24 20 22 -13 43 0 M M M 15.0 22 10 M M 10 12468 33 360
4 26 9 18 -17 47 0 M M M 7.9 20 340 M M 6 1 24 330
5 32 3 18 -17 47 0 0.00 M M 3.5 10 150 M M 0 13 360
6 40 9 25 -10 40 0 0.00 M M 6.9 14 200 M M 0 1 18 200
7 38 24 31 -4 34 0 0.00 M M 4.9 12 360 M M 1 18 320
8 49 26 38 2 27 0 0.00 M M 11.3 21 200 M M 2 27 200
9 54 30 42 6 23 0 0.00 M M 5.7 17 250 M M 2 24 260
10 52 25 39 3 26 0 0.00 M M 5.5 15 260 M M 0 21 250
11 54 34 44 8 21 0 T M M 9.0 22 210 M M 6 30 210
12 34 16 25 -12 40 0 0.00 M M 9.9 21 350 M M 7 28 360
13 39 14 27 -10 38 0 0.00 M M 6.2 22 350 M M 2 31 340
14 46 17 32 -5 33 0 0.00 M M 4.3 13 180 M M 2 16 180
15 63 23 43 5 22 0 0.00 M M 10.2 29 190 M M 0 39 200
16 65 52 59 21 6 0 T M M 22.6 38 200 M M 3 54 200
17 62 23 43 5 22 0 1.75 M M 14.7 30 330 M M 10 1 40 330
18 40 18 29 -9 36 0 0.00 M M 8.6 18 340 M M 2 26 340
19 36 25 31 -8 34 0 0.00 M M 8.2 20 350 M M 0 28 10
20 59 25 42 3 23 0 0.00 M M 16.1 31 200 M M 0 42 190
21 61 40 51 12 14 0 M M M 12.9 22 170 M M 5 1 31 180
22 65 31 48 8 17 0 0.55 M M 14.1 25 210 M M 10 13 34 190
23 31 24 28 -12 37 0 0.04 M M 11.4 21 330 M M 10 1 28 320
24 32 24 28 -12 37 0 0.83 M M 6.0 14 300 M M 10 136 23 300
25 30 23 27 -13 38 0 T M M 8.7 18 330 M M 10 18 28 330
26 35 23 29 -12 36 0 0.00 M M 3.8 9 50 M M 5 1 13 60
27 48 24 36 -5 29 0 0.00 M M 2.5 10 340 M M 1 1 14 340
28 58 24 41 0 24 0 0.00 M M 6.6 17 210 M M 0 21 200
================================================================================
SM 1289 662 837 0 3.17 M 260.7 M 121
================================================================================
AV 46.0 23.6 9.3 FASTST M M 4 MAX(MPH)
MISC ----> 38 200 54 200
================================================================================
NOTES:
# LAST OF SEVERAL OCCURRENCES
COLUMN 17 PEAK WIND IN M.P.H.
PRELIMINARY LOCAL CLIMATOLOGICAL DATA (WS FORM: F-6) , PAGE 2
STATION: CARBONDALE IL
MONTH: FEBRUARY
YEAR: 2022
LATITUDE: 37 46 N
LONGITUDE: 89 15 W
[TEMPERATURE DATA] [PRECIPITATION DATA] SYMBOLS USED IN COLUMN 16
AVERAGE MONTHLY: 34.8 TOTAL FOR MONTH: 3.17 1 = FOG OR MIST
DPTR FM NORMAL: -2.7 DPTR FM NORMAL: 0.56 2 = FOG REDUCING VISIBILITY
HIGHEST: 65 ON 22,16 GRTST 24HR 1.75 ON 16-17 TO 1/4 MILE OR LESS
LOWEST: 3 ON 5 3 = THUNDER
SNOW, ICE PELLETS, HAIL 4 = ICE PELLETS
TOTAL MONTH: M 5 = HAIL
GRTST 24HR M ON M 6 = FREEZING RAIN OR DRIZZLE
GRTST DEPTH: M ON M 7 = DUSTSTORM OR SANDSTORM:
VSBY 1/2 MILE OR LESS
8 = SMOKE OR HAZE
[NO. OF DAYS WITH] [WEATHER - DAYS WITH] 9 = BLOWING SNOW
X = TORNADO
MAX 32 OR BELOW: 6 0.01 INCH OR MORE: 4
MAX 90 OR ABOVE: 0 0.10 INCH OR MORE: 3
MIN 32 OR BELOW: 24 0.50 INCH OR MORE: 3
MIN 0 OR BELOW: 0 1.00 INCH OR MORE: 1
[HDD (BASE 65) ]
TOTAL THIS MO. 837 CLEAR (SCALE 0-3) 15
DPTR FM NORMAL 67 PTCLDY (SCALE 4-7) 6
TOTAL FM JUL 1 3258 CLOUDY (SCALE 8-10) 7
DPTR FM NORMAL -269
[CDD (BASE 65) ]
TOTAL THIS MO. 0
DPTR FM NORMAL 0 [PRESSURE DATA]
TOTAL FM JAN 1 0 HIGHEST SLP M ON M
DPTR FM NORMAL 0 LOWEST SLP 29.64 ON 17
[REMARKS]
#FINAL-02-22#