000
CXUS53 KPAH 011125 AAA
CF6MDH
PRELIMINARY LOCAL CLIMATOLOGICAL DATA (WS FORM: F-6)
STATION: CARBONDALE IL
MONTH: SEPTEMBER
YEAR: 2021
LATITUDE: 37 46 N
LONGITUDE: 89 15 W
TEMPERATURE IN F: :PCPN: SNOW: WIND :SUNSHINE: SKY :PK WND
================================================================================
1 2 3 4 5 6A 6B 7 8 9 10 11 12 13 14 15 16 17 18
12Z AVG MX 2MIN
DY MAX MIN AVG DEP HDD CDD WTR SNW DPTH SPD SPD DIR MIN PSBL S-S WX SPD DR
================================================================================
1 85 60 73 0 0 8 0.02 M M 6.0 14 20 M M 5 1 23 10
2 83 53 68 -5 0 3 0.00 M M 3.6 12 70 M M 0 12 20 60
3 82 55 69 -3 0 4 0.00 M M 2.8 9 100 M M 1 1 13 110
4 76 64 70 -2 0 5 3.00 M M 4.4 14 360 M M 8 13 21 10
5 82 59 71 -1 0 6 0.01 M M 5.8 14 360 M M 4 1 20 350
6 86 56 71 0 0 6 0.00 M M 1.9 8 250 M M 0 1 12 230
7 86 59 73 2 0 8 0.00 M M 7.1 16 190 M M 1 1 22 200
8 84 56 70 -1 0 5 0.00 M M 6.4 17 340 M M 3 28 350
9 82 53 68 -2 0 3 0.00 M M 2.4 13 330 M M 1 12 21 10
10 83 52 68 -2 0 3 0.00 M M 4.2 14 200 M M 1 12 19 210
11 85 66 76 6 0 11 0.00 M M 10.8 21 200 M M 3 29 210
12 86 63 75 5 0 10 0.00 M M 8.7 18 230 M M 0 25 220
13 90 62 76 7 0 11 0.00 M M 6.9 15 200 M M 0 1 22 200
14 89 70 80 11 0 15 0.00 M M 7.4 15 250 M M 1 22 210
15 82 58 70 2 0 5 0.11 M M 3.8 10 30 M M 3 12 15 20
16 86 56 71 3 0 6 0.00 M M 1.7 8 130 M M 2 12 12 140
17 85 63 74 6 0 9 T M M 2.7 12 120 M M 3 12 17 110
18 88 67 78 10 0 13 0.00 M M 2.8 12 110 M M 4 1 14 140
19 83 65 74 7 0 9 0.40 M M 3.4 16 130 M M 7 123 22 150
20 86 71 79 12 0 14 0.00 M M 7.5 14 160 M M 6 1 20 180
21 75 59 67 1 0 2 2.89 M M 8.1 18 340 M M 10 13 24 330
22 73 48 61 -5 4 0 0.00 M M 8.4 22 320 M M 2 34 310
23 73 45 59 -7 6 0 0.00 M M 3.4 15 340 M M 0 1 22 280
24 79 46 63 -2 2 0 0.00 M M 5.4 15 220 M M 0 1 23 230
25 75 49 62 -3 3 0 0.05 M M 3.5 10 290 M M 2 1 15 350
26 82 47 65 0 0 0 0.00 M M 6.0 15 190 M M 0 1 22 220
27 88 57 73 9 0 8 0.00 M M 8.6 18 210 M M 0 25 180
28 88 58 73 9 0 8 0.00 M M 3.7 9 240 M M 0 1 14 240
29 88 58 73 9 0 8 0.00 M M 2.1 10 100 M M 1 1 20 150
30 86 62 74 11 0 9 0.00 M M 2.2 12 170 M M 2 12 19 150
================================================================================
SM 2496 1737 15 189 6.48 M 151.7 M 70
================================================================================
AV 83.2 57.9 5.1 FASTST M M 2 MAX(MPH)
MISC ----> 22 320 34 310
================================================================================
NOTES:
# LAST OF SEVERAL OCCURRENCES
COLUMN 17 PEAK WIND IN M.P.H.
PRELIMINARY LOCAL CLIMATOLOGICAL DATA (WS FORM: F-6) , PAGE 2
STATION: CARBONDALE IL
MONTH: SEPTEMBER
YEAR: 2021
LATITUDE: 37 46 N
LONGITUDE: 89 15 W
[TEMPERATURE DATA] [PRECIPITATION DATA] SYMBOLS USED IN COLUMN 16
AVERAGE MONTHLY: 70.6 TOTAL FOR MONTH: 6.48 1 = FOG OR MIST
DPTR FM NORMAL: 2.3 DPTR FM NORMAL: 3.63 2 = FOG REDUCING VISIBILITY
HIGHEST: 90 ON 13 GRTST 24HR 3.01 ON 4- 5 TO 1/4 MILE OR LESS
LOWEST: 45 ON 23 3 = THUNDER
SNOW, ICE PELLETS, HAIL 4 = ICE PELLETS
TOTAL MONTH: M 5 = HAIL
GRTST 24HR M ON M 6 = FREEZING RAIN OR DRIZZLE
GRTST DEPTH: M ON M 7 = DUSTSTORM OR SANDSTORM:
VSBY 1/2 MILE OR LESS
8 = SMOKE OR HAZE
[NO. OF DAYS WITH] [WEATHER - DAYS WITH] 9 = BLOWING SNOW
X = TORNADO
MAX 32 OR BELOW: 0 0.01 INCH OR MORE: 7
MAX 90 OR ABOVE: 1 0.10 INCH OR MORE: 4
MIN 32 OR BELOW: 0 0.50 INCH OR MORE: 2
MIN 0 OR BELOW: 0 1.00 INCH OR MORE: 2
[HDD (BASE 65) ]
TOTAL THIS MO. 15 CLEAR (SCALE 0-3) 23
DPTR FM NORMAL -34 PTCLDY (SCALE 4-7) 6
TOTAL FM JUL 1 15 CLOUDY (SCALE 8-10) 1
DPTR FM NORMAL -33
[CDD (BASE 65) ]
TOTAL THIS MO. 189
DPTR FM NORMAL 43 [PRESSURE DATA]
TOTAL FM JAN 1 1399 HIGHEST SLP M ON M
DPTR FM NORMAL 62 LOWEST SLP 29.71 ON 1
[REMARKS]
#FINAL-09-21#
10TH WETTEST SEPTEMBER ON RECORD