000
CXUS53 KARX 120117
CF6MDZ
PRELIMINARY LOCAL CLIMATOLOGICAL DATA (WS FORM: F-6)
STATION: MEDFORD WI
MONTH: OCTOBER
YEAR: 2020
LATITUDE: 45 5 N
LONGITUDE: 90 18 W
TEMPERATURE IN F: :PCPN: SNOW: WIND :SUNSHINE: SKY :PK WND
================================================================================
1 2 3 4 5 6A 6B 7 8 9 10 11 12 13 14 15 16 17 18
12Z AVG MX 2MIN
DY MAX MIN AVG DEP HDD CDD WTR SNW DPTH SPD SPD DIR MIN PSBL S-S WX SPD DR
================================================================================
1 49 32 41 M 24 0 T 0.0 0 7.9 15 350 M M 8 23 350
2 42 35 39 M 26 0 0.00 0.0 0 1.8 6 330 M M 10 M M
3 46 29 38 M 27 0 0.00 0.0 0 3.5 9 320 M M 7 1 M M
4 48 24 36 M 29 0 0.00 0.0 0 3.6 7 360 M M 3 M M
5 62 30 46 M 19 0 0.00 0.0 0 11.0 21 200 M M 0 30 200
6 67 37 52 M 13 0 0.07 0.0 0 7.0 14 230 M M 4 23 270
7 62 40 51 M 14 0 0.00 0.0 0 7.3 16 280 M M 2 8 22 310
8 60 33 47 M 18 0 0.00 0.0 0 3.1 8 150 M M 0 M M
9 74 47 61 M 4 0 0.00 0.0 0 9.4 18 200 M M 1 24 200
10 61 41 51 M 14 0 0.00 0.0 0 6.1 9 10 M M 0 M M
11 55 38 47 M 18 0 0.00 0.0 0 9.8 14 130 M M 9 24 130
12 58 46 52 M 13 0 0.36 0.0 0 13.4 18 280 M M 10 3 28 150
13 56 38 47 M 18 0 0.00 0.0 M 11.4 21 280 M M 3 33 280
14 55 38 47 M 18 0 0.11 0.0 0 9.3 18 260 M M 7 27 260
15 42 30 36 M 29 0 T 0.0 0 12.2 21 300 M M 7 29 310
16 40 25 33 M 32 0 T T 0 6.4 13 240 M M 6 21 250
17 48 24 36 M 29 0 0.17 M M 5.9 13 170 M M 9 20 160
18 38 23 31 M 34 0 0.00 0.0 0 7.4 12 310 M M 4 17 280
19 33 18 26 M 39 0 M M 0 1.8 8 220 M M 6 1 M M
20 32 16 24 M 41 0 M M 0 3.5 9 120 M M 6 1 M M
21 34 29 32 M 33 0 0.00 0.0 M 5.2 13 270 M M 8 1 21 260
22 33 26 30 M 35 0 M M M 10.0 15 40 M M 9 13 23 40
23 34 30 32 M 33 0 M M M 10.3 17 340 M M 10 20 10
24 31 21 26 M 39 0 0.00 0.0 M 5.4 10 290 M M 5 M M
25 30 24 27 M 38 0 M M M 4.7 8 320 M M 9 M M
26 29 13 21 M 44 0 M M M 5.7 9 320 M M 5 17 340
27 30 11 21 M 44 0 0.00 0.0 M 6.5 13 210 M M 2 21 210
28 41 26 34 M 31 0 0.00 0.0 0 7.9 13 350 M M 7 17 220
29 33 26 30 M 35 0 T M 0 6.5 10 10 M M 10 M M
30 38 18 28 M 37 0 0.00 0.0 0 3.3 7 150 M M 2 M M
31 52 25 39 M 26 0 0.00 0.0 0 14.1 25 280 M M 5 43 280
================================================================================
SM 1413 893 854 0 0.71 T 221.4 M 174
================================================================================
AV 45.6 28.8 7.1 FASTST M M 6 MAX(MPH)
MISC ----> # 25 280 # 43 280
================================================================================
NOTES:
# LAST OF SEVERAL OCCURRENCES
COLUMN 17 PEAK WIND IN M.P.H.
PRELIMINARY LOCAL CLIMATOLOGICAL DATA (WS FORM: F-6) , PAGE 2
STATION: MEDFORD WI
MONTH: OCTOBER
YEAR: 2020
LATITUDE: 45 5 N
LONGITUDE: 90 18 W
[TEMPERATURE DATA] [PRECIPITATION DATA] SYMBOLS USED IN COLUMN 16
AVERAGE MONTHLY: 37.2 TOTAL FOR MONTH: 0.71 1 = FOG OR MIST
DPTR FM NORMAL: M DPTR FM NORMAL: M 2 = FOG REDUCING VISIBILITY
HIGHEST: 74 ON 9 GRTST 24HR 0.36 ON 12-12 TO 1/4 MILE OR LESS
LOWEST: 11 ON 27 3 = THUNDER
SNOW, ICE PELLETS, HAIL 4 = ICE PELLETS
TOTAL MONTH: T 5 = HAIL
GRTST 24HR T ON 16-16 6 = FREEZING RAIN OR DRIZZLE
GRTST DEPTH: 0 7 = DUSTSTORM OR SANDSTORM:
VSBY 1/2 MILE OR LESS
8 = SMOKE OR HAZE
[NO. OF DAYS WITH] [WEATHER - DAYS WITH] 9 = BLOWING SNOW
X = TORNADO
MAX 32 OR BELOW: 5 0.01 INCH OR MORE: 4
MAX 90 OR ABOVE: 0 0.10 INCH OR MORE: 3
MIN 32 OR BELOW: 21 0.50 INCH OR MORE: 0
MIN 0 OR BELOW: 0 1.00 INCH OR MORE: 0
[HDD (BASE 65) ]
TOTAL THIS MO. 854 CLEAR (SCALE 0-3) 9
DPTR FM NORMAL M PTCLDY (SCALE 4-7) 12
TOTAL FM JUL 1 1311 CLOUDY (SCALE 8-10) 10
DPTR FM NORMAL M
[CDD (BASE 65) ]
TOTAL THIS MO. 0
DPTR FM NORMAL M [PRESSURE DATA]
TOTAL FM JAN 1 253 HIGHEST SLP M ON M
DPTR FM NORMAL M LOWEST SLP M ON M
[REMARKS]
#FINAL-10-20#