000
CXUS56 KPDT 011810
CF6MEH
PRELIMINARY LOCAL CLIMATOLOGICAL DATA (WS FORM: F-6)
STATION: MEACHAM OR
MONTH: JUNE
YEAR: 2023
LATITUDE: 45 30 N
LONGITUDE: 118 24 W
TEMPERATURE IN F: :PCPN: SNOW: WIND :SUNSHINE: SKY :PK WND
================================================================================
1 2 3 4 5 6A 6B 7 8 9 10 11 12 13 14 15 16 17 18
12Z AVG MX 2MIN
DY MAX MIN AVG DEP HDD CDD WTR SNW DPTH SPD SPD DIR MIN PSBL S-S WX SPD DR
================================================================================
1 64 28 46 -5 19 0 0.00 M M 1.9 8 30 M M 0 14 30
2 70 31 51 0 14 0 0.00 M M 1.5 7 280 M M 0 14 300
3 75 31 53 2 12 0 0.00 M M 1.4 7 30 M M 0 14 330
4 76 36 56 5 9 0 0.00 M M 1.3 10 30 M M 0 17 20
5 78 41 60 8 5 0 0.00 M M 0.9 9 40 M M 0 17 40
6 77 39 58 6 7 0 0.00 M M 1.3 10 20 M M 0 19 20
7 81 47 64 12 1 0 T M M 0.9 9 10 M M 3 17 10
8 67 49 58 6 7 0 0.12 M M 0.3 5 40 M M 8 1 8 70
9 62 53 58 6 7 0 0.30 M M 0.3 7 270 M M 10 1 11 270
10 71 46 59 7 6 0 0.00 M M 1.0 8 50 M M 5 1 14 60
11 70 40 55 2 10 0 0.00 M M 1.5 9 30 M M 2 17 50
12 77 45 61 8 4 0 0.00 M M 1.6 9 30 M M 5 20 40
13 79 48 64 11 1 0 0.00 M M 2.5 12 290 M M 2 38 300
14 60 39 50 -3 15 0 0.00 M M 2.2 9 290 M M 0 19 300
15 66 32 49 -4 16 0 0.00 M M 1.6 8 20 M M 0 16 350
16 75 33 54 0 11 0 T M M 1.0 8 270 M M 2 16 280
17 69 48 59 5 6 0 T M M 1.3 8 280 M M 9 17 300
18 54 37 46 -8 19 0 0.05 M M 1.3 8 300 M M 9 1 26 270
19 52 30 41 -13 24 0 0.15 M M 1.2 8 290 M M 8 1 16 300
20 57 34 46 -9 19 0 T M M 1.4 7 280 M M 8 14 310
21 64 30 47 -8 18 0 0.00 M M 0.8 6 320 M M 3 12 230
22 71 31 51 -4 14 0 0.00 M M 1.3 9 30 M M 1 17 40
23 73 34 54 -1 11 0 0.00 M M 1.5 10 30 M M 0 18 250
24 72 37 55 -1 10 0 0.01 M M 0.8 9 80 M M 3 17 90
25 75 42 59 3 6 0 T M M 1.5 9 80 M M 2 18 60
26 72 41 57 1 8 0 T M M 1.2 9 30 M M 2 17 270
27 71 52 62 6 3 0 0.15 M M 0.0 0 0 M M 8 1 M M
28 76 51 64 7 1 0 T M M 0.6 8 100 M M 6 12 100
29 84 45 65 8 0 0 0.00 M M 1.1 7 30 M M 1 13 10
30 86 44 65 8 0 0 0.00 M M 0.5 7 30 M M 0 14 290
================================================================================
SM 2124 1194 283 0 0.78 M 35.7 M 97
================================================================================
AV 70.8 39.8 1.2 FASTST M M 3 MAX(MPH)
MISC ----> 12 290 38 300
================================================================================
NOTES:
# LAST OF SEVERAL OCCURRENCES
COLUMN 17 PEAK WIND IN M.P.H.
PRELIMINARY LOCAL CLIMATOLOGICAL DATA (WS FORM: F-6) , PAGE 2
STATION: MEACHAM OR
MONTH: JUNE
YEAR: 2023
LATITUDE: 45 30 N
LONGITUDE: 118 24 W
[TEMPERATURE DATA] [PRECIPITATION DATA] SYMBOLS USED IN COLUMN 16
AVERAGE MONTHLY: 55.3 TOTAL FOR MONTH: 0.78 1 = FOG OR MIST
DPTR FM NORMAL: 1.6 DPTR FM NORMAL: -1.41 2 = FOG REDUCING VISIBILITY
HIGHEST: 86 ON 30 GRTST 24HR 0.31 ON 8- 9 TO 1/4 MILE OR LESS
LOWEST: 28 ON 1 3 = THUNDER
SNOW, ICE PELLETS, HAIL 4 = ICE PELLETS
TOTAL MONTH: M 5 = HAIL
GRTST 24HR M ON M 6 = FREEZING RAIN OR DRIZZLE
GRTST DEPTH: M ON M 7 = DUSTSTORM OR SANDSTORM:
VSBY 1/2 MILE OR LESS
8 = SMOKE OR HAZE
[NO. OF DAYS WITH] [WEATHER - DAYS WITH] 9 = BLOWING SNOW
X = TORNADO
MAX 32 OR BELOW: 0 0.01 INCH OR MORE: 6
MAX 90 OR ABOVE: 0 0.10 INCH OR MORE: 4
MIN 32 OR BELOW: 7 0.50 INCH OR MORE: 0
MIN 0 OR BELOW: 0 1.00 INCH OR MORE: 0
[HDD (BASE 65) ]
TOTAL THIS MO. 283 CLEAR (SCALE 0-3) 19
DPTR FM NORMAL -60 PTCLDY (SCALE 4-7) 7
TOTAL FM JUL 1 8070 CLOUDY (SCALE 8-10) 4
DPTR FM NORMAL -40
[CDD (BASE 65) ]
TOTAL THIS MO. 0
DPTR FM NORMAL -4 [PRESSURE DATA]
TOTAL FM JAN 1 1 HIGHEST SLP 30.24 ON 21
DPTR FM NORMAL -3 LOWEST SLP 29.77 ON 18
[REMARKS]
#FINAL-06-23#