000
CXUS54 KLZK 011130
CF6MEZ
PRELIMINARY LOCAL CLIMATOLOGICAL DATA (WS FORM: F-6)
STATION: MENA AIRPORT
MONTH: MAY
YEAR: 2022
LATITUDE: 34 9 N
LONGITUDE: 94 15 W
TEMPERATURE IN F: :PCPN: SNOW: WIND :SUNSHINE: SKY :PK WND
================================================================================
1 2 3 4 5 6A 6B 7 8 9 10 11 12 13 14 15 16 17 18
12Z AVG MX 2MIN
DY MAX MIN AVG DEP HDD CDD WTR SNW DPTH SPD SPD DIR MIN PSBL S-S WX SPD DR
================================================================================
1 82 45 64 1 1 0 0.00 M M 0.4 4 270 M M 0 M M
2 81 54 68 5 0 3 1.61 M M 3.6 9 140 M M 8 3 36 260
3 63 55 59 -4 6 0 0.43 M M 3.0 8 240 M M 9 3 18 120
4 77 57 67 3 0 2 0.04 M M 4.5 7 80 M M 9 M M
5 72 61 67 3 0 2 1.48 M M 3.6 15 280 M M 9 3 23 280
6 75 54 65 1 0 0 0.00 M M 8.2 15 270 M M 2 24 290
7 82 48 65 1 0 0 0.00 M M 3.1 9 80 M M 0 M M
8 84 61 73 8 0 8 0.00 M M 4.2 8 140 M M 7 16 180
9 86 73 80 15 0 15 0.00 M M 4.7 8 210 M M 8 20 210
10 88 73 81 16 0 16 0.00 M M 3.2 7 200 M M 3 16 200
11 90 68 79 13 0 14 0.00 M M 2.7 9 240 M M 1 16 220
12 91 68 80 14 0 15 0.00 M M 1.7 7 270 M M 0 M M
13 90 68 79 13 0 14 0.00 M M 1.3 9 260 M M 0 M M
14 90 64 77 11 0 12 0.02 M M 0.9 5 260 M M 4 3 M M
15 90 66 78 11 0 13 0.03 M M 3.9 14 350 M M 3 23 350
16 84 63 74 7 0 9 0.00 M M 2.1 8 50 M M 2 M M
17 84 59 72 5 0 7 0.00 M M 2.1 7 270 M M 1 16 0
18 88 68 78 11 0 13 0.00 M M 3.1 8 240 M M 0 M M
19 88 64 76 8 0 11 0.00 M M 5.4 10 200 M M 2 20 230
20 90 72 81 13 0 16 0.00 M M 6.0 12 230 M M 5 22 230
21 88 59 74 6 0 9 0.50 M M 4.6 8 10 M M 6 3 21 10
22 61 57 59 -9 6 0 0.29 M M 6.3 10 50 M M 10 M M
23 73 54 64 -5 1 0 0.00 M M 4.7 13 90 M M 9 17 90
24 72 63 68 -1 0 3 1.51 M M 4.1 9 80 M M 10 3 16 300
25 73 59 66 -3 0 1 0.25 M M 5.4 14 250 M M 9 22 250
26 68 52 60 -9 5 0 0.00 M M 9.3 20 260 M M 8 27 260
27 81 52 67 -3 0 2 0.00 M M 4.2 10 330 M M 0 20 340
28 86 52 69 -1 0 4 0.00 M M 1.8 7 140 M M 0 M M
29 88 73 81 11 0 16 0.00 M M 3.5 7 120 M M 0 M M
30 88 72 80 10 0 15 0.00 M M 5.7 9 220 M M 3 22 210
31 90 72 81 10 0 16 0.00 M M 3.2 7 220 M M 4 18 240
================================================================================
SM 2543 1906 19 236 6.16 M 120.2 M 132
================================================================================
AV 82.0 61.5 3.9 FASTST M M 4 MAX(MPH)
MISC ----> 20 260 36 260
================================================================================
NOTES:
# LAST OF SEVERAL OCCURRENCES
COLUMN 17 PEAK WIND IN M.P.H.
PRELIMINARY LOCAL CLIMATOLOGICAL DATA (WS FORM: F-6) , PAGE 2
STATION: MENA AIRPORT
MONTH: MAY
YEAR: 2022
LATITUDE: 34 9 N
LONGITUDE: 94 15 W
[TEMPERATURE DATA] [PRECIPITATION DATA] SYMBOLS USED IN COLUMN 16
AVERAGE MONTHLY: 71.8 TOTAL FOR MONTH: 6.16 1 = FOG OR MIST
DPTR FM NORMAL: 5.0 DPTR FM NORMAL: -0.68 2 = FOG REDUCING VISIBILITY
HIGHEST: 91 ON 12 GRTST 24HR 1.61 ON 2- 2 TO 1/4 MILE OR LESS
LOWEST: 45 ON 1 3 = THUNDER
SNOW, ICE PELLETS, HAIL 4 = ICE PELLETS
TOTAL MONTH: M 5 = HAIL
GRTST 24HR M ON M 6 = FREEZING RAIN OR DRIZZLE
GRTST DEPTH: M ON M 7 = DUSTSTORM OR SANDSTORM:
VSBY 1/2 MILE OR LESS
8 = SMOKE OR HAZE
[NO. OF DAYS WITH] [WEATHER - DAYS WITH] 9 = BLOWING SNOW
X = TORNADO
MAX 32 OR BELOW: 0 0.01 INCH OR MORE: 10
MAX 90 OR ABOVE: 7 0.10 INCH OR MORE: 7
MIN 32 OR BELOW: 0 0.50 INCH OR MORE: 4
MIN 0 OR BELOW: 0 1.00 INCH OR MORE: 3
[HDD (BASE 65) ]
TOTAL THIS MO. 19 CLEAR (SCALE 0-3) 16
DPTR FM NORMAL -40 PTCLDY (SCALE 4-7) 8
TOTAL FM JUL 1 2089 CLOUDY (SCALE 8-10) 7
DPTR FM NORMAL -1543
[CDD (BASE 65) ]
TOTAL THIS MO. 236
DPTR FM NORMAL 122 [PRESSURE DATA]
TOTAL FM JAN 1 306 HIGHEST SLP M ON M
DPTR FM NORMAL 160 LOWEST SLP M ON M
[REMARKS]
#FINAL-05-22#