000
CXUS51 KCLE 051812
CLSMFD
CLIMATE REPORT
NATIONAL WEATHER SERVICE CLEVELAND, OH
112 PM EST MON DEC 05 2022
...................................
...THE MANSFIELD OH CLIMATE SUMMARY FOR THE SEASON, FROM
9/1/2022 TO 11/30/2022...
CLIMATE NORMAL PERIOD 1991 TO 2020
CLIMATE RECORD PERIOD 1916 TO 2022
WEATHER OBSERVED NORMAL DEPART
VALUE DATE(S) VALUE FROM
NORMAL
................................................
TEMPERATURE (F)
RECORD
HIGH 95 09/10/2013
LOW 2 11/30/1976
HIGHEST 86 09/21
LOWEST 15 11/20
AVG. MAXIMUM 62.5 62.5 0.0
AVG. MINIMUM 44.1 43.4 0.7
MEAN 53.3 52.9 0.4
DAYS MAX >= 90 0 1.0
DAYS MAX <= 32 4 2.2
DAYS MIN <= 32 15 18.4
DAYS MIN <= 0 0 0.0
PRECIPITATION (INCHES)
RECORD
MAXIMUM 16.97 1926
MINIMUM 2.39 1953
TOTALS 9.26 9.67 -0.41
DAYS >= .01 32 32.6
DAYS >= .10 14 19.1
DAYS >= .50 6 6.0
DAYS >= 1.00 3 2.0
SNOWFALL (INCHES)
RECORDS
TOTAL 12.5 1993
TOTALS 0.6 2.8
DAYS >= TRACE 11
DAYS >= 1.0 0 0.8
DEGREE DAYS
HEATING TOTAL 1131 1192 -61
COOLING TOTAL 86 93 -7
................................................
WIND (MPH)
HIGHEST GUST SPEED/DIRECTION 56/180 DATE 11/05
SKY COVER
POSSIBLE SUNSHINE (PERCENT) MM
NUMBER OF DAYS FAIR 48
NUMBER OF DAYS PC 17
NUMBER OF DAYS CLOUDY 26
WEATHER CONDITIONS. NUMBER OF DAYS WITH
THUNDERSTORM 7 MIXED PRECIP 0
HEAVY RAIN 8 RAIN 10
LIGHT RAIN 26 FREEZING RAIN 0
LT FREEZING RAIN 0 HAIL 0
HEAVY SNOW 1 SNOW 1
LIGHT SNOW 10 SLEET 0
FOG 42 FOG W/VIS <= 1/4 MILE 4
HAZE 9
- INDICATES NEGATIVE NUMBERS.
R INDICATES RECORD WAS SET OR TIED.
MM INDICATES DATA IS MISSING.
T INDICATES TRACE AMOUNT.
$$